000
CDUS43 KICT 230703
CLISLN

CLIMATE REPORT
NATIONAL WEATHER SERVICE WICHITA KS
101 AM CST FRI FEB 23 2018

...................................

...THE SALINA KS CLIMATE SUMMARY FOR FEBRUARY 22 2018...

CLIMATE NORMAL PERIOD 1981 TO 2010
CLIMATE RECORD PERIOD 1894 TO 2018


WEATHER ITEM   OBSERVED TIME   RECORD YEAR NORMAL DEPARTURE LAST
                VALUE   (LST)  VALUE       VALUE  FROM      YEAR
                                                  NORMAL
..................................................................
TEMPERATURE (F)
 YESTERDAY
  MAXIMUM         33   1159 PM  81    2017  49    -16       81
  MINIMUM         26    210 AM   3    1911  27     -1       49
  AVERAGE         30                        38     -8       65

PRECIPITATION (IN)
  YESTERDAY        0.04          0.97 2000   0.04   0.00     0.00
  MONTH TO DATE    0.08                      0.88  -0.80     0.04
  SINCE DEC 1      0.47                      2.45  -1.98     2.91
  SINCE JAN 1      0.42                      1.51  -1.09     2.06

DEGREE DAYS
 HEATING
  YESTERDAY       35                        27      8        0
  MONTH TO DATE  712                       668     44      431
  SINCE DEC 1   2673                      2732    -59     1994
  SINCE JUL 1   3429                      3684   -255     2537

 COOLING
  YESTERDAY        0                         0      0        0
  MONTH TO DATE    0                         0      0        0
  SINCE DEC 1      0                         0      0        0
  SINCE JAN 1      0                         0      0        0
..................................................................


WIND (MPH)
  HIGHEST WIND SPEED    12   HIGHEST WIND DIRECTION    SE (130)
  HIGHEST GUST SPEED    14   HIGHEST GUST DIRECTION    SE (130)
  AVERAGE WIND SPEED     5.0


SKY COVER
  POSSIBLE SUNSHINE  MM
  AVERAGE SKY COVER 1.0


WEATHER CONDITIONS
 THE FOLLOWING WEATHER WAS RECORDED YESTERDAY.
  LT FREEZING RAIN
  LIGHT SNOW
  FOG


RELATIVE HUMIDITY (PERCENT)
 HIGHEST   100           400 AM
 LOWEST     92          1200 AM
 AVERAGE    96

..........................................................


THE SALINA KS CLIMATE NORMALS FOR TODAY
                         NORMAL    RECORD    YEAR
 MAXIMUM TEMPERATURE (F)   49        84      1918
 MINIMUM TEMPERATURE (F)   27        -2      2013


SUNRISE AND SUNSET
FEBRUARY 23 2018......SUNRISE   711 AM CST   SUNSET   617 PM CST
FEBRUARY 24 2018......SUNRISE   710 AM CST   SUNSET   618 PM CST


-  INDICATES NEGATIVE NUMBERS.
R  INDICATES RECORD WAS SET OR TIED.
MM INDICATES DATA IS MISSING.
T  INDICATES TRACE AMOUNT.

$$
