000
CDUS43 KICT 300628
CLISLN


CLIMATE REPORT
NATIONAL WEATHER SERVICE WICHITA KS
1228 AM CST FRI JAN 30 2015


...................................

...THE SALINA KS CLIMATE SUMMARY FOR JANUARY 29 2015...

CLIMATE NORMAL PERIOD 1981 TO 2010
CLIMATE RECORD PERIOD 1894 TO 2015


WEATHER ITEM   OBSERVED TIME   RECORD YEAR NORMAL DEPARTURE LAST
                VALUE   (LST)  VALUE       VALUE  FROM      YEAR
                                                  NORMAL
..................................................................
TEMPERATURE (F)
 YESTERDAY
  MAXIMUM         50    353 PM  71    1931  43      7       49
  MINIMUM         24   1038 PM  -6    1966  21      3        8
  AVERAGE         37                        32      5       29

PRECIPITATION (IN)
  YESTERDAY        0.00          0.43 1956   0.02  -0.02     0.00
  MONTH TO DATE    0.35                      0.57  -0.22     0.49
  SINCE DEC 1      2.25                      1.51   0.74     1.71
  SINCE JAN 1      0.35                      0.57  -0.22     0.49

DEGREE DAYS
 HEATING
  YESTERDAY       28                        33     -5       36
  MONTH TO DATE  943                       983    -40     1029
  SINCE DEC 1   1836                      1995   -159     2181
  SINCE JUL 1   2833                      2947   -114     3169

 COOLING
  YESTERDAY        0                         0      0        0
  MONTH TO DATE    0                         0      0        0
  SINCE DEC 1      0                         0      0        0
  SINCE JAN 1      0                         0      0        0
..................................................................


WIND (MPH)
  HIGHEST WIND SPEED    36   HIGHEST WIND DIRECTION     N (340)
  HIGHEST GUST SPEED    42   HIGHEST GUST DIRECTION     N (340)
  AVERAGE WIND SPEED    14.8


SKY COVER
  POSSIBLE SUNSHINE  MM
  AVERAGE SKY COVER 0.4


WEATHER CONDITIONS
 THE FOLLOWING WEATHER WAS RECORDED YESTERDAY.
  NO SIGNIFICANT WEATHER WAS OBSERVED.


RELATIVE HUMIDITY (PERCENT)
 HIGHEST    75          1100 PM
 LOWEST     36           300 PM
 AVERAGE    56

..........................................................


THE SALINA KS CLIMATE NORMALS FOR TODAY
                         NORMAL    RECORD    YEAR
 MAXIMUM TEMPERATURE (F)   43        70      1931
 MINIMUM TEMPERATURE (F)   21        -7      1918


SUNRISE AND SUNSET
JANUARY 30 2015.......SUNRISE   738 AM CST   SUNSET   550 PM CST
JANUARY 31 2015.......SUNRISE   738 AM CST   SUNSET   551 PM CST


-  INDICATES NEGATIVE NUMBERS.
R  INDICATES RECORD WAS SET OR TIED.
MM INDICATES DATA IS MISSING.
T  INDICATES TRACE AMOUNT.




$$
