000
CDUS43 KICT 060621
CLISLN


CLIMATE REPORT
NATIONAL WEATHER SERVICE WICHITA KS
121 AM CDT MON JUL 6 2015


...................................

...THE SALINA KS CLIMATE SUMMARY FOR JULY 5 2015...

CLIMATE NORMAL PERIOD 1981 TO 2010
CLIMATE RECORD PERIOD 1894 TO 2015


WEATHER ITEM   OBSERVED TIME   RECORD YEAR NORMAL DEPARTURE LAST
                VALUE   (LST)  VALUE       VALUE  FROM      YEAR
                                                  NORMAL
..................................................................
TEMPERATURE (F)
 YESTERDAY
  MAXIMUM        103    240 PM 112    1951  93     10       97
  MINIMUM         76    552 AM  48    1924  69      7       75
  AVERAGE         90                        81      9       86

PRECIPITATION (IN)
  YESTERDAY        0.00          2.55 1971   0.15  -0.15     0.00
  MONTH TO DATE    0.08                      0.74  -0.66     0.01
  SINCE JUN 1      4.58                      4.85  -0.27     8.20
  SINCE JAN 1     16.18                     16.84  -0.66    15.59

DEGREE DAYS
 HEATING
  YESTERDAY        0                         0      0        0
  MONTH TO DATE    0                         0      0        0
  SINCE JUN 1      0                         7     -7        1
  SINCE JUL 1      0                         0      0        0

 COOLING
  YESTERDAY       25                        16      9       21
  MONTH TO DATE   83                        76      7       53
  SINCE JUN 1    523                       401    122      410
  SINCE JAN 1    613                       529     84      642
..................................................................


WIND (MPH)
  HIGHEST WIND SPEED    28   HIGHEST WIND DIRECTION    SW (210)
  HIGHEST GUST SPEED    33   HIGHEST GUST DIRECTION     S (190)
  AVERAGE WIND SPEED    15.5


SKY COVER
  POSSIBLE SUNSHINE  MM
  AVERAGE SKY COVER 0.0


WEATHER CONDITIONS
 THE FOLLOWING WEATHER WAS RECORDED YESTERDAY.
  NO SIGNIFICANT WEATHER WAS OBSERVED.


RELATIVE HUMIDITY (PERCENT)
 HIGHEST    79           500 AM
 LOWEST     27           500 PM
 AVERAGE    53

..........................................................


THE SALINA KS CLIMATE NORMALS FOR TODAY
                         NORMAL    RECORD    YEAR
 MAXIMUM TEMPERATURE (F)   93       110      1991
 MINIMUM TEMPERATURE (F)   69        54      1967


SUNRISE AND SUNSET
JULY  6 2015..........SUNRISE   612 AM CDT   SUNSET   859 PM CDT
JULY  7 2015..........SUNRISE   612 AM CDT   SUNSET   858 PM CDT


-  INDICATES NEGATIVE NUMBERS.
R  INDICATES RECORD WAS SET OR TIED.
MM INDICATES DATA IS MISSING.
T  INDICATES TRACE AMOUNT.




$$
