000
CDUS43 KICT 240636
CLISLN


CLIMATE REPORT
NATIONAL WEATHER SERVICE WICHITA KS
1235 AM CST FRI NOV 24 2017


...................................

...THE SALINA KS CLIMATE SUMMARY FOR NOVEMBER 23 2017...

CLIMATE NORMAL PERIOD 1981 TO 2010
CLIMATE RECORD PERIOD 1894 TO 2017


WEATHER ITEM   OBSERVED TIME   RECORD YEAR NORMAL DEPARTURE LAST
                VALUE   (LST)  VALUE       VALUE  FROM      YEAR
                                                  NORMAL
..................................................................
TEMPERATURE (F)
 YESTERDAY
  MAXIMUM         74R   343 PM  73    2005  51     23       50
  MINIMUM         33    724 AM  -4    1898  29      4       32
  AVERAGE         54                        40     14       41

PRECIPITATION (IN)
  YESTERDAY        0.00          1.74 1931   0.03  -0.03     0.00
  MONTH TO DATE    0.06                      0.99  -0.93     0.58
  SINCE SEP 1      7.67                      5.96   1.71     4.06
  SINCE JAN 1     25.38                     30.30  -4.92    26.50

DEGREE DAYS
 HEATING
  YESTERDAY       11                        25    -14       24
  MONTH TO DATE  442                       445     -3      271
  SINCE SEP 1    676                       762    -86      402
  SINCE JUL 1    676                       763    -87      402

 COOLING
  YESTERDAY        0                         0      0        0
  MONTH TO DATE    0                         0      0        4
  SINCE SEP 1    382                       239    143      339
  SINCE JAN 1   1963                      1646    317     2009
..................................................................


WIND (MPH)
  HIGHEST WIND SPEED    13   HIGHEST WIND DIRECTION     S (170)
  HIGHEST GUST SPEED    15   HIGHEST GUST DIRECTION     S (190)
  AVERAGE WIND SPEED     5.4


SKY COVER
  POSSIBLE SUNSHINE  MM
  AVERAGE SKY COVER 0.0


WEATHER CONDITIONS
 THE FOLLOWING WEATHER WAS RECORDED YESTERDAY.
  NO SIGNIFICANT WEATHER WAS OBSERVED.


RELATIVE HUMIDITY (PERCENT)
 HIGHEST    70           800 AM
 LOWEST     31           300 PM
 AVERAGE    51

..........................................................


THE SALINA KS CLIMATE NORMALS FOR TODAY
                         NORMAL    RECORD    YEAR
 MAXIMUM TEMPERATURE (F)   50        75      1990
 MINIMUM TEMPERATURE (F)   29         6      1950


SUNRISE AND SUNSET
NOVEMBER 24 2017......SUNRISE   723 AM CST   SUNSET   511 PM CST
NOVEMBER 25 2017......SUNRISE   724 AM CST   SUNSET   511 PM CST


-  INDICATES NEGATIVE NUMBERS.
R  INDICATES RECORD WAS SET OR TIED.
MM INDICATES DATA IS MISSING.
T  INDICATES TRACE AMOUNT.




$$
