000
CDUS46 KLOX 300910
CLISMX


CLIMATE REPORT
NATIONAL WEATHER SERVICE LOS ANGELES/OXNARD CA
209 AM PDT MON MAR 30 2015


...................................

...THE SANTA MARIA AIRPORT CA CLIMATE SUMMARY FOR MARCH 29 2015...

CLIMATE NORMAL PERIOD 1981 TO 2010
CLIMATE RECORD PERIOD 1906 TO 2015


WEATHER ITEM   OBSERVED TIME   RECORD YEAR NORMAL DEPARTURE LAST
                VALUE   (LST)  VALUE       VALUE  FROM      YEAR
                                                  NORMAL
..................................................................
TEMPERATURE (F)
 YESTERDAY
  MAXIMUM         79    215 PM  87    1934  66     13       69
  MINIMUM         46    600 AM  29    1975  43      3       48
  AVERAGE         63                        54      9       59

PRECIPITATION (IN)
  YESTERDAY        0.00          1.41 1941   0.07  -0.07     0.13
  MONTH TO DATE    0.30                      2.52  -2.22     1.06
  SINCE OCT 1      6.70                     12.31  -5.61     3.44
  SINCE JAN 1      1.14                      8.26  -7.12     2.95

SNOWFALL (IN)
  YESTERDAY        0.0
  MONTH TO DATE    0.0
  SINCE MAR 1      0.0
  SINCE JUL 1      0.0

DEGREE DAYS
 HEATING
  YESTERDAY        2                        11     -9
  MONTH TO DATE  125                       319   -194
  SINCE MAR 1    125                       319   -194
  SINCE JUL 1    812                      2152  -1340

 COOLING
  YESTERDAY        0                         0      0
  MONTH TO DATE   27                         0     27
  SINCE MAR 1     27                         0     27
  SINCE JAN 1     27                         1     26
..................................................................


WIND (MPH)
  HIGHEST WIND SPEED    18   HIGHEST WIND DIRECTION    NW (330)
  HIGHEST GUST SPEED    22   HIGHEST GUST DIRECTION    NW (330)
  AVERAGE WIND SPEED     6.3


SKY COVER
  POSSIBLE SUNSHINE  MM
  AVERAGE SKY COVER 0.1


WEATHER CONDITIONS
 THE FOLLOWING WEATHER WAS RECORDED YESTERDAY.
  FOG
  HAZE


RELATIVE HUMIDITY (PERCENT)
 HIGHEST    86           100 AM
 LOWEST     32           200 PM
 AVERAGE    59

..........................................................


THE SANTA MARIA AIRPORT CA CLIMATE NORMALS FOR TODAY
                         NORMAL    RECORD    YEAR
 MAXIMUM TEMPERATURE (F)   66        86      1931
 MINIMUM TEMPERATURE (F)   43        31      1967


SUNRISE AND SUNSET
MARCH 30 2015.........SUNRISE   652 AM PDT   SUNSET   721 PM PDT
MARCH 31 2015.........SUNRISE   650 AM PDT   SUNSET   722 PM PDT


-  INDICATES NEGATIVE NUMBERS.
R  INDICATES RECORD WAS SET OR TIED.
MM INDICATES DATA IS MISSING.
T  INDICATES TRACE AMOUNT.




$$
