000
CDUS46 KLOX 240902
CLISMX


CLIMATE REPORT
NATIONAL WEATHER SERVICE LOS ANGELES/OXNARD CA
202 AM PDT WED AUG 24 2016


...................................

...THE SANTA MARIA AIRPORT CA CLIMATE SUMMARY FOR AUGUST 23 2016...

CLIMATE NORMAL PERIOD 1981 TO 2010
CLIMATE RECORD PERIOD 1906 TO 2016


WEATHER ITEM   OBSERVED TIME   RECORD YEAR NORMAL DEPARTURE LAST
                VALUE   (LST)  VALUE       VALUE  FROM      YEAR
                                                  NORMAL
..................................................................
TEMPERATURE (F)
 YESTERDAY
  MAXIMUM         69    148 PM  94    2010  73     -4       76
  MINIMUM         55   1140 PM  42    1922  54      1       58
  AVERAGE         62                        64     -2       67

PRECIPITATION (IN)
  YESTERDAY        0.00          T    1990   0.00   0.00     0.00
                                      1980
                                      1969
  MONTH TO DATE    T                         0.01  -0.01      T
  SINCE OCT 1      9.00                     13.80  -4.80     7.78
  SINCE JAN 1      7.12                      9.75  -2.63     2.22

SNOWFALL (IN)
  YESTERDAY        0.0
  MONTH TO DATE    0.0
  SINCE JUN 1      0.0
  SINCE JUL 1      0.0

DEGREE DAYS
 HEATING
  YESTERDAY        3                         2      1
  MONTH TO DATE   55                        46      9
  SINCE JUN 1    194                       262    -68
  SINCE JUL 1    116                       121     -5

 COOLING
  YESTERDAY        0                         1     -1
  MONTH TO DATE    3                        23    -20
  SINCE JUN 1     14                        48    -34
  SINCE JAN 1     52                        58     -6
..................................................................


WIND (MPH)
  HIGHEST WIND SPEED    17   HIGHEST WIND DIRECTION    NW (310)
  HIGHEST GUST SPEED    22   HIGHEST GUST DIRECTION    NW (300)
  AVERAGE WIND SPEED     7.3


SKY COVER
  POSSIBLE SUNSHINE  MM
  AVERAGE SKY COVER 0.5


WEATHER CONDITIONS
 THE FOLLOWING WEATHER WAS RECORDED YESTERDAY.
  FOG


RELATIVE HUMIDITY (PERCENT)
 HIGHEST   100          1200 AM
 LOWEST     63          1200 PM
 AVERAGE    82

..........................................................


THE SANTA MARIA AIRPORT CA CLIMATE NORMALS FOR TODAY
                         NORMAL    RECORD    YEAR
 MAXIMUM TEMPERATURE (F)   73        89      2010
                                             1945
                                             1926
 MINIMUM TEMPERATURE (F)   54        40      1925


SUNRISE AND SUNSET
AUGUST 24 2016........SUNRISE   629 AM PDT   SUNSET   738 PM PDT
AUGUST 25 2016........SUNRISE   630 AM PDT   SUNSET   737 PM PDT


-  INDICATES NEGATIVE NUMBERS.
R  INDICATES RECORD WAS SET OR TIED.
MM INDICATES DATA IS MISSING.
T  INDICATES TRACE AMOUNT.




$$
