000
CDUS46 KLOX 270909
CLISMX


CLIMATE REPORT
NATIONAL WEATHER SERVICE LOS ANGELES/OXNARD CA
208 AM PDT THU JUL 27 2017


...................................

...THE SANTA MARIA AIRPORT CA CLIMATE SUMMARY FOR JULY 26 2017...

CLIMATE NORMAL PERIOD 1981 TO 2010
CLIMATE RECORD PERIOD 1906 TO 2017


WEATHER ITEM   OBSERVED TIME   RECORD YEAR NORMAL DEPARTURE LAST
                VALUE   (LST)  VALUE       VALUE  FROM      YEAR
                                                  NORMAL
..................................................................
TEMPERATURE (F)
 YESTERDAY
  MAXIMUM         75   1234 PM  89    1977  73      2       75
  MINIMUM         56    534 AM  46    1953  54      2       53
                                      1934
  AVERAGE         66                        64      2       64

PRECIPITATION (IN)
  YESTERDAY        0.00          0.05 1941   0.00   0.00     0.00
  MONTH TO DATE    0.00                      0.03  -0.03      T
  SINCE OCT 1     18.44                     13.79   4.65     9.00
  SINCE JAN 1     13.64                      9.74   3.90     7.12

SNOWFALL (IN)
  YESTERDAY        0.0
  MONTH TO DATE    0.0
  SINCE JUN 1      0.0
  SINCE JUL 1      0.0

DEGREE DAYS
 HEATING
  YESTERDAY        0                         2     -2
  MONTH TO DATE   29                        63    -34
  SINCE JUN 1    136                       204    -68
  SINCE JUL 1     29                        63    -34

 COOLING
  YESTERDAY        1                         1      0
  MONTH TO DATE   27                        21      6
  SINCE JUN 1     35                        27      8
  SINCE JAN 1     49                        37     12
..................................................................


WIND (MPH)
  HIGHEST WIND SPEED    14   HIGHEST WIND DIRECTION     W (270)
  HIGHEST GUST SPEED    MM   HIGHEST GUST DIRECTION    MM
  AVERAGE WIND SPEED     6.4


SKY COVER
  POSSIBLE SUNSHINE  MM
  AVERAGE SKY COVER 0.5


WEATHER CONDITIONS
 THE FOLLOWING WEATHER WAS RECORDED YESTERDAY.
  NO SIGNIFICANT WEATHER WAS OBSERVED.


RELATIVE HUMIDITY (PERCENT)
 HIGHEST   100           100 AM
 LOWEST     61          1200 PM
 AVERAGE    81

..........................................................


THE SANTA MARIA AIRPORT CA CLIMATE NORMALS FOR TODAY
                         NORMAL    RECORD    YEAR
 MAXIMUM TEMPERATURE (F)   73        89      1996
 MINIMUM TEMPERATURE (F)   54        44      1912


SUNRISE AND SUNSET
JULY 27 2017..........SUNRISE   608 AM PDT   SUNSET   808 PM PDT
JULY 28 2017..........SUNRISE   609 AM PDT   SUNSET   807 PM PDT


-  INDICATES NEGATIVE NUMBERS.
R  INDICATES RECORD WAS SET OR TIED.
MM INDICATES DATA IS MISSING.
T  INDICATES TRACE AMOUNT.




$$
