000
CDUS46 KLOX 250903
CLISMX


CLIMATE REPORT
NATIONAL WEATHER SERVICE LOS ANGELES/OXNARD CA
203 AM PDT SAT OCT 25 2014


...................................

...THE SANTA MARIA AIRPORT CA CLIMATE SUMMARY FOR OCTOBER 24 2014...

CLIMATE NORMAL PERIOD 1981 TO 2010
CLIMATE RECORD PERIOD 1906 TO 2014


WEATHER ITEM   OBSERVED TIME   RECORD YEAR NORMAL DEPARTURE LAST
                VALUE   (LST)  VALUE       VALUE  FROM      YEAR
                                                  NORMAL
..................................................................
TEMPERATURE (F)
 YESTERDAY
  MAXIMUM         76   1222 PM  97    1965  73      3       63
  MINIMUM         51   1252 AM  36    1949  47      4       50
  AVERAGE         64                        60      4       57

PRECIPITATION (IN)
  YESTERDAY        0.00          0.56 1940   0.02  -0.02     0.00
  MONTH TO DATE    T                         0.37  -0.37     0.01
  SINCE JUL 1      T                         0.56  -0.56     0.02
  SINCE JAN 1      4.01                     10.27  -6.26     2.51

SNOWFALL (IN)
  YESTERDAY        0.0
  MONTH TO DATE    0.0
  SINCE SEP 1      0.0
  SINCE JUL 1      0.0

DEGREE DAYS
 HEATING
  YESTERDAY        1                         5     -4
  MONTH TO DATE    3                       105   -102
  SINCE SEP 1      4                       186   -182
  SINCE JUL 1      4                       322   -318

 COOLING
  YESTERDAY        0                         0      0
  MONTH TO DATE  110                        21     89
  SINCE SEP 1    202                        48    154
  SINCE JAN 1    547                       103    444
..................................................................


WIND (MPH)
  HIGHEST WIND SPEED    14   HIGHEST WIND DIRECTION    NW (300)
  HIGHEST GUST SPEED    MM   HIGHEST GUST DIRECTION    MM
  AVERAGE WIND SPEED     3.5


SKY COVER
  POSSIBLE SUNSHINE  MM
  AVERAGE SKY COVER 0.5


WEATHER CONDITIONS
 THE FOLLOWING WEATHER WAS RECORDED YESTERDAY.
  FOG
  FOG W/VISIBILITY <= 1/4 MILE
  HAZE


RELATIVE HUMIDITY (PERCENT)
 HIGHEST    93           300 AM
 LOWEST     46          1200 PM
 AVERAGE    70

..........................................................


THE SANTA MARIA AIRPORT CA CLIMATE NORMALS FOR TODAY
                         NORMAL    RECORD    YEAR
 MAXIMUM TEMPERATURE (F)   73        92      1965
 MINIMUM TEMPERATURE (F)   47        34      1971


SUNRISE AND SUNSET
OCTOBER 25 2014.......SUNRISE   716 AM PDT   SUNSET   615 PM PDT
OCTOBER 26 2014.......SUNRISE   717 AM PDT   SUNSET   614 PM PDT


-  INDICATES NEGATIVE NUMBERS.
R  INDICATES RECORD WAS SET OR TIED.
MM INDICATES DATA IS MISSING.
T  INDICATES TRACE AMOUNT.




$$
