000
CDUS46 KLOX 020120
CLISMX


CLIMATE REPORT
NATIONAL WEATHER SERVICE LOS ANGELES/OXNARD CA
620 PM PDT WED OCT 1 2014


...................................

...THE SANTA MARIA AIRPORT CA CLIMATE SUMMARY FOR OCTOBER 1 2014...
VALID TODAY AS OF 0600 PM LOCAL TIME.

CLIMATE NORMAL PERIOD 1981 TO 2010
CLIMATE RECORD PERIOD 1906 TO 2014


WEATHER ITEM   OBSERVED TIME   RECORD YEAR NORMAL DEPARTURE LAST
                VALUE   (LST)  VALUE       VALUE  FROM      YEAR
                                                  NORMAL
..................................................................
TEMPERATURE (F)
 TODAY
  MAXIMUM         92   1232 PM 100    2012  74     18       72
  MINIMUM         53    452 AM  37    1950  51      2       54
  AVERAGE         73                        62     11       63

PRECIPITATION (IN)
  TODAY            0.00          0.53 1926   0.01  -0.01     0.00
  MONTH TO DATE    0.00                      0.01  -0.01     0.00
  SINCE JUL 1      T                         0.20  -0.20     0.01
  SINCE JAN 1      4.01                      9.91  -5.90     2.50

SNOWFALL (IN)
  TODAY            0.0
  MONTH TO DATE    0.0
  SINCE SEP 1      0.0
  SINCE JUL 1      0.0

DEGREE DAYS
 HEATING
  TODAY            0                         4     -4
  MONTH TO DATE    0                         4     -4
  SINCE SEP 1      1                        85    -84
  SINCE JUL 1      1                       221   -220

 COOLING
  TODAY            8                         1      7
  MONTH TO DATE    8                         1      7
  SINCE SEP 1    100                        28     72
  SINCE JAN 1    445                        83    362
..................................................................


WIND (MPH)
  HIGHEST WIND SPEED    22   HIGHEST WIND DIRECTION    NW (300)
  HIGHEST GUST SPEED    MM   HIGHEST GUST DIRECTION    MM
  AVERAGE WIND SPEED     7.2


SKY COVER
  POSSIBLE SUNSHINE  MM
  AVERAGE SKY COVER 0.0


WEATHER CONDITIONS
 THE FOLLOWING WEATHER WAS RECORDED TODAY.
  NO SIGNIFICANT WEATHER WAS OBSERVED.


RELATIVE HUMIDITY (PERCENT)
 HIGHEST    89           300 AM
 LOWEST     20          1200 PM
 AVERAGE    55

..........................................................


THE SANTA MARIA AIRPORT CA CLIMATE NORMALS FOR TOMORROW
                         NORMAL    RECORD    YEAR
 MAXIMUM TEMPERATURE (F)   74        96      1945
 MINIMUM TEMPERATURE (F)   51        36      1950


SUNRISE AND SUNSET
OCTOBER  1 2014.......SUNRISE   657 AM PDT   SUNSET   646 PM PDT
OCTOBER  2 2014.......SUNRISE   657 AM PDT   SUNSET   644 PM PDT


-  INDICATES NEGATIVE NUMBERS.
R  INDICATES RECORD WAS SET OR TIED.
MM INDICATES DATA IS MISSING.
T  INDICATES TRACE AMOUNT.




$$
