000
CDUS46 KLOX 210858
CLISMX


CLIMATE REPORT
NATIONAL WEATHER SERVICE LOS ANGELES/OXNARD CA
157 AM PDT THU SEP 21 2017


...................................

...THE SANTA MARIA AIRPORT CA CLIMATE SUMMARY FOR SEPTEMBER 20 2017...

CLIMATE NORMAL PERIOD 1981 TO 2010
CLIMATE RECORD PERIOD 1906 TO 2017


WEATHER ITEM   OBSERVED TIME   RECORD YEAR NORMAL DEPARTURE LAST
                VALUE   (LST)  VALUE       VALUE  FROM      YEAR
                                                  NORMAL
..................................................................
TEMPERATURE (F)
 YESTERDAY
  MAXIMUM         76   1010 AM 102    1943  74      2       81
  MINIMUM         53    546 AM  36    1918  52      1       58
  AVERAGE         65                        63      2       70

PRECIPITATION (IN)
  YESTERDAY        0.00          0.01 2007   0.00   0.00     0.00
                                      1993
                                      1967
  MONTH TO DATE    0.47                      0.07   0.40     0.00
  SINCE OCT 1     18.91                     13.88   5.03     9.00
  SINCE JAN 1     14.11                      9.83   4.28     7.12

SNOWFALL (IN)
  YESTERDAY        0.0
  MONTH TO DATE    0.0
  SINCE SEP 1      0.0
  SINCE JUL 1      0.0

DEGREE DAYS
 HEATING
  YESTERDAY        0                         3     -3
  MONTH TO DATE    3                        50    -47
  SINCE SEP 1      3                        50    -47
  SINCE JUL 1     44                       186   -142

 COOLING
  YESTERDAY        0                         1     -1
  MONTH TO DATE  113                        20     93
  SINCE SEP 1    113                        20     93
  SINCE JAN 1    213                        75    138
..................................................................


WIND (MPH)
  HIGHEST WIND SPEED    25   HIGHEST WIND DIRECTION    NW (300)
  HIGHEST GUST SPEED    36   HIGHEST GUST DIRECTION    SW (240)
  AVERAGE WIND SPEED    12.1


SKY COVER
  POSSIBLE SUNSHINE  MM
  AVERAGE SKY COVER 0.3


WEATHER CONDITIONS
 THE FOLLOWING WEATHER WAS RECORDED YESTERDAY.
  FOG


RELATIVE HUMIDITY (PERCENT)
 HIGHEST   100           100 AM
 LOWEST     41          1000 AM
 AVERAGE    71

..........................................................


THE SANTA MARIA AIRPORT CA CLIMATE NORMALS FOR TODAY
                         NORMAL    RECORD    YEAR
 MAXIMUM TEMPERATURE (F)   74        98      1939
 MINIMUM TEMPERATURE (F)   52        38      1926


SUNRISE AND SUNSET
SEPTEMBER 21 2017.....SUNRISE   649 AM PDT   SUNSET   659 PM PDT
SEPTEMBER 22 2017.....SUNRISE   650 AM PDT   SUNSET   658 PM PDT


-  INDICATES NEGATIVE NUMBERS.
R  INDICATES RECORD WAS SET OR TIED.
MM INDICATES DATA IS MISSING.
T  INDICATES TRACE AMOUNT.




$$
