000
CDUS46 KLOX 240929
CLISMX


CLIMATE REPORT
NATIONAL WEATHER SERVICE LOS ANGELES/OXNARD CA
129 AM PST FRI NOV 24 2017


...................................

...THE SANTA MARIA AIRPORT CA CLIMATE SUMMARY FOR NOVEMBER 23 2017...

CLIMATE NORMAL PERIOD 1981 TO 2010
CLIMATE RECORD PERIOD 1906 TO 2017


WEATHER ITEM   OBSERVED TIME   RECORD YEAR NORMAL DEPARTURE LAST
                VALUE   (LST)  VALUE       VALUE  FROM      YEAR
                                                  NORMAL
..................................................................
TEMPERATURE (F)
 YESTERDAY
  MAXIMUM         80   1143 AM  91    1933  67     13       63
  MINIMUM         50    651 AM  25    1931  42      8       40
  AVERAGE         65                        54     11       52

PRECIPITATION (IN)
  YESTERDAY        0.00          1.88 1965   0.05  -0.05     0.00
  MONTH TO DATE    0.02                      0.99  -0.97     0.73
  SINCE OCT 1      0.05                      1.59  -1.54     2.01
  SINCE JAN 1     14.16                     11.49   2.67     9.13

SNOWFALL (IN)
  YESTERDAY        0.0
  MONTH TO DATE    0.0
  SINCE SEP 1      0.0
  SINCE JUL 1      0.0

DEGREE DAYS
 HEATING
  YESTERDAY        0                        11    -11
  MONTH TO DATE   99                       200   -101
  SINCE SEP 1    195                       428   -233
  SINCE JUL 1    236                       564   -328

 COOLING
  YESTERDAY        0                         0      0
  MONTH TO DATE   11                         0     11
  SINCE SEP 1    224                        45    179
  SINCE JAN 1    324                       100    224
..................................................................


WIND (MPH)
  HIGHEST WIND SPEED    14   HIGHEST WIND DIRECTION     W (290)
  HIGHEST GUST SPEED    16   HIGHEST GUST DIRECTION    NW (300)
  AVERAGE WIND SPEED     3.1


SKY COVER
  POSSIBLE SUNSHINE  MM
  AVERAGE SKY COVER 0.1


WEATHER CONDITIONS
 THE FOLLOWING WEATHER WAS RECORDED YESTERDAY.
  NO SIGNIFICANT WEATHER WAS OBSERVED.


RELATIVE HUMIDITY (PERCENT)
 HIGHEST    86           700 AM
 LOWEST     35          1200 PM
 AVERAGE    61

..........................................................


THE SANTA MARIA AIRPORT CA CLIMATE NORMALS FOR TODAY
                         NORMAL    RECORD    YEAR
 MAXIMUM TEMPERATURE (F)   67        91      1933
 MINIMUM TEMPERATURE (F)   41        27      1931


SUNRISE AND SUNSET
NOVEMBER 24 2017......SUNRISE   645 AM PST   SUNSET   452 PM PST
NOVEMBER 25 2017......SUNRISE   646 AM PST   SUNSET   452 PM PST


-  INDICATES NEGATIVE NUMBERS.
R  INDICATES RECORD WAS SET OR TIED.
MM INDICATES DATA IS MISSING.
T  INDICATES TRACE AMOUNT.




$$
