000
CDUS46 KSGX 290019
CLISNA


CLIMATE REPORT
NATIONAL WEATHER SERVICE SAN DIEGO, CA
518 PM PDT TUE MAR 28 2017


...................................

...THE JOHN WAYNE AIRPORT CA CLIMATE SUMMARY FOR MARCH 28 2017...
VALID TODAY AS OF 0500 PM LOCAL TIME.

CLIMATE NORMAL PERIOD 1981 TO 2010
CLIMATE RECORD PERIOD 1999 TO 2017


WEATHER ITEM   OBSERVED TIME   RECORD YEAR NORMAL DEPARTURE LAST
                VALUE   (LST)  VALUE       VALUE  FROM      YEAR
                                                  NORMAL
..................................................................
TEMPERATURE (F)
 TODAY
  MAXIMUM         75    235 PM  87    2004  68      7       65
  MINIMUM         53    542 AM  47    2007  52      1       54
  AVERAGE         64                        60      4       60

PRECIPITATION (IN)
  TODAY            0.00          0.80 2006   0.03  -0.03     0.04
  MONTH TO DATE    0.05                      1.83  -1.78     1.11
  SINCE OCT 1     15.76                     11.77   3.99     4.69
  SINCE JAN 1      9.57                      7.69   1.88     3.47

DEGREE DAYS
 HEATING
  TODAY            1                         5     -4        5
  MONTH TO DATE   79                       164    -85       97
  SINCE MAR 1     79                       164    -85       97
  SINCE JUL 1    820                      1070   -250      869

 COOLING
  TODAY            0                         0      0        0
  MONTH TO DATE    8                         0      8        3
  SINCE MAR 1      8                         0      8        3
  SINCE JAN 1      8                         8      0       41
..................................................................


WIND (MPH)
  RESULTANT WIND SPEED   2   RESULTANT WIND DIRECTION  SW (230)
  HIGHEST WIND SPEED    15   HIGHEST WIND DIRECTION    SW (220)
  HIGHEST GUST SPEED    18   HIGHEST GUST DIRECTION    SW (240)
  AVERAGE WIND SPEED     4.9


SKY COVER
  POSSIBLE SUNSHINE  MM
  AVERAGE SKY COVER 0.1


WEATHER CONDITIONS
 THE FOLLOWING WEATHER WAS RECORDED TODAY.
  NO SIGNIFICANT WEATHER WAS OBSERVED.


RELATIVE HUMIDITY (PERCENT)
 HIGHEST    86           100 AM
 LOWEST     23           300 PM
 AVERAGE    55

..........................................................


THE JOHN WAYNE AIRPORT CA CLIMATE NORMALS FOR TOMORROW
                         NORMAL    RECORD    YEAR
 MAXIMUM TEMPERATURE (F)   68        88      2004
 MINIMUM TEMPERATURE (F)   52        48      2007


SUNRISE AND SUNSET
MARCH 28 2017.........SUNRISE   644 AM PDT   SUNSET   709 PM PDT
MARCH 29 2017.........SUNRISE   643 AM PDT   SUNSET   710 PM PDT


-  INDICATES NEGATIVE NUMBERS.
R  INDICATES RECORD WAS SET OR TIED.
MM INDICATES DATA IS MISSING.
T  INDICATES TRACE AMOUNT.




$$
