193
CDUS46 KSGX 300021
CLISNA


CLIMATE REPORT
NATIONAL WEATHER SERVICE SAN DIEGO, CA
521 PM PDT MON MAY 29 2017


...................................

...THE JOHN WAYNE AIRPORT CA CLIMATE SUMMARY FOR MAY 29 2017...
VALID TODAY AS OF 0500 PM LOCAL TIME.

CLIMATE NORMAL PERIOD 1981 TO 2010
CLIMATE RECORD PERIOD 1999 TO 2017


WEATHER ITEM   OBSERVED TIME   RECORD YEAR NORMAL DEPARTURE LAST
                VALUE   (LST)  VALUE       VALUE  FROM      YEAR
                                                  NORMAL
..................................................................
TEMPERATURE (F)
 TODAY
  MAXIMUM         70    136 PM  84    2010  72     -2       70
  MINIMUM         61    657 AM  56    2011  60      1       61
                                      2010
                                      2008
  AVERAGE         66                        66      0       66

PRECIPITATION (IN)
  TODAY            0.00          T    2009   0.00   0.00     0.00
                                      2009
                                      2011
  MONTH TO DATE    0.08                      0.23  -0.15     0.09
  SINCE OCT 1     15.88                     12.96   2.92     4.97
  SINCE JAN 1      9.69                      8.88   0.81     3.75

DEGREE DAYS
 HEATING
  TODAY            0                         1     -1        0
  MONTH TO DATE   24                        40    -16       27
  SINCE MAR 1    138                       341   -203      197
  SINCE JUL 1    879                      1247   -368      969

 COOLING
  TODAY            1                         1      0        1
  MONTH TO DATE   49                        29     20       10
  SINCE MAR 1    110                        50     60       57
  SINCE JAN 1    110                        58     52       95
..................................................................


WIND (MPH)
  RESULTANT WIND SPEED   4   RESULTANT WIND DIRECTION  SW (220)
  HIGHEST WIND SPEED    16   HIGHEST WIND DIRECTION    SW (210)
  HIGHEST GUST SPEED    21   HIGHEST GUST DIRECTION    SW (210)
  AVERAGE WIND SPEED     4.6


SKY COVER
  POSSIBLE SUNSHINE  MM
  AVERAGE SKY COVER 0.9


WEATHER CONDITIONS
 THE FOLLOWING WEATHER WAS RECORDED TODAY.
  NO SIGNIFICANT WEATHER WAS OBSERVED.


RELATIVE HUMIDITY (PERCENT)
 HIGHEST    90           100 AM
 LOWEST     66          1200 PM
 AVERAGE    78

..........................................................


THE JOHN WAYNE AIRPORT CA CLIMATE NORMALS FOR TOMORROW
                         NORMAL    RECORD    YEAR
 MAXIMUM TEMPERATURE (F)   72        80      2006
 MINIMUM TEMPERATURE (F)   60        51      2011


SUNRISE AND SUNSET
MAY 29 2017...........SUNRISE   543 AM PDT   SUNSET   755 PM PDT
MAY 30 2017...........SUNRISE   543 AM PDT   SUNSET   756 PM PDT


-  INDICATES NEGATIVE NUMBERS.
R  INDICATES RECORD WAS SET OR TIED.
MM INDICATES DATA IS MISSING.
T  INDICATES TRACE AMOUNT.




$$
