000
CDUS46 KSGX 020017
CLISNA


CLIMATE REPORT
NATIONAL WEATHER SERVICE SAN DIEGO, CA
517 PM PDT SUN MAY 1 2016


...................................

...THE JOHN WAYNE AIRPORT CA CLIMATE SUMMARY FOR MAY 1 2016...
VALID TODAY AS OF 0500 PM LOCAL TIME.

CLIMATE NORMAL PERIOD 1981 TO 2010
CLIMATE RECORD PERIOD 1999 TO 2016


WEATHER ITEM   OBSERVED TIME   RECORD YEAR NORMAL DEPARTURE LAST
                VALUE   (LST)  VALUE       VALUE  FROM      YEAR
                                                  NORMAL
..................................................................
TEMPERATURE (F)
 TODAY
  MAXIMUM         69   1256 PM  99    2014  71     -2       85
  MINIMUM         56    449 AM  49    1999  56      0       61
  AVERAGE         63                        63      0       73

PRECIPITATION (IN)
  TODAY            0.00          T    2007   0.02  -0.02     0.00
                                      2007
                                      2009
  MONTH TO DATE    0.00                      0.02  -0.02     0.00
  SINCE OCT 1      4.88                     12.75  -7.87     5.78
  SINCE JAN 1      3.66                      8.67  -5.01     1.98

DEGREE DAYS
 HEATING
  TODAY            2                         3     -1        0
  MONTH TO DATE    2                         3     -1        0
  SINCE MAR 1    172                       304   -132       75
  SINCE JUL 1    944                      1210   -266      300

 COOLING
  TODAY            0                         1     -1        8
  MONTH TO DATE    0                         1     -1        8
  SINCE MAR 1     47                        22     25      160
  SINCE JAN 1     85                        30     55      232
..................................................................


WIND (MPH)
  RESULTANT WIND SPEED   6   RESULTANT WIND DIRECTION   S (180)
  HIGHEST WIND SPEED    16   HIGHEST WIND DIRECTION    SW (220)
  HIGHEST GUST SPEED    22   HIGHEST GUST DIRECTION     S (200)
  AVERAGE WIND SPEED     8.1


SKY COVER
  POSSIBLE SUNSHINE  MM
  AVERAGE SKY COVER 0.5


WEATHER CONDITIONS
 THE FOLLOWING WEATHER WAS RECORDED TODAY.
  NO SIGNIFICANT WEATHER WAS OBSERVED.


RELATIVE HUMIDITY (PERCENT)
 HIGHEST    80           100 AM
 LOWEST     55           100 PM
 AVERAGE    68

..........................................................


THE JOHN WAYNE AIRPORT CA CLIMATE NORMALS FOR TOMORROW
                         NORMAL    RECORD    YEAR
 MAXIMUM TEMPERATURE (F)   71        98      2004
 MINIMUM TEMPERATURE (F)   56        52      2002


SUNRISE AND SUNSET
MAY  1 2016...........SUNRISE   602 AM PDT   SUNSET   735 PM PDT
MAY  2 2016...........SUNRISE   601 AM PDT   SUNSET   736 PM PDT


-  INDICATES NEGATIVE NUMBERS.
R  INDICATES RECORD WAS SET OR TIED.
MM INDICATES DATA IS MISSING.
T  INDICATES TRACE AMOUNT.




$$
