000
CDUS46 KSGX 191237
CLISNA


CLIMATE REPORT
NATIONAL WEATHER SERVICE SAN DIEGO, CA
435 AM PST FRI JAN 19 2018


...................................

...THE JOHN WAYNE AIRPORT CA CLIMATE SUMMARY FOR JANUARY 18 2018...

CLIMATE NORMAL PERIOD 1981 TO 2010
CLIMATE RECORD PERIOD 1999 TO 2018


WEATHER ITEM   OBSERVED TIME   RECORD YEAR NORMAL DEPARTURE LAST
                VALUE   (LST)  VALUE       VALUE  FROM      YEAR
                                                  NORMAL
..................................................................
TEMPERATURE (F)
 YESTERDAY
  MAXIMUM         73   1154 AM  85    2009  67      6       60
  MINIMUM         52    507 AM  37    2007  47      5       47
                                      2001
  AVERAGE         63                        57      6       54

PRECIPITATION (IN)
  YESTERDAY        0.00          1.92 2010   0.10  -0.10     0.02
  MONTH TO DATE    0.72                      2.06  -1.34     1.39
  SINCE OCT 1      0.73                      6.14  -5.41     7.58
  SINCE JAN 1      0.72                      2.06  -1.34     1.39

DEGREE DAYS
 HEATING
  YESTERDAY        2                         8     -6       11
  MONTH TO DATE   56                       155    -99      145
  SINCE DEC 1    186                       434   -248      373
  SINCE JUL 1    219                       587   -368      451

 COOLING
  YESTERDAY        0                         0      0        0
  MONTH TO DATE    3                         0      3        0
  SINCE DEC 1     21                         1     20        0
  SINCE JAN 1      3                         0      3        0
..................................................................


WIND (MPH)
  RESULTANT WIND SPEED   3   RESULTANT WIND DIRECTION  SW (220)
  HIGHEST WIND SPEED    14   HIGHEST WIND DIRECTION    SW (220)
  HIGHEST GUST SPEED    17   HIGHEST GUST DIRECTION    SW (220)
  AVERAGE WIND SPEED     4.1


SKY COVER
  POSSIBLE SUNSHINE  MM
  AVERAGE SKY COVER 0.3


WEATHER CONDITIONS
 THE FOLLOWING WEATHER WAS RECORDED YESTERDAY.
  FOG


RELATIVE HUMIDITY (PERCENT)
 HIGHEST    97           900 PM
 LOWEST     38          1200 PM
 AVERAGE    68

..........................................................


THE JOHN WAYNE AIRPORT CA CLIMATE NORMALS FOR TODAY
                         NORMAL    RECORD    YEAR
 MAXIMUM TEMPERATURE (F)   67        85      2005
 MINIMUM TEMPERATURE (F)   47        39      2008


SUNRISE AND SUNSET
JANUARY 19 2018.......SUNRISE   655 AM PST   SUNSET   510 PM PST
JANUARY 20 2018.......SUNRISE   654 AM PST   SUNSET   511 PM PST


-  INDICATES NEGATIVE NUMBERS.
R  INDICATES RECORD WAS SET OR TIED.
MM INDICATES DATA IS MISSING.
T  INDICATES TRACE AMOUNT.




$$
