000
CDUS46 KSGX 302321
CLISNA


CLIMATE REPORT
NATIONAL WEATHER SERVICE SAN DIEGO, CA
421 PM PDT SAT MAY 30 2015


...................................

...THE JOHN WAYNE AIRPORT CA CLIMATE SUMMARY FOR MAY 30 2015...
VALID TODAY AS OF 0400 PM LOCAL TIME.

CLIMATE NORMAL PERIOD 1981 TO 2010
CLIMATE RECORD PERIOD 1999 TO 2015


WEATHER ITEM   OBSERVED TIME   RECORD YEAR NORMAL DEPARTURE LAST
                VALUE   (LST)  VALUE       VALUE  FROM      YEAR
                                                  NORMAL
..................................................................
TEMPERATURE (F)
 TODAY
  MAXIMUM         72    225 PM  80    2006  72      0       79
  MINIMUM         62    545 AM  51    2011  60      2       64
  AVERAGE         67                        66      1       72

PRECIPITATION (IN)
  TODAY            0.00          T    1999   0.00   0.00     0.00
                                      2005
                                      2004
  MONTH TO DATE    1.07                      0.23   0.84     0.00
  SINCE OCT 1      6.85                     12.96  -6.11     3.52
  SINCE JAN 1      3.05                      8.88  -5.83     2.59

SNOWFALL (IN)
  TODAY            0.0
  MONTH TO DATE    0.0
  SINCE MAR 1      0.0
  SINCE JUL 1      0.0
  SNOW DEPTH      MM

DEGREE DAYS
 HEATING
  TODAY            0                         1     -1        0
  MONTH TO DATE   47                        41      6        1
  SINCE MAR 1    122                       342   -220      114
  SINCE JUL 1    347                      1248   -901      604

 COOLING
  TODAY            2                         1      1        7
  MONTH TO DATE   17                        30    -13      212
  SINCE MAR 1    169                        51    118      304
  SINCE JAN 1    241                        59    182      331
..................................................................


WIND (MPH)
  RESULTANT WIND SPEED   2   RESULTANT WIND DIRECTION   S (190)
  HIGHEST WIND SPEED    13   HIGHEST WIND DIRECTION     S (200)
  HIGHEST GUST SPEED    20   HIGHEST GUST DIRECTION    SW (220)
  AVERAGE WIND SPEED     3.5


SKY COVER
  POSSIBLE SUNSHINE  MM
  AVERAGE SKY COVER 0.8


WEATHER CONDITIONS
 THE FOLLOWING WEATHER WAS RECORDED TODAY.
  FOG
  HAZE


RELATIVE HUMIDITY (PERCENT)
 HIGHEST    84          1200 AM
 LOWEST     57           300 PM
 AVERAGE    71

..........................................................


THE JOHN WAYNE AIRPORT CA CLIMATE NORMALS FOR TOMORROW
                         NORMAL    RECORD    YEAR
 MAXIMUM TEMPERATURE (F)   72        82      2006
 MINIMUM TEMPERATURE (F)   60        53      2011


SUNRISE AND SUNSET
MAY 30 2015...........SUNRISE   543 AM PDT   SUNSET   756 PM PDT
MAY 31 2015...........SUNRISE   543 AM PDT   SUNSET   756 PM PDT


-  INDICATES NEGATIVE NUMBERS.
R  INDICATES RECORD WAS SET OR TIED.
MM INDICATES DATA IS MISSING.
T  INDICATES TRACE AMOUNT.




$$
