000
CDUS46 KSGX 191232
CLISNA


CLIMATE REPORT
NATIONAL WEATHER SERVICE SAN DIEGO, CA
431 AM PST SUN NOV 19 2017


...................................

...THE JOHN WAYNE AIRPORT CA CLIMATE SUMMARY FOR NOVEMBER 18 2017...

CLIMATE NORMAL PERIOD 1981 TO 2010
CLIMATE RECORD PERIOD 1999 TO 2017


WEATHER ITEM   OBSERVED TIME   RECORD YEAR NORMAL DEPARTURE LAST
                VALUE   (LST)  VALUE       VALUE  FROM      YEAR
                                                  NORMAL
..................................................................
TEMPERATURE (F)
 YESTERDAY
  MAXIMUM         75    303 PM  90    2005  71      4       76
                                      1949
  MINIMUM         56    334 AM  42    2000  52      4       50
  AVERAGE         66                        61      5       63

PRECIPITATION (IN)
  YESTERDAY        0.00          0.00 2006   0.04  -0.04     0.00
  MONTH TO DATE    T                         0.82  -0.82     0.00
  SINCE OCT 1      T                         1.57  -1.57     0.98
  SINCE JAN 1      9.69                     10.82  -1.13     4.74

DEGREE DAYS
 HEATING
  YESTERDAY        0                         5     -5        2
  MONTH TO DATE   10                        55    -45        8
  SINCE SEP 1     10                        82    -72        9
  SINCE JUL 1     10                        82    -72        9

 COOLING
  YESTERDAY        1                         1      0        0
  MONTH TO DATE   20                        20      0       73
  SINCE SEP 1    472                       303    169      448
  SINCE JAN 1   1258                       874    384     1226
..................................................................


WIND (MPH)
  RESULTANT WIND SPEED   1   RESULTANT WIND DIRECTION  SW (220)
  HIGHEST WIND SPEED    14   HIGHEST WIND DIRECTION    SW (210)
  HIGHEST GUST SPEED    16   HIGHEST GUST DIRECTION    SW (210)
  AVERAGE WIND SPEED     2.0


SKY COVER
  POSSIBLE SUNSHINE  MM
  AVERAGE SKY COVER 0.5


WEATHER CONDITIONS
 THE FOLLOWING WEATHER WAS RECORDED YESTERDAY.
  FOG
  FOG W/VISIBILITY <= 1/4 MILE
  HAZE


RELATIVE HUMIDITY (PERCENT)
 HIGHEST   100           400 AM
 LOWEST     49          1200 PM
 AVERAGE    75

..........................................................


THE JOHN WAYNE AIRPORT CA CLIMATE NORMALS FOR TODAY
                         NORMAL    RECORD    YEAR
 MAXIMUM TEMPERATURE (F)   70        91      2002
                                             1989
 MINIMUM TEMPERATURE (F)   51        42      2000


SUNRISE AND SUNSET
NOVEMBER 19 2017......SUNRISE   627 AM PST   SUNSET   446 PM PST
NOVEMBER 20 2017......SUNRISE   628 AM PST   SUNSET   446 PM PST


-  INDICATES NEGATIVE NUMBERS.
R  INDICATES RECORD WAS SET OR TIED.
MM INDICATES DATA IS MISSING.
T  INDICATES TRACE AMOUNT.




$$
