000
CDUS46 KSGX 011420
CLISNA


CLIMATE REPORT
NATIONAL WEATHER SERVICE SAN DIEGO, CA
620 AM PST SUN MAR 1 2015


...................................

...THE JOHN WAYNE AIRPORT CA CLIMATE SUMMARY FOR FEBRUARY 28 2015...

CLIMATE NORMAL PERIOD 1981 TO 2010
CLIMATE RECORD PERIOD 1999 TO 2015


WEATHER ITEM   OBSERVED TIME   RECORD YEAR NORMAL DEPARTURE LAST
                VALUE   (LST)  VALUE       VALUE  FROM      YEAR
                                                  NORMAL
..................................................................
TEMPERATURE (F)
 YESTERDAY
  MAXIMUM         66    327 PM  85    2009  67     -1       65
  MINIMUM         58   1159 PM  41    2011  50      8       58
  AVERAGE         62                        58      4       62

PRECIPITATION (IN)
  YESTERDAY        T             1.13 2014   0.09  -0.09     1.13
  MONTH TO DATE    0.35                      2.95  -2.60     1.55
  SINCE OCT 1      4.97                      9.94  -4.97     2.50
  SINCE JAN 1      1.17                      5.86  -4.69     1.57

SNOWFALL (IN)
  YESTERDAY        0.0
  MONTH TO DATE    0.0
  SINCE JAN 1      0.0
  SINCE JUL 1      0.0
  SNOW DEPTH       0

DEGREE DAYS
 HEATING
  YESTERDAY        3                         7     -4        3
  MONTH TO DATE   20                       215   -195      108
  SINCE DEC 1    221                       753   -532      417
  SINCE JUL 1    225                       906   -681      490

 COOLING
  YESTERDAY        0                         0      0        0
  MONTH TO DATE   42                         3     39        0
  SINCE DEC 1     90                         9     81       31
  SINCE JAN 1     72                         8     64       27
..................................................................


WIND (MPH)
  RESULTANT WIND SPEED   6   RESULTANT WIND DIRECTION  SW (220)
  HIGHEST WIND SPEED    16   HIGHEST WIND DIRECTION    SW (220)
  HIGHEST GUST SPEED    23   HIGHEST GUST DIRECTION     S (190)
  AVERAGE WIND SPEED     6.8


SKY COVER
  POSSIBLE SUNSHINE  MM
  AVERAGE SKY COVER 0.7


WEATHER CONDITIONS
 THE FOLLOWING WEATHER WAS RECORDED YESTERDAY.
  HEAVY RAIN
  LIGHT RAIN


RELATIVE HUMIDITY (PERCENT)
 HIGHEST    65          1200 AM
 LOWEST     42           200 PM
 AVERAGE    54

..........................................................


THE JOHN WAYNE AIRPORT CA CLIMATE NORMALS FOR TODAY
                         NORMAL    RECORD    YEAR
 MAXIMUM TEMPERATURE (F)   67        83      2013
                                             2009
 MINIMUM TEMPERATURE (F)   50        41      2007


SUNRISE AND SUNSET
MARCH  1 2015.........SUNRISE   620 AM PST   SUNSET   548 PM PST
MARCH  2 2015.........SUNRISE   619 AM PST   SUNSET   549 PM PST


-  INDICATES NEGATIVE NUMBERS.
R  INDICATES RECORD WAS SET OR TIED.
MM INDICATES DATA IS MISSING.
T  INDICATES TRACE AMOUNT.




$$
