000
CDAK48 PAFC 240054
CLISNP


CLIMATE REPORT
NATIONAL WEATHER SERVICE ANCHORAGE, AK
454 PM AKDT MON OCT 23 2017


...................................

...THE SAINT PAUL ISLAND CLIMATE SUMMARY FOR OCTOBER 23 2017...
VALID TODAY AS OF 0400 PM LOCAL TIME.

CLIMATE NORMAL PERIOD 1981 TO 2010
CLIMATE RECORD PERIOD 1892 TO 2017


WEATHER ITEM   OBSERVED TIME   RECORD YEAR NORMAL DEPARTURE LAST
                VALUE   (LST)  VALUE       VALUE  FROM      YEAR
                                                  NORMAL
..................................................................
TEMPERATURE (F)
 TODAY
  MAXIMUM         38    125 PM  48    2016  41     -3       48
  MINIMUM         22    838 AM  21    2008  33    -11       45
  AVERAGE         30                        37     -7       47

PRECIPITATION (IN)
  TODAY            0.05          0.62 1996   0.10  -0.05     0.32
  MONTH TO DATE    1.66                      2.31  -0.65     2.74
  SINCE SEP 1      3.37                      5.30  -1.93     7.19
  SINCE JAN 1     16.04                     17.73  -1.69    17.93

SNOWFALL (IN)
  TODAY            0.5           1.5  2008   0.1    0.4      0.0
  MONTH TO DATE    2.3                       1.0    1.3       T
  SINCE SEP 1      2.3                       1.0    1.3       T
  SINCE JUL 1      2.3                       1.0    1.3       T
  SNOW DEPTH       0

DEGREE DAYS
 HEATING
  TODAY           35                        28      7       18
  MONTH TO DATE  550                       588    -38      447
  SINCE SEP 1   1118                      1178    -60      865
  SINCE JUL 1   2109                      2231   -122     1478

 COOLING
  TODAY            0                         0      0        0
  MONTH TO DATE    0                         0      0        0
  SINCE SEP 1      0                         0      0        0
  SINCE JAN 1      0                         0      0        0
..................................................................


WIND (MPH)
  RESULTANT WIND SPEED   8   RESULTANT WIND DIRECTION  NW (300)
  HIGHEST WIND SPEED    23   HIGHEST WIND DIRECTION    NW (320)
  HIGHEST GUST SPEED    27   HIGHEST GUST DIRECTION    NW (320)
  AVERAGE WIND SPEED     8.6



WEATHER CONDITIONS
 THE FOLLOWING WEATHER WAS RECORDED TODAY.
  SNOW
  LIGHT SNOW
  FOG


..........................................................


THE SAINT PAUL ISLAND CLIMATE NORMALS FOR TOMORROW
                         NORMAL    RECORD    YEAR
 MAXIMUM TEMPERATURE (F)   41        47      2016
                                             1969
 MINIMUM TEMPERATURE (F)   33        20      2008
                                             1966


SUNRISE AND SUNSET
OCTOBER 23 2017.......SUNRISE  1013 AM AKDT  SUNSET   756 PM AKDT
OCTOBER 24 2017.......SUNRISE  1015 AM AKDT  SUNSET   754 PM AKDT


-  INDICATES NEGATIVE NUMBERS.
R  INDICATES RECORD WAS SET OR TIED.
MM INDICATES DATA IS MISSING.
T  INDICATES TRACE AMOUNT.




$$
