000
CDAK48 PASN 270054
CLISNP


CLIMATE REPORT
NATIONAL WEATHER SERVICE ANCHORAGE, AK
454 PM AKDT SUN MAR 26 2017


...................................

...THE SAINT PAUL ISLAND CLIMATE SUMMARY FOR MARCH 26 2017...
VALID TODAY AS OF 0400 PM LOCAL TIME.

CLIMATE NORMAL PERIOD 1981 TO 2010
CLIMATE RECORD PERIOD 1892 TO 2017


WEATHER ITEM   OBSERVED TIME   RECORD YEAR NORMAL DEPARTURE LAST
                VALUE   (LST)  VALUE       VALUE  FROM      YEAR
                                                  NORMAL
..................................................................
TEMPERATURE (F)
 TODAY
  MAXIMUM         31    100 PM  41    1979  30      1       29
  MINIMUM         25        MM  -2    2008  21      4       24
                                      1976
  AVERAGE         28                        25      3       27

PRECIPITATION (IN)
  TODAY            T             0.97 1994   0.03  -0.03      T
  MONTH TO DATE    0.10                      0.89  -0.79     1.00
  SINCE MAR 1      0.10                      0.89  -0.79     1.00
  SINCE JAN 1      3.19                      3.77  -0.58     3.76

SNOWFALL (IN)
  TODAY           MM            MM      MM   0.2   MM       MM
  MONTH TO DATE    0.4                       6.7   -6.3      0.0
  SINCE MAR 1      0.4                       6.7   -6.3      0.0
  SINCE JUL 1     48.6                      51.7   -3.1     23.7
  SNOW DEPTH       0

DEGREE DAYS
 HEATING
  TODAY           37                        40     -3       38
  MONTH TO DATE  982                      1040    -58      764
  SINCE MAR 1    982                      1040    -58      764
  SINCE JUL 1   6857                      7957  -1100     5949

 COOLING
  TODAY            0                         0      0        0
  MONTH TO DATE    0                         0      0        0
  SINCE MAR 1      0                         0      0        0
  SINCE JAN 1      0                         0      0        0
..................................................................


WIND (MPH)
  RESULTANT WIND SPEED  22   RESULTANT WIND DIRECTION   E (80)
  HIGHEST WIND SPEED    25   HIGHEST WIND DIRECTION     E (70)
  HIGHEST GUST SPEED    33   HIGHEST GUST DIRECTION     E (70)
  AVERAGE WIND SPEED    22.3



WEATHER CONDITIONS
 THE FOLLOWING WEATHER WAS RECORDED TODAY.
  LIGHT SNOW


..........................................................


THE SAINT PAUL ISLAND CLIMATE NORMALS FOR TOMORROW
                         NORMAL    RECORD    YEAR
 MAXIMUM TEMPERATURE (F)   30        39      2003
                                             1996
                                             1981
 MINIMUM TEMPERATURE (F)   21       -13      1976


SUNRISE AND SUNSET
MARCH 26 2017.........SUNRISE   905 AM AKDT  SUNSET   949 PM AKDT
MARCH 27 2017.........SUNRISE   902 AM AKDT  SUNSET   951 PM AKDT


-  INDICATES NEGATIVE NUMBERS.
R  INDICATES RECORD WAS SET OR TIED.
MM INDICATES DATA IS MISSING.
T  INDICATES TRACE AMOUNT.




$$
