000
CDAK48 PAFC 070059
CLISNP


CLIMATE REPORT
NATIONAL WEATHER SERVICE ANCHORAGE, AK
359 PM AKST TUE DEC 6 2016


...................................

...THE SAINT PAUL ISLAND CLIMATE SUMMARY FOR DECEMBER 6 2016...
VALID TODAY AS OF 0300 PM LOCAL TIME.

CLIMATE NORMAL PERIOD 1981 TO 2010
CLIMATE RECORD PERIOD 1892 TO 2016


WEATHER ITEM   OBSERVED TIME   RECORD YEAR NORMAL DEPARTURE LAST
                VALUE   (LST)  VALUE       VALUE  FROM      YEAR
                                                  NORMAL
..................................................................
TEMPERATURE (F)
 TODAY
  MAXIMUM         36        MM  42    2002  34      2       40
  MINIMUM         30        MM   0    1999  26      4       35
  AVERAGE         33                        30      3       38

PRECIPITATION (IN)
  TODAY            0.06          0.67 2013   0.08  -0.02      T
  MONTH TO DATE    0.49                      0.48   0.01     0.27
  SINCE DEC 1      0.49                      0.48   0.01     0.27
  SINCE JAN 1     24.56                     21.90   2.66    23.28

SNOWFALL (IN)
  TODAY            T             2.4  1963   0.4   -0.4       T
  MONTH TO DATE    1.6                       2.2   -0.6      1.4
  SINCE DEC 1      1.6                       2.2   -0.6      1.4
  SINCE JUL 1      8.2                      12.5   -4.3     13.4
  SNOW DEPTH       0

DEGREE DAYS
 HEATING
  TODAY           32                        35     -3       27
  MONTH TO DATE  204                       208     -4      208
  SINCE DEC 1    204                       208     -4      208
  SINCE JUL 1   2773                      3629   -856     2756

 COOLING
  TODAY            0                         0      0        0
  MONTH TO DATE    0                         0      0        0
  SINCE DEC 1      0                         0      0        0
  SINCE JAN 1      0                         0      0        0
..................................................................


WIND (MPH)
  RESULTANT WIND SPEED   7   RESULTANT WIND DIRECTION  NW (330)
  HIGHEST WIND SPEED    15   HIGHEST WIND DIRECTION    NW (320)
  HIGHEST GUST SPEED    MM   HIGHEST GUST DIRECTION    MM
  AVERAGE WIND SPEED     7.8



WEATHER CONDITIONS
 THE FOLLOWING WEATHER WAS RECORDED TODAY.
  LIGHT RAIN
  SNOW
  FOG


..........................................................


THE SAINT PAUL ISLAND CLIMATE NORMALS FOR TOMORROW
                         NORMAL    RECORD    YEAR
 MAXIMUM TEMPERATURE (F)   34        42      2000
 MINIMUM TEMPERATURE (F)   26        12      2001
                                             1999


SUNRISE AND SUNSET
DECEMBER  6 2016......SUNRISE  1044 AM AKST  SUNSET   540 PM AKST
DECEMBER  7 2016......SUNRISE  1046 AM AKST  SUNSET   539 PM AKST


-  INDICATES NEGATIVE NUMBERS.
R  INDICATES RECORD WAS SET OR TIED.
MM INDICATES DATA IS MISSING.
T  INDICATES TRACE AMOUNT.




$$
