000
CDAK48 PASN 251135
CLISNP

CLIMATE REPORT
NATIONAL WEATHER SERVICE ST PAUL, AK
335 AM AKDT MON JUL 25 2016

...................................
...THE ST PAUL AIRPORT CLIMATE SUMMARY FOR JULY 24 2016...

CLIMATE NORMAL PERIOD  1981 TO  2010
CLIMATE RECORD PERIOD  1892 TO  2016

WEATHER ITEM   OBSERVED TIME    RECORD YEAR NORMAL DEPARTURE LAST
               VALUE    (LST)   VALUE       VALUE  FROM      YEAR
                                                   NORMAL
...................................................................
TEMPERATURE
YESTERDAY
 MAXIMUM            58  0322 PM    62  2013     51       7     52
 MINIMUM            50  1159 PM    32  2008     45       5     47
 AVERAGE            54                          48       6     50

PRECIPITATION
(INCHES)
 YESTERDAY           T           1.23  1965   0.07   -0.07   0.03
 MONTH TO DATE    0.70                        1.35   -0.65   1.58
 SINCE JUN 1      2.39                        2.70   -0.31   2.50
 SINCE JAN 1      8.31                        8.86   -0.55   8.78

SNOWFALL
(INCHES)
 YESTERDAY         0.0            0.0  2016    0.0     0.0    0.0
 MONTH TO DATE     0.0                         0.0     0.0    0.0
 SINCE JUN 1       0.0                         0.0     0.0    0.0
 SINCE JUL 1       0.0                         0.0     0.0    0.0
 SNOW DEPTH (IN)     0                                          0

DEGREE DAYS
 HEATING
  YESTERDAY         11                          17      -6     15
  MONTH TO DATE    313                         434    -121    380
  SINCE JUN 1      845                        1113    -268   1000
  SINCE JUL 1      313                         434    -121    380

 COOLING
  YESTERDAY          0                           0       0      0
  MONTH TO DATE      0                           0       0      0
  SINCE JUN 1        0                           0       0      0
  SINCE JAN 1        0                           0       0      0
...................................................................

WIND (MPH)
 HIGHEST WIND SPEED    20     HIGHEST WIND DIRECTION    270
 HIGHEST GUST SPEED    24     HIGHEST GUST DIRECTION    270
 AVERAGE WIND SPEED  11.3

SKY COVER
  POSSIBLE SUNSHINE    MM          AVERAGE SKY COVER     MM

WEATHER CONDITIONS
 THE FOLLOWING WEATHER WAS RECORDED YESTERDAY.
  FOG
  DRIZZLE
  RAIN


RELATIVE HUMIDITY
 HIGHEST RH     MM PERCENT       MM
 LOWEST  RH     MM PERCENT       MM
 AVERAGE RH     MM PERCENT       MM
...................................................................

THE ST PAUL CLIMATE NORMALS FOR TODAY
                           NORMAL    RECORD   YEAR
 MAXIMUM TEMPERATURE (F)     52        59     2013
 MINIMUM TEMPERATURE (F)     45        38     1975

SUNRISE AND SUNSET
 JUL 25 2016..........SUNRISE  7:07 AM      SUNSET 11:47 PM
 JUL 26 2016..........SUNRISE  7:09 AM      SUNSET 11:45 PM

-  INDICATES NEGATIVE NUMBERS.
R  INDICATES RECORD HAS BEEN SET OR TIED.
MM INDICATES DATA IS MISSING.
T  INDICATES TRACE OF PRECIPITATION.

&&
-------------------------------------------------------------------

AMOUNT OF DAYLIGHT TODAY  (HOUR:MIN)........16 HOURS 40 MINUTES
GAIN/LOSS SINCE YESTERDAY (HOUR:MIN:SEC)....-0:03:46

$$
WIW JUL 16
