000
CDAK48 PAFC 160127
CLISNP

CLIMATE REPORT
NATIONAL WEATHER SERVICE ANCHORAGE, AK
421 PM AKST SUN JAN 15 2017


...................................

...THE SAINT PAUL ISLAND CLIMATE SUMMARY FOR JANUARY 15 2017...
VALID TODAY AS OF 0400 PM LOCAL TIME.

CLIMATE NORMAL PERIOD 1981 TO 2010
CLIMATE RECORD PERIOD 1892 TO 2017


WEATHER ITEM   OBSERVED TIME   RECORD YEAR NORMAL DEPARTURE LAST
                VALUE   (LST)  VALUE       VALUE  FROM      YEAR
                                                  NORMAL
..................................................................
TEMPERATURE (F)
 TODAY
  MAXIMUM         22    100 PM  41    1963  29     -7       38
  MINIMUM          4    700 AM  -7    1975  21    -17       34
  AVERAGE         13                        25    -12       36

PRECIPITATION (IN)
  TODAY            0.02          0.46 2006   0.05  -0.03      T
  MONTH TO DATE    0.38                      0.82  -0.44     1.00
  SINCE DEC 1      3.58                      3.07   0.51     5.73
  SINCE JAN 1      0.38                      0.82  -0.44     1.00

SNOWFALL (IN)
  TODAY            0.5          MM      MM   0.4    0.1     MM
  MONTH TO DATE    4.8                       6.2   -1.4      0.2
  SINCE DEC 1      8.4                      18.3   -9.9     11.7
  SINCE JUL 1     15.0                      28.6  -13.6     23.7
  SNOW DEPTH       3

DEGREE DAYS
 HEATING
  TODAY           52                        40     12       29
  MONTH TO DATE  549                       587    -38      502
  SINCE DEC 1   1505                      1708   -203     1405
  SINCE JUL 1   4074                      5129  -1055     3953

 COOLING
  TODAY            0                         0      0        0
  MONTH TO DATE    0                         0      0        0
  SINCE DEC 1      0                         0      0        0
  SINCE JAN 1      0                         0      0        0
..................................................................


WIND (MPH)
  RESULTANT WIND SPEED   4   RESULTANT WIND DIRECTION   N (10)
  HIGHEST WIND SPEED     8   HIGHEST WIND DIRECTION    NE (30)
  HIGHEST GUST SPEED    MM   HIGHEST GUST DIRECTION    MM
  AVERAGE WIND SPEED     5.2



WEATHER CONDITIONS
 THE FOLLOWING WEATHER WAS RECORDED TODAY.
  SNOW
  LIGHT SNOW
  FOG


..........................................................


THE SAINT PAUL ISLAND CLIMATE NORMALS FOR TOMORROW
                         NORMAL    RECORD    YEAR
 MAXIMUM TEMPERATURE (F)   29        42      1963
 MINIMUM TEMPERATURE (F)   21        -8      1893


SUNRISE AND SUNSET
JANUARY 15 2017.......SUNRISE  1048 AM AKST  SUNSET   613 PM AKST
JANUARY 16 2017.......SUNRISE  1047 AM AKST  SUNSET   615 PM AKST

CIVIL TWILIGHT
JANUARY 15 2017         START   1002 AM GMT     END    700 PM GMT
JANUARY 16 2017         START   1001 AM GMT     END    702 PM GMT



-  INDICATES NEGATIVE NUMBERS.
R  INDICATES RECORD WAS SET OR TIED.
MM INDICATES DATA IS MISSING.
T  INDICATES TRACE AMOUNT.




$$
&&
------------------------------------------------------
AMOUNT OF DAYLIGHT TODAY  (HOUR:MIN)........ 7:25
GAIN/LOSS SINCE YESTERDAY (HOUR:MIN:SEC)....+0:03:12

$$
