000
CDAK48 PASN 301139
CLISNP

CLIMATE REPORT
NATIONAL WEATHER SERVICE ST PAUL, AK
339 AM AKDT SAT MAY 30 2015

...................................
...THE ST PAUL AIRPORT CLIMATE SUMMARY FOR MAY 29 2015...

CLIMATE NORMAL PERIOD  1981 TO  2010
CLIMATE RECORD PERIOD  1892 TO  2015

WEATHER ITEM   OBSERVED TIME    RECORD YEAR NORMAL DEPARTURE LAST
               VALUE    (LST)   VALUE       VALUE  FROM      YEAR
                                                   NORMAL
...................................................................
TEMPERATURE
YESTERDAY
 MAXIMUM            48  0448 PM    55  1979     43       5     39
 MINIMUM            41  0419 AM    28  1971     34       7     33
 AVERAGE            45                          39       6     36

PRECIPITATION
(INCHES)
 YESTERDAY           T           0.48  1964   0.04   -0.04   0.17
 MONTH TO DATE    2.03                        1.06    0.97   0.64
 SINCE MAR 1      3.96                        3.21    0.75   2.74
 SINCE JAN 1      6.28                        6.09    0.19   7.07

SNOWFALL
(INCHES)
 YESTERDAY         0.0            0.3  1988    0.0     0.0      T
 MONTH TO DATE     0.3                         1.1    -0.8      T
 SINCE MAR 1      18.9                        14.8     4.1    9.4
 SINCE JUL 1      48.6                        59.8   -11.2   43.7
 SNOW DEPTH (IN)     0                                          0

DEGREE DAYS
 HEATING
  YESTERDAY         20                          26      -6     29
  MONTH TO DATE    727                         842    -115    754
  SINCE MAR 1     2956                        3150    -194   2926
  SINCE JUL 1     8913                       10069   -1156   9372

 COOLING
  YESTERDAY          0                           0       0      0
  MONTH TO DATE      0                           0       0      0
  SINCE MAR 1        0                           0       0      0
  SINCE JAN 1        0                           0       0      0
...................................................................

WIND (MPH)
 HIGHEST WIND SPEED    24     HIGHEST WIND DIRECTION    160
 HIGHEST GUST SPEED    29     HIGHEST GUST DIRECTION    160
 AVERAGE WIND SPEED  17.4

SKY COVER
  POSSIBLE SUNSHINE    MM          AVERAGE SKY COVER     MM

WEATHER CONDITIONS
 THE FOLLOWING WEATHER WAS RECORDED YESTERDAY.
SMOKE OR HAZE
FOG
RAIN


RELATIVE HUMIDITY
 HIGHEST RH     MM PERCENT       MM
 LOWEST  RH     MM PERCENT       MM
 AVERAGE RH     MM PERCENT       MM
...................................................................

THE ST PAUL CLIMATE NORMALS FOR TODAY
                           NORMAL    RECORD   YEAR
 MAXIMUM TEMPERATURE (F)     44        53     1979
 MINIMUM TEMPERATURE (F)     34        29     1971

SUNRISE AND SUNSET
 MAY 30 2015..........SUNRISE  6:37 AM      SUNSET 12:02 AM
 MAY 31 2015..........SUNRISE  6:36 AM      SUNSET 12:03 AM

-  INDICATES NEGATIVE NUMBERS.
R  INDICATES RECORD HAS BEEN SET OR TIED.
MM INDICATES DATA IS MISSING.
T  INDICATES TRACE OF PRECIPITATION.

&&
-------------------------------------------------------------------

AMOUNT OF DAYLIGHT TODAY  (HOUR:MIN)........17 HOURS 25 MINUTES
GAIN/LOSS SINCE YESTERDAY (HOUR:MIN:SEC)....+0:01:49

$$
WIW MAY 15
