626
CDAK48 PAFC 240041
CLISNP


CLIMATE REPORT
NATIONAL WEATHER SERVICE ANCHORAGE, AK
341 PM AKST THU FEB 23 2017


...................................

...THE SAINT PAUL ISLAND CLIMATE SUMMARY FOR FEBRUARY 23 2017...
VALID TODAY AS OF 0300 PM LOCAL TIME.

CLIMATE NORMAL PERIOD 1981 TO 2010
CLIMATE RECORD PERIOD 1892 TO 2017


WEATHER ITEM   OBSERVED TIME   RECORD YEAR NORMAL DEPARTURE LAST
                VALUE   (LST)  VALUE       VALUE  FROM      YEAR
                                                  NORMAL
..................................................................
TEMPERATURE (F)
 TODAY
  MAXIMUM         37    100 PM  39    1989  29      8       35
  MINIMUM         32        MM -10    1991  20     12       28
  AVERAGE         35                        25     10       32

PRECIPITATION (IN)
  TODAY            0.24          0.32 1996   0.04   0.20     0.07
  MONTH TO DATE    1.18                      1.10   0.08     0.95
  SINCE DEC 1      5.89                      4.93   0.96     7.30
  SINCE JAN 1      2.69                      2.68   0.01     2.57

SNOWFALL (IN)
  TODAY            0.1          MM      MM   0.3   -0.2     MM
  MONTH TO DATE    9.9                       8.5    1.4      0.0
  SINCE DEC 1     41.4                      33.2    8.2     11.7
  SINCE JUL 1     48.0                      43.5    4.5     23.7
  SNOW DEPTH       T

DEGREE DAYS
 HEATING
  TODAY           30                        40    -10       33
  MONTH TO DATE  961                       940     21      610
  SINCE DEC 1   3136                      3298   -162     2484
  SINCE JUL 1   5705                      6719  -1014     5032

 COOLING
  TODAY            0                         0      0        0
  MONTH TO DATE    0                         0      0        0
  SINCE DEC 1      0                         0      0        0
  SINCE JAN 1      0                         0      0        0
..................................................................


WIND (MPH)
  RESULTANT WIND SPEED  15   RESULTANT WIND DIRECTION   S (190)
  HIGHEST WIND SPEED    24   HIGHEST WIND DIRECTION     S (170)
  HIGHEST GUST SPEED    30   HIGHEST GUST DIRECTION     S (200)
  AVERAGE WIND SPEED    16.2



WEATHER CONDITIONS
 THE FOLLOWING WEATHER WAS RECORDED TODAY.
  LIGHT RAIN
  LIGHT SNOW
  FOG


..........................................................


THE SAINT PAUL ISLAND CLIMATE NORMALS FOR TOMORROW
                         NORMAL    RECORD    YEAR
 MAXIMUM TEMPERATURE (F)   29        40      1989
 MINIMUM TEMPERATURE (F)   20       -11      1954


SUNRISE AND SUNSET
FEBRUARY 23 2017......SUNRISE   928 AM AKST  SUNSET   741 PM AKST
FEBRUARY 24 2017......SUNRISE   926 AM AKST  SUNSET   743 PM AKST


-  INDICATES NEGATIVE NUMBERS.
R  INDICATES RECORD WAS SET OR TIED.
MM INDICATES DATA IS MISSING.
T  INDICATES TRACE AMOUNT.




$$
