000
CDAK48 PASN 231254
CLISNP


CLIMATE REPORT
NATIONAL WEATHER SERVICE ANCHORAGE, AK
451 AM AKDT FRI JUN 23 2017


...................................

...THE SAINT PAUL ISLAND CLIMATE SUMMARY FOR JUNE 22 2017...

CLIMATE NORMAL PERIOD 1981 TO 2010
CLIMATE RECORD PERIOD 1892 TO 2017


WEATHER ITEM   OBSERVED TIME   RECORD YEAR NORMAL DEPARTURE LAST
                VALUE   (LST)  VALUE       VALUE  FROM      YEAR
                                                  NORMAL
..................................................................
TEMPERATURE (F)
 YESTERDAY
  MAXIMUM         49        MM  58    2005  48      1       50
  MINIMUM         43        MM  33    2014  40      3       44
                                      1959
                                      1949
  AVERAGE         46                        44      2       47

PRECIPITATION (IN)
  YESTERDAY        0.01          0.42 1979   0.05  -0.04     0.16
  MONTH TO DATE    0.16                      0.95  -0.79     1.47
  SINCE JUN 1      0.16                      0.95  -0.79     1.47
  SINCE JAN 1      5.97                      7.11  -1.14     7.16

SNOWFALL (IN)
  YESTERDAY        0.0          MM      MM   0.0    0.0     MM
  MONTH TO DATE    0.0                       0.0    0.0      0.0
  SINCE JUN 1      0.0                       0.0    0.0      0.0
  SINCE JUL 1     48.8                      59.8  -11.0     23.7
  SNOW DEPTH       0

DEGREE DAYS
 HEATING
  YESTERDAY       19                        21     -2       18
  MONTH TO DATE  407                       516   -109      359
  SINCE JUN 1    407                       516   -109      359
  SINCE JUL 1   9275                     10645  -1370     7879

 COOLING
  YESTERDAY        0                         0      0        0
  MONTH TO DATE    0                         0      0        0
  SINCE JUN 1      0                         0      0        0
  SINCE JAN 1      0                         0      0        0
..................................................................


WIND (MPH)
  RESULTANT WIND SPEED   6   RESULTANT WIND DIRECTION   S (160)
  HIGHEST WIND SPEED     9   HIGHEST WIND DIRECTION     S (170)
  HIGHEST GUST SPEED    MM   HIGHEST GUST DIRECTION    MM
  AVERAGE WIND SPEED     6.4



WEATHER CONDITIONS
 THE FOLLOWING WEATHER WAS RECORDED YESTERDAY.
  LIGHT RAIN
  FOG


..........................................................


THE SAINT PAUL ISLAND CLIMATE NORMALS FOR TODAY
                         NORMAL    RECORD    YEAR
 MAXIMUM TEMPERATURE (F)   48        54      1951
 MINIMUM TEMPERATURE (F)   40        30      1973


SUNRISE AND SUNSET
JUNE 23 2017..........SUNRISE   626 AM AKDT  SUNSET  1221 AM AKDT
JUNE 24 2017..........SUNRISE   626 AM AKDT  SUNSET  1221 AM AKDT


-  INDICATES NEGATIVE NUMBERS.
R  INDICATES RECORD WAS SET OR TIED.
MM INDICATES DATA IS MISSING.
T  INDICATES TRACE AMOUNT.




$$
