000
CDAK48 PASN 211205
CLISNP

CLIMATE REPORT
NATIONAL WEATHER SERVICE ST PAUL, AK
405 AM AKDT THU AUG 21 2014

...................................
...THE ST PAUL AIRPORT CLIMATE SUMMARY FOR AUGUST 20 2014...

CLIMATE NORMAL PERIOD  1981 TO  2010
CLIMATE RECORD PERIOD  1892 TO  2014

WEATHER ITEM   OBSERVED TIME    RECORD YEAR NORMAL DEPARTURE LAST
               VALUE    (LST)   VALUE       VALUE  FROM      YEAR
                                                   NORMAL
...................................................................
TEMPERATURE
YESTERDAY
 MAXIMUM            58  0441 PM    60  2004     52       6     51
 MINIMUM            46  0729 AM    32  1979     46       0     46
 AVERAGE            52                          49       3     49

PRECIPITATION
(INCHES)
 YESTERDAY        0.01           0.99  1971   0.10   -0.09   0.05
 MONTH TO DATE    1.81                        1.90   -0.09   1.76
 SINCE JUN 1      3.90                        5.10   -1.20   4.93
 SINCE JAN 1     11.04                       11.26   -0.22  12.11

SNOWFALL
(INCHES)
 YESTERDAY         0.0            0.0  2014    0.0     0.0    0.0
 MONTH TO DATE     0.0                         0.0     0.0    0.0
 SINCE JUN 1       0.0                         0.0     0.0    0.0
 SINCE JUL 1       0.0                         0.0     0.0    0.0
 SNOW DEPTH (IN)     0                                          0

DEGREE DAYS
 HEATING
  YESTERDAY         13                          16      -3     16
  MONTH TO DATE    219                         321    -102    314
  SINCE JUN 1     1293                        1553    -260   1575
  SINCE JUL 1      665                         874    -209    865

 COOLING
  YESTERDAY          0                           0       0      0
  MONTH TO DATE      0                           0       0      0
  SINCE JUN 1        0                           0       0      0
  SINCE JAN 1        0                           0       0      0
...................................................................

WIND (MPH)
 HIGHEST WIND SPEED    16     HIGHEST WIND DIRECTION    110
 HIGHEST GUST SPEED    20     HIGHEST GUST DIRECTION    110
 AVERAGE WIND SPEED   9.3

SKY COVER
  POSSIBLE SUNSHINE    MM          AVERAGE SKY COVER     MM

WEATHER CONDITIONS
 THE FOLLOWING WEATHER WAS RECORDED YESTERDAY.
FOG
RAIN


RELATIVE HUMIDITY
 HIGHEST RH     MM PERCENT       MM
 LOWEST  RH     MM PERCENT       MM
 AVERAGE RH     MM PERCENT       MM
...................................................................

THE ST PAUL CLIMATE NORMALS FOR TODAY
                           NORMAL    RECORD   YEAR
 MAXIMUM TEMPERATURE (F)     52        58     2004
 MINIMUM TEMPERATURE (F)     46        34     1980

SUNRISE AND SUNSET
 AUG 21 2014..........SUNRISE  8:01 AM      SUNSET 10:46 PM
 AUG 22 2014..........SUNRISE  8:03 AM      SUNSET 10:44 PM

-  INDICATES NEGATIVE NUMBERS.
R  INDICATES RECORD HAS BEEN SET OR TIED.
MM INDICATES DATA IS MISSING.
T  INDICATES TRACE OF PRECIPITATION.

&&
-------------------------------------------------------------------

AMOUNT OF DAYLIGHT TODAY  (HOUR:MIN)........14 HOURS 45 MINUTES
GAIN/LOSS SINCE YESTERDAY (HOUR:MIN:SEC)....-0:04:38

$$
WIW AUG 14
