000
CDAK48 PASN 251303
CLISNP


CLIMATE REPORT
NATIONAL WEATHER SERVICE ANCHORAGE, AK
503 AM AKDT TUE APR 25 2017


...................................

...THE SAINT PAUL ISLAND CLIMATE SUMMARY FOR APRIL 24 2017...

CLIMATE NORMAL PERIOD 1981 TO 2010
CLIMATE RECORD PERIOD 1892 TO 2017


WEATHER ITEM   OBSERVED TIME   RECORD YEAR NORMAL DEPARTURE LAST
                VALUE   (LST)  VALUE       VALUE  FROM      YEAR
                                                  NORMAL
..................................................................
TEMPERATURE (F)
 YESTERDAY
  MAXIMUM         40    431 PM  43    1979  35      5       46
  MINIMUM         33    302 AM   2    1976  27      6       39
  AVERAGE         37                        31      6       43

PRECIPITATION (IN)
  YESTERDAY        T             0.69 1995   0.04  -0.04     0.02
  MONTH TO DATE    0.95                      0.87   0.08     1.09
  SINCE MAR 1      1.05                      1.94  -0.89     2.11
  SINCE JAN 1      4.14                      4.82  -0.68     4.87

SNOWFALL (IN)
  YESTERDAY        0.0          MM      MM   0.2   -0.2     MM
  MONTH TO DATE    0.2                       5.0   -4.8      0.0
  SINCE MAR 1      0.6                      13.0  -12.4      0.0
  SINCE JUL 1     48.8                      58.0   -9.2     23.7
  SNOW DEPTH       0

DEGREE DAYS
 HEATING
  YESTERDAY       28                        34     -6       22
  MONTH TO DATE  807                       875    -68      570
  SINCE MAR 1   2016                      2120   -104     1522
  SINCE JUL 1   7891                      9037  -1146     6707

 COOLING
  YESTERDAY        0                         0      0        0
  MONTH TO DATE    0                         0      0        0
  SINCE MAR 1      0                         0      0        0
  SINCE JAN 1      0                         0      0        0
..................................................................


WIND (MPH)
  RESULTANT WIND SPEED  12   RESULTANT WIND DIRECTION   E (80)
  HIGHEST WIND SPEED    17   HIGHEST WIND DIRECTION     E (80)
  HIGHEST GUST SPEED    22   HIGHEST GUST DIRECTION     E (80)
  AVERAGE WIND SPEED    12.5



WEATHER CONDITIONS
 THE FOLLOWING WEATHER WAS RECORDED YESTERDAY.
  LIGHT RAIN
  FOG


..........................................................


THE SAINT PAUL ISLAND CLIMATE NORMALS FOR TODAY
                         NORMAL    RECORD    YEAR
 MAXIMUM TEMPERATURE (F)   36        45      1979
 MINIMUM TEMPERATURE (F)   28         6      1976


SUNRISE AND SUNSET
APRIL 25 2017.........SUNRISE   745 AM AKDT  SUNSET  1053 PM AKDT
APRIL 26 2017.........SUNRISE   743 AM AKDT  SUNSET  1056 PM AKDT


-  INDICATES NEGATIVE NUMBERS.
R  INDICATES RECORD WAS SET OR TIED.
MM INDICATES DATA IS MISSING.
T  INDICATES TRACE AMOUNT.




$$
