000
CDUS46 KMTR 220029
CLISNS


CLIMATE REPORT
NATIONAL WEATHER SERVICE SAN FRANCISCO BAY AREA
429 PM PST SUN JAN 21 2018


...................................

...THE SALINAS AIRPORT CLIMATE SUMMARY FOR JANUARY 21 2018...
VALID TODAY AS OF 0400 PM LOCAL TIME.

CLIMATE NORMAL PERIOD 1981 TO 2010
CLIMATE RECORD PERIOD 1930 TO 2018


WEATHER ITEM   OBSERVED TIME   RECORD YEAR NORMAL DEPARTURE LAST
                VALUE   (LST)  VALUE       VALUE  FROM      YEAR
                                                  NORMAL
..................................................................
TEMPERATURE (F)
 TODAY
  MAXIMUM         59    219 PM  76    2014  62     -3       55
  MINIMUM         37    808 AM  18    1937  42     -5       43
  AVERAGE         48                        52     -4       49

PRECIPITATION (IN)
  TODAY            0.00          1.50 1943   0.08  -0.08     0.19
  MONTH TO DATE    1.44                      1.74  -0.30     4.84
  SINCE OCT 1      2.22                      5.65  -3.43     8.84
  SINCE JAN 1      1.44                      1.74  -0.30     4.84

DEGREE DAYS
 HEATING
  TODAY           17                        13      4       16
  MONTH TO DATE  186                       293   -107      307
  SINCE DEC 1    528                       728   -200      752
  SINCE JUL 1    964                      1346   -382     1322

 COOLING
  TODAY            0                         0      0        0
  MONTH TO DATE    0                         0      0        0
  SINCE DEC 1      0                         0      0        0
  SINCE JAN 1      0                         0      0        0
..................................................................


WIND (MPH)
  RESULTANT WIND SPEED   3   RESULTANT WIND DIRECTION   E (110)
  HIGHEST WIND SPEED    14   HIGHEST WIND DIRECTION     E (110)
  HIGHEST GUST SPEED    16   HIGHEST GUST DIRECTION     W (250)
  AVERAGE WIND SPEED     4.8


SKY COVER
  POSSIBLE SUNSHINE  MM
  AVERAGE SKY COVER 0.0


WEATHER CONDITIONS
 THE FOLLOWING WEATHER WAS RECORDED TODAY.
  NO SIGNIFICANT WEATHER WAS OBSERVED.


RELATIVE HUMIDITY (PERCENT)
 HIGHEST   100           300 AM
 LOWEST     47           200 PM
 AVERAGE    74

..........................................................


THE SALINAS AIRPORT CLIMATE NORMALS FOR TOMORROW
                         NORMAL    RECORD    YEAR
 MAXIMUM TEMPERATURE (F)   62        80      1968
 MINIMUM TEMPERATURE (F)   42        23      1937


SUNRISE AND SUNSET
JANUARY 21 2018.......SUNRISE   715 AM PST   SUNSET   521 PM PST
JANUARY 22 2018.......SUNRISE   715 AM PST   SUNSET   522 PM PST


-  INDICATES NEGATIVE NUMBERS.
R  INDICATES RECORD WAS SET OR TIED.
MM INDICATES DATA IS MISSING.
T  INDICATES TRACE AMOUNT.




$$
