296
CDUS46 KMTR 300840
CLISNS


CLIMATE REPORT
NATIONAL WEATHER SERVICE SAN FRANCISCO BAY AREA
140 AM PDT THU MAR 30 2017


...................................

...THE SALINAS AIRPORT CLIMATE SUMMARY FOR MARCH 29 2017...

CLIMATE NORMAL PERIOD 1981 TO 2010
CLIMATE RECORD PERIOD 1930 TO 2017


WEATHER ITEM   OBSERVED TIME   RECORD YEAR NORMAL DEPARTURE LAST
                VALUE   (LST)  VALUE       VALUE  FROM      YEAR
                                                  NORMAL
..................................................................
TEMPERATURE (F)
 YESTERDAY
  MAXIMUM         72   1119 AM  80    1997  66      6       62
  MINIMUM         45    611 AM  34    1975  45      0       41
  AVERAGE         59                        55      4       52

PRECIPITATION (IN)
  YESTERDAY        0.00          0.45 1946   0.06  -0.06     0.00
  MONTH TO DATE    1.23                      2.15  -0.92     3.45
  SINCE OCT 1     15.52                     11.15   4.37    12.84
  SINCE JAN 1     11.52                      7.24   4.28     7.94

DEGREE DAYS
 HEATING
  YESTERDAY        6                        10     -4       13
  MONTH TO DATE  228                       302    -74      214
  SINCE MAR 1    228                       302    -74      214
  SINCE JUL 1   1990                      2116   -126     1605

 COOLING
  YESTERDAY        0                         0      0        0
  MONTH TO DATE    1                         0      1        0
  SINCE MAR 1      1                         0      1        0
  SINCE JAN 1      1                         0      1        3
..................................................................


WIND (MPH)
  RESULTANT WIND SPEED   6   RESULTANT WIND DIRECTION   W (260)
  HIGHEST WIND SPEED    22   HIGHEST WIND DIRECTION     W (250)
  HIGHEST GUST SPEED    25   HIGHEST GUST DIRECTION     W (250)
  AVERAGE WIND SPEED     7.2


SKY COVER
  POSSIBLE SUNSHINE  MM
  AVERAGE SKY COVER 0.0


WEATHER CONDITIONS
 THE FOLLOWING WEATHER WAS RECORDED YESTERDAY.
  NO SIGNIFICANT WEATHER WAS OBSERVED.


RELATIVE HUMIDITY (PERCENT)
 HIGHEST    93           300 AM
 LOWEST     47          1100 AM
 AVERAGE    70

..........................................................


THE SALINAS AIRPORT CLIMATE NORMALS FOR TODAY
                         NORMAL    RECORD    YEAR
 MAXIMUM TEMPERATURE (F)   66        86      2001
 MINIMUM TEMPERATURE (F)   45        33      1967


SUNRISE AND SUNSET
MARCH 30 2017.........SUNRISE   655 AM PDT   SUNSET   727 PM PDT
MARCH 31 2017.........SUNRISE   653 AM PDT   SUNSET   728 PM PDT


-  INDICATES NEGATIVE NUMBERS.
R  INDICATES RECORD WAS SET OR TIED.
MM INDICATES DATA IS MISSING.
T  INDICATES TRACE AMOUNT.




$$
