000
CDUS46 KMTR 240836
CLISNS


CLIMATE REPORT
NATIONAL WEATHER SERVICE SAN FRANCISCO BAY AREA
135 AM PDT FRI OCT 24 2014


...................................

...THE SALINAS AIRPORT CLIMATE SUMMARY FOR OCTOBER 23 2014...

CLIMATE NORMAL PERIOD 1981 TO 2010
CLIMATE RECORD PERIOD 1930 TO 2014


WEATHER ITEM   OBSERVED TIME   RECORD YEAR NORMAL DEPARTURE LAST
                VALUE   (LST)  VALUE       VALUE  FROM      YEAR
                                                  NORMAL
..................................................................
TEMPERATURE (F)
 YESTERDAY
  MAXIMUM         78   1248 PM  99    1965  72      6       64
  MINIMUM         51    625 AM  33    1961  49      2       49
  AVERAGE         65                        60      5       57

PRECIPITATION (IN)
  YESTERDAY        0.00          0.69 1989   0.01  -0.01     0.00
  MONTH TO DATE    T                         0.36  -0.36     0.00
  SINCE JUL 1      0.11                      0.56  -0.45     0.11
  SINCE JAN 1      5.08                      9.28  -4.20     2.44

DEGREE DAYS
 HEATING
  YESTERDAY        0                         5     -5        8
  MONTH TO DATE   15                        91    -76       97
  SINCE SEP 1     26                       151   -125      115
  SINCE JUL 1     67                       286   -219      220

 COOLING
  YESTERDAY        0                         1     -1        0
  MONTH TO DATE   74                        23     51       17
  SINCE SEP 1    121                        59     62       71
  SINCE JAN 1    254                       128    126      155
..................................................................


WIND (MPH)
  RESULTANT WIND SPEED   3   RESULTANT WIND DIRECTION   W (270)
  HIGHEST WIND SPEED    15   HIGHEST WIND DIRECTION     W (260)
  HIGHEST GUST SPEED    18   HIGHEST GUST DIRECTION     W (280)
  AVERAGE WIND SPEED     3.8


SKY COVER
  POSSIBLE SUNSHINE  MM
  AVERAGE SKY COVER 0.0


WEATHER CONDITIONS
 THE FOLLOWING WEATHER WAS RECORDED YESTERDAY.
  NO SIGNIFICANT WEATHER WAS OBSERVED.


RELATIVE HUMIDITY (PERCENT)
 HIGHEST    89           300 AM
 LOWEST     40           100 PM
 AVERAGE    65

..........................................................


THE SALINAS AIRPORT CLIMATE NORMALS FOR TODAY
                         NORMAL    RECORD    YEAR
 MAXIMUM TEMPERATURE (F)   72        99      1965
 MINIMUM TEMPERATURE (F)   48        35      1956


SUNRISE AND SUNSET
OCTOBER 24 2014.......SUNRISE   622 AM PST   SUNSET   518 PM PST
OCTOBER 25 2014.......SUNRISE   623 AM PST   SUNSET   517 PM PST


-  INDICATES NEGATIVE NUMBERS.
R  INDICATES RECORD WAS SET OR TIED.
MM INDICATES DATA IS MISSING.
T  INDICATES TRACE AMOUNT.




$$
