959
CDUS46 KMTR 310835
CLISNS


CLIMATE REPORT
NATIONAL WEATHER SERVICE SAN FRANCISCO BAY AREA
135 AM PDT TUE MAY 31 2016


...................................

...THE SALINAS AIRPORT CLIMATE SUMMARY FOR MAY 30 2016...

CLIMATE NORMAL PERIOD 1981 TO 2010
CLIMATE RECORD PERIOD 1930 TO 2016


WEATHER ITEM   OBSERVED TIME   RECORD YEAR NORMAL DEPARTURE LAST
                VALUE   (LST)  VALUE       VALUE  FROM      YEAR
                                                  NORMAL
..................................................................
TEMPERATURE (F)
 YESTERDAY
  MAXIMUM         69   1139 AM  95    2001  69      0       68
  MINIMUM         52   1159 PM  41    1937  52      0       50
  AVERAGE         61                        60      1       59

PRECIPITATION (IN)
  YESTERDAY        0.00          0.13 1990   0.00   0.00     0.00
  MONTH TO DATE    0.10                      0.34  -0.24     0.20
  SINCE OCT 1     13.44                     12.53   0.91     9.66
  SINCE JAN 1      8.54                      8.62  -0.08     1.67

DEGREE DAYS
 HEATING
  YESTERDAY        4                         5     -1        6
  MONTH TO DATE  150                       178    -28      164
  SINCE MAR 1    554                       753   -199      454
  SINCE JUL 1   1945                      2567   -622     1303

 COOLING
  YESTERDAY        0                         0      0        0
  MONTH TO DATE    2                         0      2        0
  SINCE MAR 1     20                         7     13       23
  SINCE JAN 1     23                         7     16       31
..................................................................


WIND (MPH)
  RESULTANT WIND SPEED   6   RESULTANT WIND DIRECTION   W (290)
  HIGHEST WIND SPEED    20   HIGHEST WIND DIRECTION     W (270)
  HIGHEST GUST SPEED    24   HIGHEST GUST DIRECTION     W (270)
  AVERAGE WIND SPEED     8.4


SKY COVER
  POSSIBLE SUNSHINE  MM
  AVERAGE SKY COVER 0.6


WEATHER CONDITIONS
 THE FOLLOWING WEATHER WAS RECORDED YESTERDAY.
  FOG
  HAZE


RELATIVE HUMIDITY (PERCENT)
 HIGHEST    93          1000 PM
 LOWEST     58          1100 AM
 AVERAGE    76

..........................................................


THE SALINAS AIRPORT CLIMATE NORMALS FOR TODAY
                         NORMAL    RECORD    YEAR
 MAXIMUM TEMPERATURE (F)   69        90      1997
 MINIMUM TEMPERATURE (F)   52        42      2000


SUNRISE AND SUNSET
MAY 31 2016...........SUNRISE   449 AM PST   SUNSET   719 PM PST
JUNE  1 2016..........SUNRISE   449 AM PST   SUNSET   720 PM PST


-  INDICATES NEGATIVE NUMBERS.
R  INDICATES RECORD WAS SET OR TIED.
MM INDICATES DATA IS MISSING.
T  INDICATES TRACE AMOUNT.




$$
