000
CDUS46 KMTR 020826
CLISNS


CLIMATE REPORT
NATIONAL WEATHER SERVICE SAN FRANCISCO BAY AREA
126 AM PDT MON MAY 2 2016


...................................

...THE SALINAS AIRPORT CLIMATE SUMMARY FOR MAY 1 2016...

CLIMATE NORMAL PERIOD 1981 TO 2010
CLIMATE RECORD PERIOD 1930 TO 2016


WEATHER ITEM   OBSERVED TIME   RECORD YEAR NORMAL DEPARTURE LAST
                VALUE   (LST)  VALUE       VALUE  FROM      YEAR
                                                  NORMAL
..................................................................
TEMPERATURE (F)
 YESTERDAY
  MAXIMUM         80   1100 AM  90    2014  68     12       69
                                      1947
  MINIMUM         47    457 AM  34    1967  48     -1       53
  AVERAGE         64                        58      6       61

PRECIPITATION (IN)
  YESTERDAY        0.00          0.34 1942   0.02  -0.02     0.00
  MONTH TO DATE    0.00                      0.02  -0.02     0.00
  SINCE OCT 1     13.34                     12.21   1.13     9.46
  SINCE JAN 1      8.44                      8.30   0.14     1.47

DEGREE DAYS
 HEATING
  YESTERDAY        1                         7     -6        4
  MONTH TO DATE    1                         7     -6        4
  SINCE MAR 1    405                       582   -177      294
  SINCE JUL 1   1796                      2396   -600     1143

 COOLING
  YESTERDAY        0                         0      0        0
  MONTH TO DATE    0                         0      0        0
  SINCE MAR 1     18                         7     11       23
  SINCE JAN 1     21                         7     14       31
..................................................................


WIND (MPH)
  RESULTANT WIND SPEED   3   RESULTANT WIND DIRECTION  NW (330)
  HIGHEST WIND SPEED    23   HIGHEST WIND DIRECTION    NW (320)
  HIGHEST GUST SPEED    28   HIGHEST GUST DIRECTION    NW (300)
  AVERAGE WIND SPEED    11.3


SKY COVER
  POSSIBLE SUNSHINE  MM
  AVERAGE SKY COVER 0.3


WEATHER CONDITIONS
 THE FOLLOWING WEATHER WAS RECORDED YESTERDAY.
  HAZE


RELATIVE HUMIDITY (PERCENT)
 HIGHEST    86           200 AM
 LOWEST     26          1100 AM
 AVERAGE    56

..........................................................


THE SALINAS AIRPORT CLIMATE NORMALS FOR TODAY
                         NORMAL    RECORD    YEAR
 MAXIMUM TEMPERATURE (F)   68        89      2013
 MINIMUM TEMPERATURE (F)   48        38      1942


SUNRISE AND SUNSET
MAY  2 2016...........SUNRISE   511 AM PST   SUNSET   656 PM PST
MAY  3 2016...........SUNRISE   510 AM PST   SUNSET   657 PM PST


-  INDICATES NEGATIVE NUMBERS.
R  INDICATES RECORD WAS SET OR TIED.
MM INDICATES DATA IS MISSING.
T  INDICATES TRACE AMOUNT.




$$
