000
CDUS46 KMTR 270846
CLISNS


CLIMATE REPORT
NATIONAL WEATHER SERVICE SAN FRANCISCO BAY AREA
146 AM PDT WED JUL 27 2016


...................................

...THE SALINAS AIRPORT CLIMATE SUMMARY FOR JULY 26 2016...

CLIMATE NORMAL PERIOD 1981 TO 2010
CLIMATE RECORD PERIOD 1930 TO 2016


WEATHER ITEM   OBSERVED TIME   RECORD YEAR NORMAL DEPARTURE LAST
                VALUE   (LST)  VALUE       VALUE  FROM      YEAR
                                                  NORMAL
..................................................................
TEMPERATURE (F)
 YESTERDAY
  MAXIMUM         74   1213 PM  92    1963  71      3       70
  MINIMUM         53   1148 PM  44    1967  56     -3       59
  AVERAGE         64                        63      1       65

PRECIPITATION (IN)
  YESTERDAY        0.00          0.02 1938   0.00   0.00     0.00
  MONTH TO DATE    T                         0.00   0.00     0.01
  SINCE OCT 1     13.47                     12.63   0.84     9.82
  SINCE JAN 1      8.57                      8.72  -0.15     1.83

DEGREE DAYS
 HEATING
  YESTERDAY        1                         2     -1        0
  MONTH TO DATE   80                        72      8        2
  SINCE JUN 1    156                       185    -29       83
  SINCE JUL 1     80                        72      8        2

 COOLING
  YESTERDAY        0                         1     -1        0
  MONTH TO DATE    0                        26    -26       46
  SINCE JUN 1      8                        38    -30       58
  SINCE JAN 1     31                        54    -23       89
..................................................................


WIND (MPH)
  RESULTANT WIND SPEED   6   RESULTANT WIND DIRECTION   W (290)
  HIGHEST WIND SPEED    17   HIGHEST WIND DIRECTION    NW (300)
  HIGHEST GUST SPEED    23   HIGHEST GUST DIRECTION    NW (310)
  AVERAGE WIND SPEED     8.3


SKY COVER
  POSSIBLE SUNSHINE  MM
  AVERAGE SKY COVER 0.4


WEATHER CONDITIONS
 THE FOLLOWING WEATHER WAS RECORDED YESTERDAY.
  FOG
  FOG W/VISIBILITY <= 1/4 MILE
  HAZE


RELATIVE HUMIDITY (PERCENT)
 HIGHEST   100           100 AM
 LOWEST     49          1100 AM
 AVERAGE    75

..........................................................


THE SALINAS AIRPORT CLIMATE NORMALS FOR TODAY
                         NORMAL    RECORD    YEAR
 MAXIMUM TEMPERATURE (F)   71        89      1954
 MINIMUM TEMPERATURE (F)   56        45      1943


SUNRISE AND SUNSET
JULY 27 2016..........SUNRISE   509 AM PST   SUNSET   716 PM PST
JULY 28 2016..........SUNRISE   510 AM PST   SUNSET   716 PM PST


-  INDICATES NEGATIVE NUMBERS.
R  INDICATES RECORD WAS SET OR TIED.
MM INDICATES DATA IS MISSING.
T  INDICATES TRACE AMOUNT.




$$
