000
CDUS46 KMTR 230026
CLISNS


CLIMATE REPORT
NATIONAL WEATHER SERVICE SAN FRANCISCO BAY AREA
526 PM PDT FRI MAY 22 2015


...................................

...THE SALINAS AIRPORT CLIMATE SUMMARY FOR MAY 22 2015...
VALID TODAY AS OF 0500 PM LOCAL TIME.

CLIMATE NORMAL PERIOD 1981 TO 2010
CLIMATE RECORD PERIOD 1930 TO 2015


WEATHER ITEM   OBSERVED TIME   RECORD YEAR NORMAL DEPARTURE LAST
                VALUE   (LST)  VALUE       VALUE  FROM      YEAR
                                                  NORMAL
..................................................................
TEMPERATURE (F)
 TODAY
  MAXIMUM         67    240 PM  88    1943  69     -2       66
  MINIMUM         56    603 AM  36    1960  51      5       54
  AVERAGE         62                        60      2       60

PRECIPITATION (IN)
  TODAY            0.00          0.45 1958   0.01  -0.01     0.00
  MONTH TO DATE    0.20                      0.28  -0.08      T
  SINCE OCT 1      9.66                     12.47  -2.81     5.78
  SINCE JAN 1      1.67                      8.56  -6.89     4.95

DEGREE DAYS
 HEATING
  TODAY            3                         5     -2        5
  MONTH TO DATE  117                       138    -21       87
  SINCE MAR 1    407                       713   -306      469
  SINCE JUL 1   1256                      2527  -1271     1901

 COOLING
  TODAY            0                         0      0        0
  MONTH TO DATE    0                         0      0       34
  SINCE MAR 1     23                         7     16       48
  SINCE JAN 1     31                         7     24       50
..................................................................


WIND (MPH)
  RESULTANT WIND SPEED   7   RESULTANT WIND DIRECTION   W (270)
  HIGHEST WIND SPEED    20   HIGHEST WIND DIRECTION     W (290)
  HIGHEST GUST SPEED    24   HIGHEST GUST DIRECTION     W (290)
  AVERAGE WIND SPEED     7.6


SKY COVER
  POSSIBLE SUNSHINE  MM
  AVERAGE SKY COVER 0.8


WEATHER CONDITIONS
 THE FOLLOWING WEATHER WAS RECORDED TODAY.
  NO SIGNIFICANT WEATHER WAS OBSERVED.


RELATIVE HUMIDITY (PERCENT)
 HIGHEST    86           300 AM
 LOWEST     48           100 PM
 AVERAGE    67

..........................................................


THE SALINAS AIRPORT CLIMATE NORMALS FOR TOMORROW
                         NORMAL    RECORD    YEAR
 MAXIMUM TEMPERATURE (F)   69        89      1943
 MINIMUM TEMPERATURE (F)   51        39      1980


SUNRISE AND SUNSET
MAY 22 2015...........SUNRISE   454 AM PST   SUNSET   712 PM PST
MAY 23 2015...........SUNRISE   454 AM PST   SUNSET   713 PM PST


-  INDICATES NEGATIVE NUMBERS.
R  INDICATES RECORD WAS SET OR TIED.
MM INDICATES DATA IS MISSING.
T  INDICATES TRACE AMOUNT.




$$
