000
CDUS46 KMTR 230827
CLISNS


CLIMATE REPORT
NATIONAL WEATHER SERVICE SAN FRANCISCO BAY AREA
127 AM PDT SAT SEP 23 2017


...................................

...THE SALINAS AIRPORT CLIMATE SUMMARY FOR SEPTEMBER 22 2017...

CLIMATE NORMAL PERIOD 1981 TO 2010
CLIMATE RECORD PERIOD 1930 TO 2017


WEATHER ITEM   OBSERVED TIME   RECORD YEAR NORMAL DEPARTURE LAST
                VALUE   (LST)  VALUE       VALUE  FROM      YEAR
                                                  NORMAL
..................................................................
TEMPERATURE (F)
 YESTERDAY
  MAXIMUM         69   1218 PM 103    1949  74     -5       66
  MINIMUM         48    629 AM  40    1968  54     -6       53
  AVERAGE         59                        64     -5       60

PRECIPITATION (IN)
  YESTERDAY        0.00          0.19 1958   0.01  -0.01     0.00
  MONTH TO DATE    0.04                      0.10  -0.06     0.00
  SINCE OCT 1     16.49                     12.76   3.73    13.47
  SINCE JAN 1     12.49                      8.85   3.64     8.57

DEGREE DAYS
 HEATING
  YESTERDAY        6                         2      4        5
  MONTH TO DATE   21                        44    -23       59
  SINCE SEP 1     21                        44    -23       59
  SINCE JUL 1    112                       179    -67      207

 COOLING
  YESTERDAY        0                         1     -1        0
  MONTH TO DATE  125                        22    103       16
  SINCE SEP 1    125                        22    103       16
  SINCE JAN 1    193                        91    102       49
..................................................................


WIND (MPH)
  RESULTANT WIND SPEED   3   RESULTANT WIND DIRECTION   W (260)
  HIGHEST WIND SPEED    18   HIGHEST WIND DIRECTION     W (270)
  HIGHEST GUST SPEED    23   HIGHEST GUST DIRECTION     W (270)
  AVERAGE WIND SPEED     6.1


SKY COVER
  POSSIBLE SUNSHINE  MM
  AVERAGE SKY COVER 0.0


WEATHER CONDITIONS
 THE FOLLOWING WEATHER WAS RECORDED YESTERDAY.
  NO SIGNIFICANT WEATHER WAS OBSERVED.


RELATIVE HUMIDITY (PERCENT)
 HIGHEST    93           300 AM
 LOWEST     45          1100 AM
 AVERAGE    69

..........................................................


THE SALINAS AIRPORT CLIMATE NORMALS FOR TODAY
                         NORMAL    RECORD    YEAR
 MAXIMUM TEMPERATURE (F)   74        99      1978
 MINIMUM TEMPERATURE (F)   54        40      1941


SUNRISE AND SUNSET
SEPTEMBER 23 2017.....SUNRISE   655 AM PDT   SUNSET   701 PM PDT
SEPTEMBER 24 2017.....SUNRISE   656 AM PDT   SUNSET   700 PM PDT


-  INDICATES NEGATIVE NUMBERS.
R  INDICATES RECORD WAS SET OR TIED.
MM INDICATES DATA IS MISSING.
T  INDICATES TRACE AMOUNT.




$$
