000
CDUS46 KMTR 190826
CLISNS


CLIMATE REPORT
NATIONAL WEATHER SERVICE SAN FRANCISCO BAY AREA
1226 AM PST SUN FEB 19 2017


...................................

...THE SALINAS AIRPORT CLIMATE SUMMARY FOR FEBRUARY 18 2017...

CLIMATE NORMAL PERIOD 1981 TO 2010
CLIMATE RECORD PERIOD 1930 TO 2017


WEATHER ITEM   OBSERVED TIME   RECORD YEAR NORMAL DEPARTURE LAST
                VALUE   (LST)  VALUE       VALUE  FROM      YEAR
                                                  NORMAL
..................................................................
TEMPERATURE (F)
 YESTERDAY
  MAXIMUM         57    230 PM  79    1935  63     -6       63
  MINIMUM         46   1155 PM  30    1933  44      2       47
  AVERAGE         52                        53     -1       55

PRECIPITATION (IN)
  YESTERDAY        0.01          0.78 2001   0.09  -0.08     0.11
  MONTH TO DATE    2.58                      1.60   0.98     0.45
  SINCE OCT 1     12.44                      8.11   4.33     9.39
  SINCE JAN 1      8.44                      4.20   4.24     4.49

DEGREE DAYS
 HEATING
  YESTERDAY       13                        12      1       10
  MONTH TO DATE  148                       222    -74      119
  SINCE DEC 1   1039                      1082    -43      959
  SINCE JUL 1   1609                      1700    -91     1319

 COOLING
  YESTERDAY        0                         0      0        0
  MONTH TO DATE    0                         0      0        3
  SINCE DEC 1      0                         0      0        3
  SINCE JAN 1      0                         0      0        3
..................................................................


WIND (MPH)
  RESULTANT WIND SPEED   9   RESULTANT WIND DIRECTION   W (250)
  HIGHEST WIND SPEED    26   HIGHEST WIND DIRECTION     W (260)
  HIGHEST GUST SPEED    41   HIGHEST GUST DIRECTION    NW (300)
  AVERAGE WIND SPEED    13.7


SKY COVER
  POSSIBLE SUNSHINE  MM
  AVERAGE SKY COVER 0.8


WEATHER CONDITIONS
 THE FOLLOWING WEATHER WAS RECORDED YESTERDAY.
  RAIN
  LIGHT RAIN
  FOG
  HAZE


RELATIVE HUMIDITY (PERCENT)
 HIGHEST    89          1200 AM
 LOWEST     63          1000 PM
 AVERAGE    76

..........................................................


THE SALINAS AIRPORT CLIMATE NORMALS FOR TODAY
                         NORMAL    RECORD    YEAR
 MAXIMUM TEMPERATURE (F)   63        80      1964
 MINIMUM TEMPERATURE (F)   44        29      1933


SUNRISE AND SUNSET
FEBRUARY 19 2017......SUNRISE   649 AM PST   SUNSET   551 PM PST
FEBRUARY 20 2017......SUNRISE   648 AM PST   SUNSET   552 PM PST


-  INDICATES NEGATIVE NUMBERS.
R  INDICATES RECORD WAS SET OR TIED.
MM INDICATES DATA IS MISSING.
T  INDICATES TRACE AMOUNT.




$$
