000
CDUS46 KMTR 210037
CLISNS


CLIMATE REPORT
NATIONAL WEATHER SERVICE SAN FRANCISCO BAY AREA
537 PM PDT SUN APR 20 2014


...................................

...THE SALINAS AIRPORT CLIMATE SUMMARY FOR APRIL 20 2014...
VALID TODAY AS OF 0500 PM LOCAL TIME.

CLIMATE NORMAL PERIOD 1981 TO 2010
CLIMATE RECORD PERIOD 1930 TO 2014


WEATHER ITEM   OBSERVED TIME   RECORD YEAR NORMAL DEPARTURE LAST
                VALUE   (LST)  VALUE       VALUE  FROM      YEAR
                                                  NORMAL
..................................................................
TEMPERATURE (F)
 TODAY
  MAXIMUM         76   1216 PM  99    2009  68      8       72
  MINIMUM         51    728 AM  34    1972  47      4       49
  AVERAGE         64                        57      7       61

PRECIPITATION (IN)
  TODAY            0.00          0.60 2010   0.02  -0.02     0.00
  MONTH TO DATE    0.37                      0.71  -0.34     0.27
  SINCE JUL 1      5.66                     12.17  -6.51     8.92
  SINCE JAN 1      4.72                      8.06  -3.34     2.28

DEGREE DAYS
 HEATING
  TODAY            1                         8     -7        4
  MONTH TO DATE  122                       178    -56      153
  SINCE MAR 1    320                       498   -178      433
  SINCE JUL 1   1752                      2312   -560     2188

 COOLING
  TODAY            0                         0      0        0
  MONTH TO DATE    3                         0      3        0
  SINCE MAR 1      4                         1      3        0
  SINCE JAN 1      6                         1      5        0
..................................................................


WIND (MPH)
  RESULTANT WIND SPEED   4   RESULTANT WIND DIRECTION   W (280)
  HIGHEST WIND SPEED    17   HIGHEST WIND DIRECTION     W (280)
  HIGHEST GUST SPEED    20   HIGHEST GUST DIRECTION     W (290)
  AVERAGE WIND SPEED     7.2


SKY COVER
  POSSIBLE SUNSHINE  MM
  AVERAGE SKY COVER 0.5


WEATHER CONDITIONS
 THE FOLLOWING WEATHER WAS RECORDED TODAY.
  FOG


RELATIVE HUMIDITY (PERCENT)
 HIGHEST   100           800 AM
 LOWEST     46          1200 PM
 AVERAGE    73

..........................................................


THE SALINAS AIRPORT CLIMATE NORMALS FOR TOMORROW
                         NORMAL    RECORD    YEAR
 MAXIMUM TEMPERATURE (F)   68        99      2009
 MINIMUM TEMPERATURE (F)   47        33      1932


SUNRISE AND SUNSET
APRIL 20 2014.........SUNRISE   526 AM PST   SUNSET   645 PM PST
APRIL 21 2014.........SUNRISE   525 AM PST   SUNSET   646 PM PST


-  INDICATES NEGATIVE NUMBERS.
R  INDICATES RECORD WAS SET OR TIED.
MM INDICATES DATA IS MISSING.
T  INDICATES TRACE AMOUNT.




$$
