789
CDUS45 KPIH 172327
CLISNT


CLIMATE REPORT
NATIONAL WEATHER SERVICE POCATELLO ID
524 PM MDT THU AUG 17 2017


...................................

...THE STANLEY ID CLIMATE SUMMARY FOR AUGUST 17 2017...
VALID TODAY AS OF 0500 PM LOCAL TIME.

CLIMATE NORMAL PERIOD 1981 TO 2010
CLIMATE RECORD PERIOD 1916 TO 2017


WEATHER ITEM   OBSERVED TIME   RECORD YEAR NORMAL DEPARTURE LAST
                VALUE   (LST)  VALUE       VALUE  FROM      YEAR
                                                  NORMAL
..................................................................
TEMPERATURE (F)
 TODAY
  MAXIMUM         80    342 PM  90    1967  77      3       86
  MINIMUM         33    526 AM  21    1987  35     -2       41
  AVERAGE         57                        56      1       64

PRECIPITATION (IN)
  TODAY            0.00          0.71 1918   0.02  -0.02     0.00
  MONTH TO DATE    0.43                      0.33   0.10     0.02
  SINCE OCT 1     28.98                     15.79  13.19    17.15
  SINCE JAN 1     17.65                     10.94   6.71     9.58

SNOWFALL (IN)
  TODAY           MM
  MONTH TO DATE   MM
  SINCE JUN 1     MM
  SINCE JUL 1     MM
  SNOW DEPTH      MM

DEGREE DAYS
 HEATING
  TODAY            8                         9     -1        1
  MONTH TO DATE   78                       124    -46      124
  SINCE JUN 1    495                       819   -324      664
  SINCE JUL 1    151                       365   -214      360

 COOLING
  TODAY            0                         0      0        0
  MONTH TO DATE    0                         0      0        0
  SINCE JUN 1     21                         3     18        3
  SINCE JAN 1     21                         3     18        3
..................................................................


WIND (MPH)
  HIGHEST WIND SPEED    13   HIGHEST WIND DIRECTION    NE (40)
  HIGHEST GUST SPEED    18   HIGHEST GUST DIRECTION    NE (40)
  AVERAGE WIND SPEED     3.2


SKY COVER
  POSSIBLE SUNSHINE  MM
  AVERAGE SKY COVER 0.0


WEATHER CONDITIONS
 THE FOLLOWING WEATHER WAS RECORDED TODAY.
  NO SIGNIFICANT WEATHER WAS OBSERVED.


RELATIVE HUMIDITY (PERCENT)
 HIGHEST    82           400 AM
 LOWEST     16           200 PM
 AVERAGE    49

..........................................................


THE STANLEY ID CLIMATE NORMALS FOR TOMORROW
                         NORMAL    RECORD    YEAR
 MAXIMUM TEMPERATURE (F)   77        90      1967
 MINIMUM TEMPERATURE (F)   34        18      1920


SUNRISE AND SUNSET
AUGUST 17 2017........SUNRISE   646 AM MDT   SUNSET   841 PM MDT
AUGUST 18 2017........SUNRISE   647 AM MDT   SUNSET   839 PM MDT


-  INDICATES NEGATIVE NUMBERS.
R  INDICATES RECORD WAS SET OR TIED.
MM INDICATES DATA IS MISSING.
T  INDICATES TRACE AMOUNT.




$$
