000
CDUS45 KPIH 242323
CLISNT


CLIMATE REPORT
NATIONAL WEATHER SERVICE POCATELLO ID
520 PM MDT SUN MAY 24 2015


...................................

...THE STANLEY ID CLIMATE SUMMARY FOR MAY 24 2015...
VALID TODAY AS OF 0500 PM LOCAL TIME.

CLIMATE NORMAL PERIOD 1981 TO 2010
CLIMATE RECORD PERIOD 1916 TO 2015


WEATHER ITEM   OBSERVED TIME   RECORD YEAR NORMAL DEPARTURE LAST
                VALUE   (LST)  VALUE       VALUE  FROM      YEAR
                                                  NORMAL
..................................................................
TEMPERATURE (F)
 TODAY
  MAXIMUM         65    328 PM  81    2003  60      5       70
  MINIMUM         33    243 AM  19    1964  30      3       30
  AVERAGE         49                        45      4       50

PRECIPITATION (IN)
  TODAY            0.00          0.42 1917   0.05  -0.05     0.00
  MONTH TO DATE    1.91                      1.35   0.56     0.65
  SINCE OCT 1     14.16                     13.04   1.12    16.04
  SINCE JAN 1      7.45                      8.19  -0.74    12.43

SNOWFALL (IN)
  TODAY           MM
  MONTH TO DATE   MM
  SINCE MAR 1     MM
  SINCE JUL 1     MM
  SNOW DEPTH      MM

DEGREE DAYS
 HEATING
  TODAY           16                        20     -4       15
  MONTH TO DATE  464                       550    -86      527
  SINCE MAR 1   2229                      2676   -447     2639
  SINCE JUL 1   8607                     10210  -1603     9807

 COOLING
  TODAY            0                         0      0        0
  MONTH TO DATE    0                         0      0        0
  SINCE MAR 1      0                         0      0        0
  SINCE JAN 1      0                         0      0        0
..................................................................


WIND (MPH)
  HIGHEST WIND SPEED    18   HIGHEST WIND DIRECTION    NE (30)
  HIGHEST GUST SPEED    23   HIGHEST GUST DIRECTION     N (360)
  AVERAGE WIND SPEED     3.5


SKY COVER
  POSSIBLE SUNSHINE  MM
  AVERAGE SKY COVER 0.0


WEATHER CONDITIONS
 THE FOLLOWING WEATHER WAS RECORDED TODAY.
  NO SIGNIFICANT WEATHER WAS OBSERVED.


RELATIVE HUMIDITY (PERCENT)
 HIGHEST    92           200 AM
 LOWEST     34           400 PM
 AVERAGE    63

..........................................................


THE STANLEY ID CLIMATE NORMALS FOR TOMORROW
                         NORMAL    RECORD    YEAR
 MAXIMUM TEMPERATURE (F)   61        79      1992
 MINIMUM TEMPERATURE (F)   30        16      1920


SUNRISE AND SUNSET
MAY 24 2015...........SUNRISE   605 AM MDT   SUNSET   909 PM MDT
MAY 25 2015...........SUNRISE   604 AM MDT   SUNSET   910 PM MDT


-  INDICATES NEGATIVE NUMBERS.
R  INDICATES RECORD WAS SET OR TIED.
MM INDICATES DATA IS MISSING.
T  INDICATES TRACE AMOUNT.




$$
