506
CDUS45 KPIH 252324
CLISNT


CLIMATE REPORT
NATIONAL WEATHER SERVICE POCATELLO ID
424 PM MST SUN FEB 25 2018


...................................

...THE STANLEY ID CLIMATE SUMMARY FOR FEBRUARY 25 2018...
VALID TODAY AS OF 0400 PM LOCAL TIME.

CLIMATE NORMAL PERIOD 1981 TO 2010
CLIMATE RECORD PERIOD 1916 TO 2018


WEATHER ITEM   OBSERVED TIME   RECORD YEAR NORMAL DEPARTURE LAST
                VALUE   (LST)  VALUE       VALUE  FROM      YEAR
                                                  NORMAL
..................................................................
TEMPERATURE (F)
 TODAY
  MAXIMUM         27    131 PM  53    1986  37    -10       22
  MINIMUM          6    436 AM -29    1975   6      0       -3
  AVERAGE         17                        21     -4       10

PRECIPITATION (IN)
  TODAY            0.00          1.53 1917   0.06  -0.06     0.00
  MONTH TO DATE    0.96                      1.58  -0.62     6.74
  SINCE OCT 1     11.43                      7.95   3.48    18.33
  SINCE JAN 1      3.19                      3.10   0.09     7.00

SNOWFALL (IN)
  TODAY           MM
  MONTH TO DATE   MM
  SINCE DEC 1     MM
  SINCE JUL 1     MM
  SNOW DEPTH      MM

DEGREE DAYS
 HEATING
  TODAY           48                        44      4       55
  MONTH TO DATE 1108                      1177    -69      971
  SINCE DEC 1   3849                      4309   -460     4497
  SINCE JUL 1   6490                      7406   -916     7114

 COOLING
  TODAY            0                         0      0        0
  MONTH TO DATE    0                         0      0        0
  SINCE DEC 1      0                         0      0        0
  SINCE JAN 1      0                         0      0        0
..................................................................


WIND (MPH)
  HIGHEST WIND SPEED    20   HIGHEST WIND DIRECTION     S (190)
  HIGHEST GUST SPEED    27   HIGHEST GUST DIRECTION     S (180)
  AVERAGE WIND SPEED     6.5


SKY COVER
  POSSIBLE SUNSHINE  MM
  AVERAGE SKY COVER 0.0


WEATHER CONDITIONS
 THE FOLLOWING WEATHER WAS RECORDED TODAY.
  NO SIGNIFICANT WEATHER WAS OBSERVED.


RELATIVE HUMIDITY (PERCENT)
 HIGHEST    83           400 AM
 LOWEST     50           100 PM
 AVERAGE    67

..........................................................


THE STANLEY ID CLIMATE NORMALS FOR TOMORROW
                         NORMAL    RECORD    YEAR
 MAXIMUM TEMPERATURE (F)   37        50      2006
                                             1986
 MINIMUM TEMPERATURE (F)    7       -23      1964


SUNRISE AND SUNSET
FEBRUARY 25 2018......SUNRISE   723 AM MST   SUNSET   623 PM MST
FEBRUARY 26 2018......SUNRISE   722 AM MST   SUNSET   624 PM MST


-  INDICATES NEGATIVE NUMBERS.
R  INDICATES RECORD WAS SET OR TIED.
MM INDICATES DATA IS MISSING.
T  INDICATES TRACE AMOUNT.




$$
