000
CDUS45 KPIH 210735
CLISNT


CLIMATE REPORT
NATIONAL WEATHER SERVICE POCATELLO ID
133 AM MDT THU AUG 21 2014


...................................

...THE STANLEY ID CLIMATE SUMMARY FOR AUGUST 20 2014...

CLIMATE NORMAL PERIOD 1981 TO 2010
CLIMATE RECORD PERIOD 1916 TO 2014


WEATHER ITEM   OBSERVED TIME   RECORD YEAR NORMAL DEPARTURE LAST
                VALUE   (LST)  VALUE       VALUE  FROM      YEAR
                                                  NORMAL
..................................................................
TEMPERATURE (F)
 YESTERDAY
  MAXIMUM         71   1204 PM  88    2009  77     -6       86
                                      1992
  MINIMUM         38    628 AM  19    1928  34      4       35
  AVERAGE         55                        55      0       61

PRECIPITATION (IN)
  YESTERDAY        0.08          0.55 1983   0.02   0.06     0.00
  MONTH TO DATE    0.44                      0.38   0.06     0.04
  SINCE OCT 1     17.67                     15.84   1.83    14.46
  SINCE JAN 1     14.06                     10.99   3.07     6.27

SNOWFALL (IN)
  YESTERDAY       MM
  MONTH TO DATE   MM
  SINCE JUN 1     MM
  SINCE JUL 1     MM
  SNOW DEPTH      MM

DEGREE DAYS
 HEATING
  YESTERDAY       10                        10      0        4
  MONTH TO DATE   89                       152    -63      127
  SINCE JUN 1    671                       847   -176      639
  SINCE JUL 1    201                       393   -192      270

 COOLING
  YESTERDAY        0                         0      0        0
  MONTH TO DATE    4                         0      4        0
  SINCE JUN 1     16                         3     13       19
  SINCE JAN 1     16                         3     13       19
..................................................................


WIND (MPH)
  HIGHEST WIND SPEED    18   HIGHEST WIND DIRECTION    NW (300)
  HIGHEST GUST SPEED    27   HIGHEST GUST DIRECTION     W (280)
  AVERAGE WIND SPEED     2.2


SKY COVER
  POSSIBLE SUNSHINE  MM
  AVERAGE SKY COVER 0.0


WEATHER CONDITIONS
 THE FOLLOWING WEATHER WAS RECORDED YESTERDAY.
  NO SIGNIFICANT WEATHER WAS OBSERVED.


RELATIVE HUMIDITY (PERCENT)
 HIGHEST    92           500 AM
 LOWEST     33          1200 PM
 AVERAGE    63

..........................................................


THE STANLEY ID CLIMATE NORMALS FOR TODAY
                         NORMAL    RECORD    YEAR
 MAXIMUM TEMPERATURE (F)   76        90      2009
                                             1969
 MINIMUM TEMPERATURE (F)   34        22      1928


SUNRISE AND SUNSET
AUGUST 21 2014........SUNRISE   650 AM MDT   SUNSET   835 PM MDT
AUGUST 22 2014........SUNRISE   651 AM MDT   SUNSET   833 PM MDT


-  INDICATES NEGATIVE NUMBERS.
R  INDICATES RECORD WAS SET OR TIED.
MM INDICATES DATA IS MISSING.
T  INDICATES TRACE AMOUNT.




$$
