000
CDUS45 KPIH 280730
CLISNT


CLIMATE REPORT
NATIONAL WEATHER SERVICE POCATELLO ID
1229 AM MST FRI NOV 28 2014


...................................

...THE STANLEY ID CLIMATE SUMMARY FOR NOVEMBER 27 2014...

CLIMATE NORMAL PERIOD 1981 TO 2010
CLIMATE RECORD PERIOD 1916 TO 2014


WEATHER ITEM   OBSERVED TIME   RECORD YEAR NORMAL DEPARTURE LAST
                VALUE   (LST)  VALUE       VALUE  FROM      YEAR
                                                  NORMAL
..................................................................
TEMPERATURE (F)
 YESTERDAY
  MAXIMUM         49    201 PM  52    1924  29     20       39
  MINIMUM         30    335 AM -30    1919   8     22       14
  AVERAGE         40                        18     22       27

PRECIPITATION (IN)
  YESTERDAY        0.01          0.52 1991   0.05  -0.04     0.00
  MONTH TO DATE    2.23                      1.97   0.26     1.69
  SINCE OCT 1      3.54                      3.44   0.10     2.06
  SINCE JAN 1     19.45                     15.65   3.80    12.56

SNOWFALL (IN)
  YESTERDAY       MM
  MONTH TO DATE   MM
  SINCE SEP 1     MM
  SINCE JUL 1     MM
  SNOW DEPTH      MM

DEGREE DAYS
 HEATING
  YESTERDAY       25                        47    -22       38
  MONTH TO DATE 1053                      1092    -39     1042
  SINCE SEP 1   2140                      2436   -296     2343
  SINCE JUL 1   2479                      2956   -477     2670

 COOLING
  YESTERDAY        0                         0      0        0
  MONTH TO DATE    0                         0      0        0
  SINCE SEP 1      0                         0      0        0
  SINCE JAN 1     16                         3     13       19
..................................................................


WIND (MPH)
  HIGHEST WIND SPEED    22   HIGHEST WIND DIRECTION    SW (230)
  HIGHEST GUST SPEED    34   HIGHEST GUST DIRECTION    SW (230)
  AVERAGE WIND SPEED     4.9


SKY COVER
  POSSIBLE SUNSHINE  MM
  AVERAGE SKY COVER 0.0


WEATHER CONDITIONS
 THE FOLLOWING WEATHER WAS RECORDED YESTERDAY.
  NO SIGNIFICANT WEATHER WAS OBSERVED.


RELATIVE HUMIDITY (PERCENT)
 HIGHEST    89           700 PM
 LOWEST     42           800 AM
 AVERAGE    66

..........................................................


THE STANLEY ID CLIMATE NORMALS FOR TODAY
                         NORMAL    RECORD    YEAR
 MAXIMUM TEMPERATURE (F)   28        48      1980
 MINIMUM TEMPERATURE (F)    8       -28      1919


SUNRISE AND SUNSET
NOVEMBER 28 2014......SUNRISE   752 AM MST   SUNSET   504 PM MST
NOVEMBER 29 2014......SUNRISE   753 AM MST   SUNSET   503 PM MST


-  INDICATES NEGATIVE NUMBERS.
R  INDICATES RECORD WAS SET OR TIED.
MM INDICATES DATA IS MISSING.
T  INDICATES TRACE AMOUNT.




$$
