000
CDUS45 KPIH 280736
CLISNT


CLIMATE REPORT
NATIONAL WEATHER SERVICE POCATELLO ID
132 AM MDT SAT MAR 28 2015


...................................

...THE STANLEY ID CLIMATE SUMMARY FOR MARCH 27 2015...

CLIMATE NORMAL PERIOD 1981 TO 2010
CLIMATE RECORD PERIOD 1916 TO 2015


WEATHER ITEM   OBSERVED TIME   RECORD YEAR NORMAL DEPARTURE LAST
                VALUE   (LST)  VALUE       VALUE  FROM      YEAR
                                                  NORMAL
..................................................................
TEMPERATURE (F)
 YESTERDAY
  MAXIMUM         65R   348 PM  60    1997  43     22       34
  MINIMUM         24    714 AM -23    1975  15      9       23
  AVERAGE         45                        29     16       29

PRECIPITATION (IN)
  YESTERDAY        0.00          0.45 1928   0.06  -0.06     0.27
  MONTH TO DATE    0.96                      1.55  -0.59     2.30
  SINCE OCT 1     10.94                      9.71   1.23    12.45
  SINCE JAN 1      4.23                      4.86  -0.63     8.84

SNOWFALL (IN)
  YESTERDAY       MM
  MONTH TO DATE   MM
  SINCE MAR 1     MM
  SINCE JUL 1     MM
  SNOW DEPTH      MM

DEGREE DAYS
 HEATING
  YESTERDAY       20                        36    -16       36
  MONTH TO DATE  841                      1042   -201      995
  SINCE MAR 1    841                      1042   -201      995
  SINCE JUL 1   7219                      8576  -1357     8163

 COOLING
  YESTERDAY        0                         0      0        0
  MONTH TO DATE    0                         0      0        0
  SINCE MAR 1      0                         0      0        0
  SINCE JAN 1      0                         0      0        0
..................................................................


WIND (MPH)
  HIGHEST WIND SPEED    12   HIGHEST WIND DIRECTION    NW (330)
  HIGHEST GUST SPEED    17   HIGHEST GUST DIRECTION     S (190)
  AVERAGE WIND SPEED     2.9


SKY COVER
  POSSIBLE SUNSHINE  MM
  AVERAGE SKY COVER 0.0


WEATHER CONDITIONS
 THE FOLLOWING WEATHER WAS RECORDED YESTERDAY.
  NO SIGNIFICANT WEATHER WAS OBSERVED.


RELATIVE HUMIDITY (PERCENT)
 HIGHEST    92           300 AM
 LOWEST     27           200 PM
 AVERAGE    60

..........................................................


THE STANLEY ID CLIMATE NORMALS FOR TODAY
                         NORMAL    RECORD    YEAR
 MAXIMUM TEMPERATURE (F)   43        62      1978
 MINIMUM TEMPERATURE (F)   16       -28      1975


SUNRISE AND SUNSET
MARCH 28 2015.........SUNRISE   729 AM MDT   SUNSET   802 PM MDT
MARCH 29 2015.........SUNRISE   727 AM MDT   SUNSET   803 PM MDT


-  INDICATES NEGATIVE NUMBERS.
R  INDICATES RECORD WAS SET OR TIED.
MM INDICATES DATA IS MISSING.
T  INDICATES TRACE AMOUNT.




$$
