000
CDUS45 KPIH 310736
CLISNT


CLIMATE REPORT
NATIONAL WEATHER SERVICE POCATELLO ID
1234 AM MST SAT JAN 31 2015


...................................

...THE STANLEY ID CLIMATE SUMMARY FOR JANUARY 30 2015...

CLIMATE NORMAL PERIOD 1981 TO 2010
CLIMATE RECORD PERIOD 1916 TO 2015


WEATHER ITEM   OBSERVED TIME   RECORD YEAR NORMAL DEPARTURE LAST
                VALUE   (LST)  VALUE       VALUE  FROM      YEAR
                                                  NORMAL
..................................................................
TEMPERATURE (F)
 YESTERDAY
  MAXIMUM         27    418 PM  54    1971  29     -2       32
  MINIMUM          1   1159 PM -43    1979   1      0        2
  AVERAGE         14                        15     -1       17

PRECIPITATION (IN)
  YESTERDAY        0.00          0.55 2006   0.04  -0.04     0.05
  MONTH TO DATE    1.44                      1.48  -0.04     1.96
  SINCE OCT 1      8.15                      6.33   1.82     5.57
  SINCE JAN 1      1.44                      1.48  -0.04     1.96

SNOWFALL (IN)
  YESTERDAY       MM
  MONTH TO DATE   MM
  SINCE DEC 1     MM
  SINCE JUL 1     MM
  SNOW DEPTH      MM

DEGREE DAYS
 HEATING
  YESTERDAY       51                        50      1       48
  MONTH TO DATE 1363                      1520   -157     1458
  SINCE DEC 1   2725                      3085   -360     3094
  SINCE JUL 1   5318                      6182   -864     5883

 COOLING
  YESTERDAY        0                         0      0        0
  MONTH TO DATE    0                         0      0        0
  SINCE DEC 1      0                         0      0        0
  SINCE JAN 1      0                         0      0        0
..................................................................


WIND (MPH)
  HIGHEST WIND SPEED     9   HIGHEST WIND DIRECTION     E (110)
  HIGHEST GUST SPEED    12   HIGHEST GUST DIRECTION     E (110)
  AVERAGE WIND SPEED     2.3


SKY COVER
  POSSIBLE SUNSHINE  MM
  AVERAGE SKY COVER 0.0


WEATHER CONDITIONS
 THE FOLLOWING WEATHER WAS RECORDED YESTERDAY.
  NO SIGNIFICANT WEATHER WAS OBSERVED.


RELATIVE HUMIDITY (PERCENT)
 HIGHEST    88           900 PM
 LOWEST     57           400 PM
 AVERAGE    73

..........................................................


THE STANLEY ID CLIMATE NORMALS FOR TODAY
                         NORMAL    RECORD    YEAR
 MAXIMUM TEMPERATURE (F)   29        52      1971
 MINIMUM TEMPERATURE (F)    1       -43      1923


SUNRISE AND SUNSET
JANUARY 31 2015.......SUNRISE   759 AM MST   SUNSET   548 PM MST
FEBRUARY  1 2015......SUNRISE   758 AM MST   SUNSET   549 PM MST


-  INDICATES NEGATIVE NUMBERS.
R  INDICATES RECORD WAS SET OR TIED.
MM INDICATES DATA IS MISSING.
T  INDICATES TRACE AMOUNT.




$$
