000
CDUS45 KPIH 230734
CLISNT


CLIMATE REPORT
NATIONAL WEATHER SERVICE POCATELLO ID
1232 AM MST SUN NOV 23 2014


...................................

...THE STANLEY ID CLIMATE SUMMARY FOR NOVEMBER 22 2014...

CLIMATE NORMAL PERIOD 1981 TO 2010
CLIMATE RECORD PERIOD 1916 TO 2014


WEATHER ITEM   OBSERVED TIME   RECORD YEAR NORMAL DEPARTURE LAST
                VALUE   (LST)  VALUE       VALUE  FROM      YEAR
                                                  NORMAL
..................................................................
TEMPERATURE (F)
 YESTERDAY
  MAXIMUM         38   1032 AM  50    1989  31      7       28
  MINIMUM         25   1141 PM -26    1994  10     15       -7
  AVERAGE         32                        20     12       11

PRECIPITATION (IN)
  YESTERDAY        0.57R         0.42 1998   0.05   0.52     0.00
  MONTH TO DATE    2.11                      1.73   0.38     1.69
  SINCE OCT 1      3.42                      3.20   0.22     2.06
  SINCE JAN 1     19.33                     15.41   3.92    12.56

SNOWFALL (IN)
  YESTERDAY       MM
  MONTH TO DATE   MM
  SINCE SEP 1     MM
  SINCE JUL 1     MM
  SNOW DEPTH      MM

DEGREE DAYS
 HEATING
  YESTERDAY       33                        45    -12       54
  MONTH TO DATE  886                       862     24      822
  SINCE SEP 1   1973                      2206   -233     2123
  SINCE JUL 1   2312                      2726   -414     2450

 COOLING
  YESTERDAY        0                         0      0        0
  MONTH TO DATE    0                         0      0        0
  SINCE SEP 1      0                         0      0        0
  SINCE JAN 1     16                         3     13       19
..................................................................


WIND (MPH)
  HIGHEST WIND SPEED    21   HIGHEST WIND DIRECTION    SE (150)
  HIGHEST GUST SPEED    31   HIGHEST GUST DIRECTION     S (160)
  AVERAGE WIND SPEED     6.9


SKY COVER
  POSSIBLE SUNSHINE  MM
  AVERAGE SKY COVER 0.0


WEATHER CONDITIONS
 THE FOLLOWING WEATHER WAS RECORDED YESTERDAY.
  NO SIGNIFICANT WEATHER WAS OBSERVED.


RELATIVE HUMIDITY (PERCENT)
 HIGHEST    92           800 PM
 LOWEST     47           300 PM
 AVERAGE    70

..........................................................


THE STANLEY ID CLIMATE NORMALS FOR TODAY
                         NORMAL    RECORD    YEAR
 MAXIMUM TEMPERATURE (F)   31        54      1924
 MINIMUM TEMPERATURE (F)    9       -29      1982


SUNRISE AND SUNSET
NOVEMBER 23 2014......SUNRISE   745 AM MST   SUNSET   506 PM MST
NOVEMBER 24 2014......SUNRISE   747 AM MST   SUNSET   506 PM MST


-  INDICATES NEGATIVE NUMBERS.
R  INDICATES RECORD WAS SET OR TIED.
MM INDICATES DATA IS MISSING.
T  INDICATES TRACE AMOUNT.




$$
