000
CDUS45 KPIH 212325
CLISNT


CLIMATE REPORT
NATIONAL WEATHER SERVICE POCATELLO ID
524 PM MDT SUN SEP 21 2014


...................................

...THE STANLEY ID CLIMATE SUMMARY FOR SEPTEMBER 21 2014...
VALID TODAY AS OF 0500 PM LOCAL TIME.

CLIMATE NORMAL PERIOD 1981 TO 2010
CLIMATE RECORD PERIOD 1916 TO 2014


WEATHER ITEM   OBSERVED TIME   RECORD YEAR NORMAL DEPARTURE LAST
                VALUE   (LST)  VALUE       VALUE  FROM      YEAR
                                                  NORMAL
..................................................................
TEMPERATURE (F)
 TODAY
  MAXIMUM         74    150 PM  82    1967  65      9       68
  MINIMUM         34    638 AM  11    1916  27      7       31
  AVERAGE         54                        46      8       50

PRECIPITATION (IN)
  TODAY            0.00          0.47 1984   0.02  -0.02     0.00
  MONTH TO DATE    0.01                      0.71  -0.70     0.59
  SINCE OCT 1     18.33                     16.85   1.48    15.23
  SINCE JAN 1     14.72                     12.00   2.72     7.04

SNOWFALL (IN)
  TODAY           MM
  MONTH TO DATE   MM
  SINCE SEP 1     MM
  SINCE JUL 1     MM
  SNOW DEPTH      MM

DEGREE DAYS
 HEATING
  TODAY           11                        19     -8       15
  MONTH TO DATE  299                       340    -41      206
  SINCE SEP 1    299                       340    -41      206
  SINCE JUL 1    638                       860   -222      533

 COOLING
  TODAY            0                         0      0        0
  MONTH TO DATE    0                         0      0        0
  SINCE SEP 1      0                         0      0        0
  SINCE JAN 1     16                         3     13       19
..................................................................


WIND (MPH)
  HIGHEST WIND SPEED    13   HIGHEST WIND DIRECTION    SE (150)
  HIGHEST GUST SPEED    20   HIGHEST GUST DIRECTION    SE (130)
  AVERAGE WIND SPEED     3.0


SKY COVER
  POSSIBLE SUNSHINE  MM
  AVERAGE SKY COVER 0.0


WEATHER CONDITIONS
 THE FOLLOWING WEATHER WAS RECORDED TODAY.
  NO SIGNIFICANT WEATHER WAS OBSERVED.


RELATIVE HUMIDITY (PERCENT)
 HIGHEST    89           600 AM
 LOWEST     25           200 PM
 AVERAGE    57

..........................................................


THE STANLEY ID CLIMATE NORMALS FOR TOMORROW
                         NORMAL    RECORD    YEAR
 MAXIMUM TEMPERATURE (F)   65        84      1987
 MINIMUM TEMPERATURE (F)   27        12      1993


SUNRISE AND SUNSET
SEPTEMBER 21 2014.....SUNRISE   726 AM MDT   SUNSET   739 PM MDT
SEPTEMBER 22 2014.....SUNRISE   727 AM MDT   SUNSET   737 PM MDT


-  INDICATES NEGATIVE NUMBERS.
R  INDICATES RECORD WAS SET OR TIED.
MM INDICATES DATA IS MISSING.
T  INDICATES TRACE AMOUNT.




$$
