000
CDUS45 KPIH 310731
CLISNT


CLIMATE REPORT
NATIONAL WEATHER SERVICE POCATELLO ID
130 AM MDT WED AUG 31 2016


...................................

...THE STANLEY ID CLIMATE SUMMARY FOR AUGUST 30 2016...

CLIMATE NORMAL PERIOD 1981 TO 2010
CLIMATE RECORD PERIOD 1916 TO 2016


WEATHER ITEM   OBSERVED TIME   RECORD YEAR NORMAL DEPARTURE LAST
                VALUE   (LST)  VALUE       VALUE  FROM      YEAR
                                                  NORMAL
..................................................................
TEMPERATURE (F)
 YESTERDAY
  MAXIMUM         85    239 PM  89    1970  73     12       68
  MINIMUM         37    545 AM  17    1969  31      6       38
  AVERAGE         61                        52      9       53

PRECIPITATION (IN)
  YESTERDAY        0.00          0.43 2009   0.03  -0.03     0.15
  MONTH TO DATE    0.02                      0.65  -0.63     0.57
  SINCE OCT 1     17.15                     16.11   1.04    17.23
  SINCE JAN 1      9.58                     11.26  -1.68    10.52

SNOWFALL (IN)
  YESTERDAY       MM
  MONTH TO DATE   MM
  SINCE JUN 1     MM
  SINCE JUL 1     MM
  SNOW DEPTH      MM

DEGREE DAYS
 HEATING
  YESTERDAY        4                        13     -9       12
  MONTH TO DATE  242                       266    -24      185
  SINCE JUN 1    782                       961   -179      635
  SINCE JUL 1    478                       507    -29      401

 COOLING
  YESTERDAY        0                         0      0        0
  MONTH TO DATE    0                         0      0        7
  SINCE JUN 1      3                         3      0       25
  SINCE JAN 1      3                         3      0       25
..................................................................


WIND (MPH)
  HIGHEST WIND SPEED    18   HIGHEST WIND DIRECTION     S (190)
  HIGHEST GUST SPEED    26   HIGHEST GUST DIRECTION     S (190)
  AVERAGE WIND SPEED     3.8


SKY COVER
  POSSIBLE SUNSHINE  MM
  AVERAGE SKY COVER 0.0


WEATHER CONDITIONS
 THE FOLLOWING WEATHER WAS RECORDED YESTERDAY.
  NO SIGNIFICANT WEATHER WAS OBSERVED.


RELATIVE HUMIDITY (PERCENT)
 HIGHEST    59           600 AM
 LOWEST     10           200 PM
 AVERAGE    35

..........................................................


THE STANLEY ID CLIMATE NORMALS FOR TODAY
                         NORMAL    RECORD    YEAR
 MAXIMUM TEMPERATURE (F)   73        86      1991
 MINIMUM TEMPERATURE (F)   31        18      2006
                                             1969


SUNRISE AND SUNSET
AUGUST 31 2016........SUNRISE   702 AM MDT   SUNSET   817 PM MDT
SEPTEMBER  1 2016.....SUNRISE   703 AM MDT   SUNSET   815 PM MDT


-  INDICATES NEGATIVE NUMBERS.
R  INDICATES RECORD WAS SET OR TIED.
MM INDICATES DATA IS MISSING.
T  INDICATES TRACE AMOUNT.




$$
