000
CDUS45 KCYS 270727
CLISNY


CLIMATE REPORT
NATIONAL WEATHER SERVICE CHEYENNE WY
1226 AM MST TUE JAN 27 2015


...................................

...THE SIDNEY NE AIRPORT CLIMATE SUMMARY FOR JANUARY 26 2015...

CLIMATE NORMAL PERIOD 1981 TO 2010
CLIMATE RECORD PERIOD 1948 TO 2015


WEATHER ITEM   OBSERVED TIME   RECORD YEAR NORMAL DEPARTURE LAST
                VALUE   (LST)  VALUE       VALUE  FROM      YEAR
                                                  NORMAL
..................................................................
TEMPERATURE (F)
 YESTERDAY
  MAXIMUM         67R   300 PM  67    1951  42     25       56
  MINIMUM         32   1135 PM -21    1950  17     15       15
  AVERAGE         50                        29     21       36

PRECIPITATION (IN)
  YESTERDAY        0.00          0.53 1973   0.01  -0.01     0.01
  MONTH TO DATE    0.03                      0.16  -0.13     0.05
  SINCE JAN 1      0.03                      0.16  -0.13     0.05

DEGREE DAYS
 HEATING
  YESTERDAY       15                        36    -21       29
  MONTH TO DATE  988                       936     52      892
  SINCE DEC 1   2191                      2061    130     2034
  SINCE JUL 1   3681                      3483    198     3526

 COOLING
  YESTERDAY        0                         0      0        0
  MONTH TO DATE    0                         0      0        0
  SINCE DEC 1      0                         0      0        0
  SINCE JAN 1      0                         0      0        0
..................................................................


WIND (MPH)
  HIGHEST WIND SPEED    22   HIGHEST WIND DIRECTION    NW (330)
  HIGHEST GUST SPEED    27   HIGHEST GUST DIRECTION    NW (320)
  AVERAGE WIND SPEED    12.4


SKY COVER
  AVERAGE SKY COVER 0.0


WEATHER CONDITIONS
 THE FOLLOWING WEATHER WAS RECORDED YESTERDAY.
  NO SIGNIFICANT WEATHER WAS OBSERVED.


RELATIVE HUMIDITY (PERCENT)
 HIGHEST    70           800 PM
 LOWEST     26           100 PM
 AVERAGE    48

..........................................................


THE SIDNEY NE AIRPORT CLIMATE NORMALS FOR TODAY
                         NORMAL    RECORD    YEAR
 MAXIMUM TEMPERATURE (F)   42        73      1982
 MINIMUM TEMPERATURE (F)   17       -25      1948


SUNRISE AND SUNSET
JANUARY 27 2015.......SUNRISE   707 AM MST   SUNSET   502 PM MST
JANUARY 28 2015.......SUNRISE   707 AM MST   SUNSET   504 PM MST


-  INDICATES NEGATIVE NUMBERS.
R  INDICATES RECORD WAS SET OR TIED.
MM INDICATES DATA IS MISSING.
T  INDICATES TRACE AMOUNT.




$$
