000
CDUS45 KCYS 282130
CLISNY


CLIMATE REPORT
NATIONAL WEATHER SERVICE CHEYENNE WY
330 PM MDT SUN AUG 28 2016


...................................

...THE SIDNEY NE AIRPORT CLIMATE SUMMARY FOR AUGUST 28 2016...
VALID AS OF 0300 PM LOCAL TIME.

CLIMATE NORMAL PERIOD 1981 TO 2010
CLIMATE RECORD PERIOD 1948 TO 2016


WEATHER ITEM   OBSERVED TIME   RECORD YEAR NORMAL DEPARTURE LAST
                VALUE   (LST)  VALUE       VALUE  FROM      YEAR
                                                  NORMAL
..................................................................
TEMPERATURE (F)
 TODAY
  MAXIMUM         89    159 PM 102    2012  86      3       89
                                      1948
  MINIMUM         53    528 AM  36    1964  56     -3       51
  AVERAGE         71                        71      0       70

PRECIPITATION (IN)
  TODAY            0.00          0.92 1980   0.07  -0.07     0.00
  MONTH TO DATE    2.22                      2.06   0.16     0.54
  SINCE JAN 1     11.42                     14.96  -3.54    19.27

DEGREE DAYS
 HEATING
  TODAY            0                         1     -1        0
  MONTH TO DATE   26                         1     25       31
  SINCE JUN 1     36                        63    -27       38
  SINCE JUL 1     26                         4     22       38

 COOLING
  TODAY            6                         7     -1        5
  MONTH TO DATE  167                       246    -79      192
  SINCE JUN 1    688                       702    -14      541
  SINCE JAN 1    692                       724    -32      541
..................................................................


WIND (MPH)
  HIGHEST WIND SPEED    18   HIGHEST WIND DIRECTION    SE (140)
  HIGHEST GUST SPEED    23   HIGHEST GUST DIRECTION    SE (140)
  AVERAGE WIND SPEED     6.8


SKY COVER
  AVERAGE SKY COVER 0.1


WEATHER CONDITIONS
 THE FOLLOWING WEATHER WAS RECORDED TODAY.
  NO SIGNIFICANT WEATHER WAS OBSERVED.


RELATIVE HUMIDITY (PERCENT)
 HIGHEST    93           400 AM
 LOWEST     24           100 PM
 AVERAGE    59

..........................................................


THE SIDNEY NE AIRPORT CLIMATE NORMALS FOR TOMORROW
                         NORMAL    RECORD    YEAR
 MAXIMUM TEMPERATURE (F)   86       103      2012
 MINIMUM TEMPERATURE (F)   56        41      1988


SUNRISE AND SUNSET
AUGUST 28 2016........SUNRISE   615 AM MDT   SUNSET   730 PM MDT
AUGUST 29 2016........SUNRISE   616 AM MDT   SUNSET   728 PM MDT


-  INDICATES NEGATIVE NUMBERS.
R  INDICATES RECORD WAS SET OR TIED.
MM INDICATES DATA IS MISSING.
T  INDICATES TRACE AMOUNT.




$$
