000
CDUS45 KCYS 260730
CLISNY


CLIMATE REPORT
NATIONAL WEATHER SERVICE CHEYENNE WY
130 AM MDT TUE MAY 26 2015


...................................

...THE SIDNEY NE AIRPORT CLIMATE SUMMARY FOR MAY 25 2015...

CLIMATE NORMAL PERIOD 1981 TO 2010
CLIMATE RECORD PERIOD 1948 TO 2015


WEATHER ITEM   OBSERVED TIME   RECORD YEAR NORMAL DEPARTURE LAST
                VALUE   (LST)  VALUE       VALUE  FROM      YEAR
                                                  NORMAL
..................................................................
TEMPERATURE (F)
 YESTERDAY
  MAXIMUM         57    108 PM  90    1964  74    -17       76
  MINIMUM         44   1147 PM  28    2001  46     -2       54
  AVERAGE         51                        60     -9       65

PRECIPITATION (IN)
  YESTERDAY        0.32          1.04 1950   0.10   0.22     0.00
  MONTH TO DATE    7.49                      2.42   5.07     2.26
  SINCE JAN 1     14.02                      6.09   7.93     4.26

DEGREE DAYS
 HEATING
  YESTERDAY       14                         6      8        0
  MONTH TO DATE  356                       221    135      267
  SINCE MAR 1   1532                      1551    -19     1586
  SINCE JUL 1   6264                      6133    131     6575

 COOLING
  YESTERDAY        0                         1     -1        0
  MONTH TO DATE    0                        16    -16        0
  SINCE MAR 1      0                        17    -17        0
  SINCE JAN 1      0                        17    -17        0
..................................................................


WIND (MPH)
  HIGHEST WIND SPEED    22   HIGHEST WIND DIRECTION    NW (300)
  HIGHEST GUST SPEED    27   HIGHEST GUST DIRECTION    NW (300)
  AVERAGE WIND SPEED    10.1


SKY COVER
  AVERAGE SKY COVER 0.8


WEATHER CONDITIONS
 THE FOLLOWING WEATHER WAS RECORDED YESTERDAY.
  RAIN
  LIGHT RAIN
  FOG


RELATIVE HUMIDITY (PERCENT)
 HIGHEST   100           100 AM
 LOWEST     77           600 PM
 AVERAGE    89

..........................................................


THE SIDNEY NE AIRPORT CLIMATE NORMALS FOR TODAY
                         NORMAL    RECORD    YEAR
 MAXIMUM TEMPERATURE (F)   74        92      2012
 MINIMUM TEMPERATURE (F)   47        31      1950


SUNRISE AND SUNSET
MAY 26 2015...........SUNRISE   525 AM MDT   SUNSET   813 PM MDT
MAY 27 2015...........SUNRISE   525 AM MDT   SUNSET   814 PM MDT


-  INDICATES NEGATIVE NUMBERS.
R  INDICATES RECORD WAS SET OR TIED.
MM INDICATES DATA IS MISSING.
T  INDICATES TRACE AMOUNT.




$$
