000
CDUS45 KCYS 301303
CLISNY


CLIMATE REPORT
NATIONAL WEATHER SERVICE CHEYENNE WY
702 AM MDT MON MAR 30 2015


...................................

...THE SIDNEY NE AIRPORT CLIMATE SUMMARY FOR MARCH 29 2015...

CLIMATE NORMAL PERIOD 1981 TO 2010
CLIMATE RECORD PERIOD 1948 TO 2015


WEATHER ITEM   OBSERVED TIME   RECORD YEAR NORMAL DEPARTURE LAST
                VALUE   (LST)  VALUE       VALUE  FROM      YEAR
                                                  NORMAL
..................................................................
TEMPERATURE (F)
 YESTERDAY
  MAXIMUM         63    320 PM  82    1967  56      7       67
  MINIMUM         37   1051 PM  -6    1975  28      9       29
  AVERAGE         50                        42      8       48

PRECIPITATION (IN)
  YESTERDAY        0.00          1.11 1981   0.05  -0.05     0.00
  MONTH TO DATE    0.25                      1.00  -0.75     0.56
  SINCE JAN 1      0.99                      1.52  -0.53     1.51

DEGREE DAYS
 HEATING
  YESTERDAY       15                        23     -8       17
  MONTH TO DATE  626                       759   -133      775
  SINCE MAR 1    626                       759   -133      775
  SINCE JUL 1   5358                      5341     17     5764

 COOLING
  YESTERDAY        0                         0      0        0
  MONTH TO DATE    0                         0      0        0
  SINCE MAR 1      0                         0      0        0
  SINCE JAN 1      0                         0      0        0
..................................................................


WIND (MPH)
  HIGHEST WIND SPEED    41   HIGHEST WIND DIRECTION     N (340)
  HIGHEST GUST SPEED    53   HIGHEST GUST DIRECTION    NW (330)
  AVERAGE WIND SPEED    16.9


SKY COVER
  AVERAGE SKY COVER 0.0


WEATHER CONDITIONS
 THE FOLLOWING WEATHER WAS RECORDED YESTERDAY.
  NO SIGNIFICANT WEATHER WAS OBSERVED.


RELATIVE HUMIDITY (PERCENT)
 HIGHEST    59           900 PM
 LOWEST     22           400 PM
 AVERAGE    41

..........................................................


THE SIDNEY NE AIRPORT CLIMATE NORMALS FOR TODAY
                         NORMAL    RECORD    YEAR
 MAXIMUM TEMPERATURE (F)   57        82      2010
 MINIMUM TEMPERATURE (F)   28        -6      1975


SUNRISE AND SUNSET
MARCH 30 2015.........SUNRISE   639 AM MDT   SUNSET   715 PM MDT
MARCH 31 2015.........SUNRISE   637 AM MDT   SUNSET   716 PM MDT


-  INDICATES NEGATIVE NUMBERS.
R  INDICATES RECORD WAS SET OR TIED.
MM INDICATES DATA IS MISSING.
T  INDICATES TRACE AMOUNT.




$$
