000
CDUS45 KCYS 280327
CLISNY


CLIMATE REPORT
NATIONAL WEATHER SERVICE CHEYENNE WY
927 PM MDT TUE SEP 27 2016


...................................

...THE SIDNEY NE AIRPORT CLIMATE SUMMARY FOR SEPTEMBER 27 2016...
VALID TODAY AS OF 0900 PM LOCAL TIME.

CLIMATE NORMAL PERIOD 1981 TO 2010
CLIMATE RECORD PERIOD 1948 TO 2016


WEATHER ITEM   OBSERVED TIME   RECORD YEAR NORMAL DEPARTURE LAST
                VALUE   (LST)  VALUE       VALUE  FROM      YEAR
                                                  NORMAL
..................................................................
TEMPERATURE (F)
 TODAY
  MAXIMUM         85    205 PM  94    1953  73     12       91
  MINIMUM         40    558 AM  21    1964  43     -3       48
  AVERAGE         63                        58      5       70

PRECIPITATION (IN)
  TODAY            0.00          0.29 2013   0.03  -0.03     0.00
  MONTH TO DATE    0.60                      1.15  -0.55     0.25
  SINCE JAN 1     12.11                     16.31  -4.20    19.52

DEGREE DAYS
 HEATING
  TODAY            2                         8     -6        0
  MONTH TO DATE   94                       103     -9       41
  SINCE SEP 1     94                       103     -9       41
  SINCE JUL 1    120                       114      6       79

 COOLING
  TODAY            0                         1     -1        5
  MONTH TO DATE   61                        82    -21       98
  SINCE SEP 1     61                        82    -21       98
  SINCE JAN 1    764                       824    -60      666
..................................................................


WIND (MPH)
  HIGHEST WIND SPEED    13   HIGHEST WIND DIRECTION     N (340)
  HIGHEST GUST SPEED    15   HIGHEST GUST DIRECTION     N (350)
  AVERAGE WIND SPEED     6.8


SKY COVER
  AVERAGE SKY COVER 0.0


WEATHER CONDITIONS
 THE FOLLOWING WEATHER WAS RECORDED TODAY.
  NO SIGNIFICANT WEATHER WAS OBSERVED.


RELATIVE HUMIDITY (PERCENT)
 HIGHEST    92           600 AM
 LOWEST     14           300 PM
 AVERAGE    53

..........................................................


THE SIDNEY NE AIRPORT CLIMATE NORMALS FOR TOMORROW
                         NORMAL    RECORD    YEAR
 MAXIMUM TEMPERATURE (F)   73        92      1969
 MINIMUM TEMPERATURE (F)   42        22      1985


SUNRISE AND SUNSET
SEPTEMBER 27 2016.....SUNRISE   645 AM MDT   SUNSET   640 PM MDT
SEPTEMBER 28 2016.....SUNRISE   646 AM MDT   SUNSET   638 PM MDT


-  INDICATES NEGATIVE NUMBERS.
R  INDICATES RECORD WAS SET OR TIED.
MM INDICATES DATA IS MISSING.
T  INDICATES TRACE AMOUNT.




$$
