000
CDUS45 KPUB 301050
CLISPD


CLIMATE REPORT
NATIONAL WEATHER SERVICE PUEBLO
449 AM MDT THU MAR 30 2017


...................................

...THE SPRINGFIELD CO CLIMATE SUMMARY FOR MARCH 29 2017...

CLIMATE NORMAL PERIOD 1981 TO 2010
CLIMATE RECORD PERIOD 9999 TO 9999


WEATHER ITEM   OBSERVED TIME   NORMAL DEPARTURE LAST
                VALUE   (LST)  VALUE  FROM      YEAR
                                      NORMAL
......................................................
TEMPERATURE (F)
 YESTERDAY
  MAXIMUM         44    513 PM  62    -18       75
  MINIMUM         33   1159 PM  31      2       46
  AVERAGE         39                            61

PRECIPITATION (IN)
  YESTERDAY       MM             0.05  MM        0.00
  MONTH TO DATE    0.02          1.04  -1.02     0.06
  SINCE MAR 1      0.02          1.04  -1.02     0.06
  SINCE JAN 1      0.21          1.85  -1.64     0.38

DEGREE DAYS
 HEATING
  YESTERDAY       26            18      8        4
  MONTH TO DATE  491           650   -159      602
  SINCE MAR 1    491           650   -159      602
  SINCE JUL 1   4081          4656   -575     4278

 COOLING
  YESTERDAY        0             0      0        0
  MONTH TO DATE    0             0      0        0
  SINCE MAR 1      0             0      0        0
  SINCE JAN 1      0             0      0        0
......................................................


WIND (MPH)
  HIGHEST WIND SPEED    38   HIGHEST WIND DIRECTION     N (350)
  HIGHEST GUST SPEED    46   HIGHEST GUST DIRECTION     N (350)
  AVERAGE WIND SPEED    21.5


SKY COVER
  POSSIBLE SUNSHINE  MM



RELATIVE HUMIDITY (PERCENT)
 HIGHEST   100          1200 AM
 LOWEST     76           500 PM
 AVERAGE    88

..........................................................


THE SPRINGFIELD CO CLIMATE NORMALS FOR TODAY
                         NORMAL    RECORD    YEAR
 MAXIMUM TEMPERATURE (F)   62        MM        MM
 MINIMUM TEMPERATURE (F)   31        MM        MM


SUNRISE AND SUNSET
MARCH 30 2017.........SUNRISE   639 AM MDT   SUNSET   712 PM MDT
MARCH 31 2017.........SUNRISE   637 AM MDT   SUNSET   712 PM MDT


-  INDICATES NEGATIVE NUMBERS.
R  INDICATES RECORD WAS SET OR TIED.
MM INDICATES DATA IS MISSING.
T  INDICATES TRACE AMOUNT.




$$
