000
CDUS45 KPUB 251053
CLISPD


CLIMATE REPORT
NATIONAL WEATHER SERVICE PUEBLO
453 AM MDT MON MAY 25 2015


...................................

...THE SPRINGFIELD CO CLIMATE SUMMARY FOR MAY 24 2015...

CLIMATE NORMAL PERIOD 1981 TO 2010
CLIMATE RECORD PERIOD 9999 TO 9999


WEATHER ITEM   OBSERVED TIME   NORMAL DEPARTURE LAST
                VALUE   (LST)  VALUE  FROM      YEAR
                                      NORMAL
......................................................
TEMPERATURE (F)
 YESTERDAY
  MAXIMUM         71    228 PM  78     -7       71
  MINIMUM         44   1158 PM  50     -6       55
  AVERAGE         58                            63

PRECIPITATION (IN)
  YESTERDAY        0.00          0.10  -0.10     0.01
  MONTH TO DATE    4.30          1.67   2.63     0.66
  SINCE MAR 1      5.53          4.07   1.46     2.03
  SINCE JAN 1      7.37          4.88   2.49     2.36

DEGREE DAYS
 HEATING
  YESTERDAY        7             3      4        2
  MONTH TO DATE  207           145     62      162
  SINCE MAR 1   1197          1238    -41     1298
  SINCE JUL 1   5101          5244   -143     5295

 COOLING
  YESTERDAY        0             2     -2        0
  MONTH TO DATE    0            30    -30       29
  SINCE MAR 1      0            34    -34       35
  SINCE JAN 1      0            34    -34       35
......................................................


WIND (MPH)
  HIGHEST WIND SPEED    24   HIGHEST WIND DIRECTION    NW (310)
  HIGHEST GUST SPEED    31   HIGHEST GUST DIRECTION     W (290)
  AVERAGE WIND SPEED     8.9


SKY COVER
  POSSIBLE SUNSHINE  MM



RELATIVE HUMIDITY (PERCENT)
 HIGHEST   100          1200 AM
 LOWEST     49           100 PM
 AVERAGE    75

..........................................................


THE SPRINGFIELD CO CLIMATE NORMALS FOR TODAY
                         NORMAL    RECORD    YEAR
 MAXIMUM TEMPERATURE (F)   79        MM        MM
 MINIMUM TEMPERATURE (F)   50        MM        MM


SUNRISE AND SUNSET
MAY 25 2015...........SUNRISE   535 AM MDT   SUNSET   800 PM MDT
MAY 26 2015...........SUNRISE   534 AM MDT   SUNSET   801 PM MDT


-  INDICATES NEGATIVE NUMBERS.
R  INDICATES RECORD WAS SET OR TIED.
MM INDICATES DATA IS MISSING.
T  INDICATES TRACE AMOUNT.




$$
