000
CDUS45 KPUB 271152
CLISPD


CLIMATE REPORT
NATIONAL WEATHER SERVICE PUEBLO
452 AM MST FRI FEB 27 2015


...................................

...THE SPRINGFIELD CO CLIMATE SUMMARY FOR FEBRUARY 26 2015...

CLIMATE NORMAL PERIOD 1981 TO 2010
CLIMATE RECORD PERIOD 9999 TO 9999


WEATHER ITEM   OBSERVED TIME   NORMAL DEPARTURE LAST
                VALUE   (LST)  VALUE  FROM      YEAR
                                      NORMAL
......................................................
TEMPERATURE (F)
 YESTERDAY
  MAXIMUM         26   1216 AM  52    -26       48
  MINIMUM         12   1159 PM  23    -11        2
  AVERAGE         19                            25

PRECIPITATION (IN)
  YESTERDAY        0.13          0.01   0.12     0.00
  MONTH TO DATE    0.60          0.41   0.19     0.13
  SINCE DEC 1      2.41          1.29   1.12     0.33
  SINCE JAN 1      1.64          0.78   0.86     0.33

DEGREE DAYS
 HEATING
  YESTERDAY       46            27     19       40
  MONTH TO DATE  746           777    -31      835
  SINCE DEC 1   2669          2807   -138     2843
  SINCE JUL 1   3801          3953   -152     3955

 COOLING
  YESTERDAY        0             0      0        0
  MONTH TO DATE    0             0      0        0
  SINCE DEC 1      0             0      0        0
  SINCE JAN 1      0             0      0        0
......................................................


WIND (MPH)
  HIGHEST WIND SPEED    21   HIGHEST WIND DIRECTION    NE (30)
  HIGHEST GUST SPEED    26   HIGHEST GUST DIRECTION    NE (40)
  AVERAGE WIND SPEED    11.7


SKY COVER
  POSSIBLE SUNSHINE  MM



RELATIVE HUMIDITY (PERCENT)
 HIGHEST    92           200 AM
 LOWEST     74           900 AM
 AVERAGE    83

..........................................................


THE SPRINGFIELD CO CLIMATE NORMALS FOR TODAY
                         NORMAL    RECORD    YEAR
 MAXIMUM TEMPERATURE (F)   53        MM        MM
 MINIMUM TEMPERATURE (F)   23        MM        MM


SUNRISE AND SUNSET
FEBRUARY 27 2015......SUNRISE   625 AM MST   SUNSET   542 PM MST
FEBRUARY 28 2015......SUNRISE   623 AM MST   SUNSET   543 PM MST


-  INDICATES NEGATIVE NUMBERS.
R  INDICATES RECORD WAS SET OR TIED.
MM INDICATES DATA IS MISSING.
T  INDICATES TRACE AMOUNT.




$$
