000
CDUS43 KILX 242202
CLISPI


CLIMATE REPORT
NATIONAL WEATHER SERVICE LINCOLN IL
501 PM CDT WED AUG 24 2016


...................................

...THE SPRINGFIELD IL CLIMATE SUMMARY FOR AUGUST 24 2016...
VALID TODAY AS OF 0400 PM LOCAL TIME.

CLIMATE NORMAL PERIOD 1981 TO 2010
CLIMATE RECORD PERIOD 1879 TO 2016


WEATHER ITEM   OBSERVED TIME   RECORD YEAR NORMAL DEPARTURE LAST
                VALUE   (LST)  VALUE       VALUE  FROM      YEAR
                                                  NORMAL
..................................................................
TEMPERATURE (F)
 TODAY
  MAXIMUM         89    203 PM 101    1947  85      4       78
                                      1936
  MINIMUM         73    139 AM  49    1966  63     10       51
                                      1952
                                      1887
  AVERAGE         81                        74      7       65

PRECIPITATION (IN)
  TODAY            0.03          1.64 1924   0.10  -0.07     0.00
  MONTH TO DATE    8.17                      2.52   5.65     1.54
  SINCE JUN 1     19.61                     10.92   8.69    14.84
  SINCE JAN 1     33.20                     24.93   8.27    27.75

SNOWFALL (IN)
  TODAY            0.0           0.0    MM   0.0    0.0      0.0
  MONTH TO DATE    0.0                       0.0    0.0      0.0
  SINCE JUN 1      0.0                       0.0    0.0      0.0
  SINCE JUL 1      0.0                       0.0    0.0      0.0
  SNOW DEPTH       0

DEGREE DAYS
 HEATING
  TODAY            0                         0      0        0
  MONTH TO DATE    0                         0      0        0
  SINCE JUN 1      1                        16    -15        7
  SINCE JUL 1      1                         1      0        4

 COOLING
  TODAY           16                         9      7        0
  MONTH TO DATE  295                       233     62      224
  SINCE JUN 1   1055                       808    247      886
  SINCE JAN 1   1180                       912    268     1052
..................................................................


WIND (MPH)
  HIGHEST WIND SPEED    22   HIGHEST WIND DIRECTION     S (190)
  HIGHEST GUST SPEED    29   HIGHEST GUST DIRECTION     S (200)
  AVERAGE WIND SPEED    12.3


SKY COVER
  POSSIBLE SUNSHINE  MM
  AVERAGE SKY COVER 0.6


WEATHER CONDITIONS
 THE FOLLOWING WEATHER WAS RECORDED TODAY.
  THUNDERSTORM
  LIGHT RAIN
  FOG


RELATIVE HUMIDITY (PERCENT)
 HIGHEST    94           600 AM
 LOWEST     63          1200 PM
 AVERAGE    79

..........................................................


THE SPRINGFIELD IL CLIMATE NORMALS FOR TOMORROW
                         NORMAL    RECORD    YEAR
 MAXIMUM TEMPERATURE (F)   85       100      1936
 MINIMUM TEMPERATURE (F)   63        45      1958


SUNRISE AND SUNSET
AUGUST 24 2016........SUNRISE   620 AM CDT   SUNSET   742 PM CDT
AUGUST 25 2016........SUNRISE   621 AM CDT   SUNSET   740 PM CDT


-  INDICATES NEGATIVE NUMBERS.
R  INDICATES RECORD WAS SET OR TIED.
MM INDICATES DATA IS MISSING.
T  INDICATES TRACE AMOUNT.




$$
