000
CDUS43 KILX 242148
CLISPI


CLIMATE REPORT
NATIONAL WEATHER SERVICE LINCOLN IL
448 PM CDT SAT JUN 24 2017


...................................

...THE SPRINGFIELD IL CLIMATE SUMMARY FOR JUNE 24 2017...
VALID TODAY AS OF 0400 PM LOCAL TIME.

CLIMATE NORMAL PERIOD 1981 TO 2010
CLIMATE RECORD PERIOD 1879 TO 2017


WEATHER ITEM   OBSERVED TIME   RECORD YEAR NORMAL DEPARTURE LAST
                VALUE   (LST)  VALUE       VALUE  FROM      YEAR
                                                  NORMAL
..................................................................
TEMPERATURE (F)
 TODAY
  MAXIMUM         80    223 PM 100    1937  85     -5       89
  MINIMUM         59    348 AM  47    1972  64     -5       62
                                      1961
  AVERAGE         70                        75     -5       76

PRECIPITATION (IN)
  TODAY            0.00          2.08 1924   0.14  -0.14     0.00
  MONTH TO DATE    1.16                      3.64  -2.48     1.89
  SINCE JUN 1      1.16                      3.64  -2.48     1.89
  SINCE JAN 1     17.88                     17.65   0.23    15.48

SNOWFALL (IN)
  TODAY            0.0           0.0    MM   0.0    0.0      0.0
  MONTH TO DATE    0.0                       0.0    0.0      0.0
  SINCE JUN 1      0.0                       0.0    0.0      0.0
  SINCE JUL 1     10.3                      20.9  -10.6     15.7
  SNOW DEPTH       0

DEGREE DAYS
 HEATING
  TODAY            0                         0      0        0
  MONTH TO DATE    0                        11    -11        0
  SINCE JUN 1      0                        11    -11        0
  SINCE JUL 1   4164                      5481  -1317     4317

 COOLING
  TODAY            5                        10     -5       11
  MONTH TO DATE  279                       178    101      299
  SINCE JUN 1    279                       178    101      299
  SINCE JAN 1    423                       282    141      424
..................................................................


WIND (MPH)
  HIGHEST WIND SPEED    24   HIGHEST WIND DIRECTION     W (280)
  HIGHEST GUST SPEED    35   HIGHEST GUST DIRECTION     W (280)
  AVERAGE WIND SPEED    10.6


SKY COVER
  POSSIBLE SUNSHINE  MM
  AVERAGE SKY COVER 0.0


WEATHER CONDITIONS
 THE FOLLOWING WEATHER WAS RECORDED TODAY.
  NO SIGNIFICANT WEATHER WAS OBSERVED.


RELATIVE HUMIDITY (PERCENT)
 HIGHEST    90           200 AM
 LOWEST     30           200 PM
 AVERAGE    60

..........................................................


THE SPRINGFIELD IL CLIMATE NORMALS FOR TOMORROW
                         NORMAL    RECORD    YEAR
 MAXIMUM TEMPERATURE (F)   85       102      1934
 MINIMUM TEMPERATURE (F)   64        48      1974


SUNRISE AND SUNSET
JUNE 24 2017..........SUNRISE   531 AM CDT   SUNSET   831 PM CDT
JUNE 25 2017..........SUNRISE   532 AM CDT   SUNSET   831 PM CDT


-  INDICATES NEGATIVE NUMBERS.
R  INDICATES RECORD WAS SET OR TIED.
MM INDICATES DATA IS MISSING.
T  INDICATES TRACE AMOUNT.




$$
