000
CDUS43 KILX 250645
CLISPI


CLIMATE REPORT
NATIONAL WEATHER SERVICE LINCOLN IL
144 AM CDT FRI APR 25 2014


...................................

...THE SPRINGFIELD IL CLIMATE SUMMARY FOR APRIL 24 2014...

CLIMATE NORMAL PERIOD 1981 TO 2010
CLIMATE RECORD PERIOD 1879 TO 2014


WEATHER ITEM   OBSERVED TIME   RECORD YEAR NORMAL DEPARTURE LAST
                VALUE   (LST)  VALUE       VALUE  FROM      YEAR
                                                  NORMAL
..................................................................
TEMPERATURE (F)
 YESTERDAY
  MAXIMUM         76    145 PM  89    1925  68      8       51
  MINIMUM         51    552 AM  22    1910  45      6       36
  AVERAGE         64                        57      7       44

PRECIPITATION (IN)
  YESTERDAY        0.15          1.96 1961   0.13   0.02     0.06
  MONTH TO DATE    3.02                      2.73   0.29     4.77
  SINCE MAR 1      4.81                      5.36  -0.55     8.10
  SINCE JAN 1     10.24                      8.99   1.25    13.82

SNOWFALL (IN)
  YESTERDAY        0.0           1.6  1910   0.0    0.0      0.0
  MONTH TO DATE    0.1                       0.3   -0.2       T
  SINCE MAR 1      3.4                       2.8    0.6     19.6
  SINCE JUL 1     45.7                      20.9   24.8     33.1
  SNOW DEPTH       0

DEGREE DAYS
 HEATING
  YESTERDAY        1                         9     -8       21
  MONTH TO DATE  263                       316    -53      358
  SINCE MAR 1   1118                      1027     91     1266
  SINCE JUL 1   6065                      5298    767     5175

 COOLING
  YESTERDAY        0                         1     -1        0
  MONTH TO DATE    7                        13     -6        7
  SINCE MAR 1      7                        15     -8        7
  SINCE JAN 1      7                        15     -8        7
..................................................................


WIND (MPH)
  HIGHEST WIND SPEED    35   HIGHEST WIND DIRECTION     S (200)
  HIGHEST GUST SPEED    53   HIGHEST GUST DIRECTION     S (200)
  AVERAGE WIND SPEED    14.0


SKY COVER
  POSSIBLE SUNSHINE  MM
  AVERAGE SKY COVER 0.4


WEATHER CONDITIONS
 THE FOLLOWING WEATHER WAS RECORDED YESTERDAY.
  LIGHT RAIN
  FOG


RELATIVE HUMIDITY (PERCENT)
 HIGHEST    93          1100 PM
 LOWEST     27           100 PM
 AVERAGE    60

..........................................................


THE SPRINGFIELD IL CLIMATE NORMALS FOR TODAY
                         NORMAL    RECORD    YEAR
 MAXIMUM TEMPERATURE (F)   68        90      1986
 MINIMUM TEMPERATURE (F)   46        32      1972
                                             1968


SUNRISE AND SUNSET
APRIL 25 2014.........SUNRISE   607 AM CDT   SUNSET   747 PM CDT
APRIL 26 2014.........SUNRISE   606 AM CDT   SUNSET   748 PM CDT


-  INDICATES NEGATIVE NUMBERS.
R  INDICATES RECORD WAS SET OR TIED.
MM INDICATES DATA IS MISSING.
T  INDICATES TRACE AMOUNT.




$$
