000
CDUS43 KILX 180717
CLISPI


CLIMATE REPORT
NATIONAL WEATHER SERVICE LINCOLN IL
114 AM CST WED JAN 18 2017


...................................

...THE SPRINGFIELD IL CLIMATE SUMMARY FOR JANUARY 17 2017...

CLIMATE NORMAL PERIOD 1981 TO 2010
CLIMATE RECORD PERIOD 1879 TO 2017


WEATHER ITEM   OBSERVED TIME   RECORD YEAR NORMAL DEPARTURE LAST
                VALUE   (LST)  VALUE       VALUE  FROM      YEAR
                                                  NORMAL
..................................................................
TEMPERATURE (F)
 YESTERDAY
  MAXIMUM         56   1211 AM  66    1952  35     21       22
                                      1894
  MINIMUM         39   1159 PM -21    1977  18     21        3
  AVERAGE         48                        26     22       13

PRECIPITATION (IN)
  YESTERDAY        0.02          0.65 2012   0.06  -0.04     0.04
  MONTH TO DATE    0.85                      1.05  -0.20     0.73
  SINCE DEC 1      1.76                      3.57  -1.81     7.29
  SINCE JAN 1      0.85                      1.05  -0.20     0.73

SNOWFALL (IN)
  YESTERDAY        0.0           4.0  1987   0.2   -0.2      0.6
  MONTH TO DATE    0.9                       3.5   -2.6      2.7
  SINCE DEC 1      3.6                       9.1   -5.5      2.8
  SINCE JUL 1      3.6                       9.7   -6.1      3.3
  SNOW DEPTH       0

DEGREE DAYS
 HEATING
  YESTERDAY       17                        39    -22       52
  MONTH TO DATE  598                       652    -54      608
  SINCE DEC 1   1646                      1724    -78     1300
  SINCE JUL 1   2297                      2792   -495     2070

 COOLING
  YESTERDAY        0                         0      0        0
  MONTH TO DATE    0                         0      0        0
  SINCE DEC 1      0                         0      0        0
  SINCE JAN 1      0                         0      0        0
..................................................................


WIND (MPH)
  HIGHEST WIND SPEED    23   HIGHEST WIND DIRECTION     W (260)
  HIGHEST GUST SPEED    27   HIGHEST GUST DIRECTION     W (250)
  AVERAGE WIND SPEED    13.8


SKY COVER
  POSSIBLE SUNSHINE  MM
  AVERAGE SKY COVER 0.9


WEATHER CONDITIONS
 THE FOLLOWING WEATHER WAS RECORDED YESTERDAY.
  RAIN
  LIGHT RAIN
  FOG


RELATIVE HUMIDITY (PERCENT)
 HIGHEST    96           600 AM
 LOWEST     80           200 AM
 AVERAGE    88

..........................................................


THE SPRINGFIELD IL CLIMATE NORMALS FOR TODAY
                         NORMAL    RECORD    YEAR
 MAXIMUM TEMPERATURE (F)   35        62      1880
 MINIMUM TEMPERATURE (F)   18       -18      1930


SUNRISE AND SUNSET
JANUARY 18 2017.......SUNRISE   717 AM CST   SUNSET   502 PM CST
JANUARY 19 2017.......SUNRISE   716 AM CST   SUNSET   503 PM CST


-  INDICATES NEGATIVE NUMBERS.
R  INDICATES RECORD WAS SET OR TIED.
MM INDICATES DATA IS MISSING.
T  INDICATES TRACE AMOUNT.




$$
