000
CDUS43 KILX 240645
CLISPI


CLIMATE REPORT
NATIONAL WEATHER SERVICE LINCOLN IL
1245 AM CST FRI FEB 24 2017


...................................

...THE SPRINGFIELD IL CLIMATE SUMMARY FOR FEBRUARY 23 2017...

CLIMATE NORMAL PERIOD 1981 TO 2010
CLIMATE RECORD PERIOD 1879 TO 2017


WEATHER ITEM   OBSERVED TIME   RECORD YEAR NORMAL DEPARTURE LAST
                VALUE   (LST)  VALUE       VALUE  FROM      YEAR
                                                  NORMAL
..................................................................
TEMPERATURE (F)
 YESTERDAY
  MAXIMUM         62   1159 PM  70    1996  43     19       50
  MINIMUM         42    513 AM  -5    2015  25     17       28
                                      1889
  AVERAGE         52                        34     18       39

PRECIPITATION (IN)
  YESTERDAY        0.01          0.84 1906   0.07  -0.06     0.00
  MONTH TO DATE    0.32                      1.43  -1.11     0.88
  SINCE DEC 1      2.25                      5.77  -3.52     8.53
  SINCE JAN 1      1.34                      3.25  -1.91     1.97

SNOWFALL (IN)
  YESTERDAY       MM             7.7  1963   0.2   MM        0.0
  MONTH TO DATE    2.1                       4.7   -2.6      5.7
  SINCE DEC 1      5.7                      16.7  -11.0     12.5
  SINCE JUL 1      5.7                      17.3  -11.6     13.0
  SNOW DEPTH       0

DEGREE DAYS
 HEATING
  YESTERDAY       13                        31    -18       26
  MONTH TO DATE  508                       796   -288      715
  SINCE DEC 1   2503                      3054   -551     2520
  SINCE JUL 1   3154                      4122   -968     3290

 COOLING
  YESTERDAY        0                         0      0        0
  MONTH TO DATE    0                         0      0        0
  SINCE DEC 1      0                         0      0        0
  SINCE JAN 1      0                         0      0        0
..................................................................


WIND (MPH)
  HIGHEST WIND SPEED    20   HIGHEST WIND DIRECTION    SE (130)
  HIGHEST GUST SPEED    23   HIGHEST GUST DIRECTION    SE (120)
  AVERAGE WIND SPEED     7.4


SKY COVER
  POSSIBLE SUNSHINE  MM
  AVERAGE SKY COVER 0.6


WEATHER CONDITIONS
 THE FOLLOWING WEATHER WAS RECORDED YESTERDAY.
  LIGHT RAIN
  FOG
  FOG W/VISIBILITY <= 1/4 MILE
  HAZE


RELATIVE HUMIDITY (PERCENT)
 HIGHEST   100           200 AM
 LOWEST     77          1200 PM
 AVERAGE    89

..........................................................


THE SPRINGFIELD IL CLIMATE NORMALS FOR TODAY
                         NORMAL    RECORD    YEAR
 MAXIMUM TEMPERATURE (F)   43        78      1930
 MINIMUM TEMPERATURE (F)   25        -8      2015


SUNRISE AND SUNSET
FEBRUARY 24 2017......SUNRISE   639 AM CST   SUNSET   545 PM CST
FEBRUARY 25 2017......SUNRISE   637 AM CST   SUNSET   547 PM CST


-  INDICATES NEGATIVE NUMBERS.
R  INDICATES RECORD WAS SET OR TIED.
MM INDICATES DATA IS MISSING.
T  INDICATES TRACE AMOUNT.




$$
