000
CDUS43 KILX 300651
CLISPI


CLIMATE REPORT
NATIONAL WEATHER SERVICE LINCOLN IL
150 AM CDT THU JUL 30 2015


...................................

...THE SPRINGFIELD IL CLIMATE SUMMARY FOR JULY 29 2015...

CLIMATE NORMAL PERIOD 1981 TO 2010
CLIMATE RECORD PERIOD 1879 TO 2015


WEATHER ITEM   OBSERVED TIME   RECORD YEAR NORMAL DEPARTURE LAST
                VALUE   (LST)  VALUE       VALUE  FROM      YEAR
                                                  NORMAL
..................................................................
TEMPERATURE (F)
 YESTERDAY
  MAXIMUM         90    212 PM 103    1913  86      4       80
  MINIMUM         65   1159 PM  50    2013  65      0       52
  AVERAGE         78                        75      3       66

PRECIPITATION (IN)
  YESTERDAY        0.00          1.32 1943   0.11  -0.11     0.00
  MONTH TO DATE    4.16                      3.71   0.45     2.53
  SINCE JUN 1     13.30                      8.17   5.13    11.40
  SINCE JAN 1     26.21                     22.18   4.03    25.69

SNOWFALL (IN)
  YESTERDAY        0.0           0.0    MM   0.0    0.0      0.0
  MONTH TO DATE    0.0                       0.0    0.0      0.0
  SINCE JUN 1      0.0                       0.0    0.0      0.0
  SINCE JUL 1      0.0                       0.0    0.0      0.0
  SNOW DEPTH       0

DEGREE DAYS
 HEATING
  YESTERDAY        0                         0      0        0
  MONTH TO DATE    4                         0      4        3
  SINCE JUN 1      7                        15     -8        3
  SINCE JUL 1      4                         0      4        3

 COOLING
  YESTERDAY       13                        10      3        1
  MONTH TO DATE  342                       316     26      201
  SINCE JUN 1    640                       556     84      507
  SINCE JAN 1    806                       660    146      683
..................................................................


WIND (MPH)
  HIGHEST WIND SPEED    16   HIGHEST WIND DIRECTION    NW (320)
  HIGHEST GUST SPEED    20   HIGHEST GUST DIRECTION    NW (330)
  AVERAGE WIND SPEED     8.1


SKY COVER
  POSSIBLE SUNSHINE  MM
  AVERAGE SKY COVER 0.2


WEATHER CONDITIONS
 THE FOLLOWING WEATHER WAS RECORDED YESTERDAY.
  FOG


RELATIVE HUMIDITY (PERCENT)
 HIGHEST    91           400 AM
 LOWEST     43           600 PM
 AVERAGE    67

..........................................................


THE SPRINGFIELD IL CLIMATE NORMALS FOR TODAY
                         NORMAL    RECORD    YEAR
 MAXIMUM TEMPERATURE (F)   86       101      1931
                                             1916
                                             1913
 MINIMUM TEMPERATURE (F)   65        52      1971


SUNRISE AND SUNSET
JULY 30 2015..........SUNRISE   555 AM CDT   SUNSET   814 PM CDT
JULY 31 2015..........SUNRISE   556 AM CDT   SUNSET   813 PM CDT


-  INDICATES NEGATIVE NUMBERS.
R  INDICATES RECORD WAS SET OR TIED.
MM INDICATES DATA IS MISSING.
T  INDICATES TRACE AMOUNT.




$$
