000
CDUS43 KILX 240659
CLISPI


CLIMATE REPORT
NATIONAL WEATHER SERVICE LINCOLN IL
145 AM CDT THU APR 24 2014


...................................

...THE SPRINGFIELD IL CLIMATE SUMMARY FOR APRIL 23 2014...

CLIMATE NORMAL PERIOD 1981 TO 2010
CLIMATE RECORD PERIOD 1879 TO 2014


WEATHER ITEM   OBSERVED TIME   RECORD YEAR NORMAL DEPARTURE LAST
                VALUE   (LST)  VALUE       VALUE  FROM      YEAR
                                                  NORMAL
..................................................................
TEMPERATURE (F)
 YESTERDAY
  MAXIMUM         64    313 PM  89    1925  68     -4       59
  MINIMUM         39    446 AM  23    1956  45     -6       39
  AVERAGE         52                        56     -4       49

PRECIPITATION (IN)
  YESTERDAY        T             1.54 1975   0.13  -0.13     0.35
  MONTH TO DATE    2.87                      2.60   0.27     4.71
  SINCE MAR 1      4.66                      5.23  -0.57     8.04
  SINCE JAN 1     10.09                      8.86   1.23    13.76

SNOWFALL (IN)
  YESTERDAY        0.0           1.6  1910   0.0    0.0      0.0
  MONTH TO DATE    0.1                       0.3   -0.2       T
  SINCE MAR 1      3.4                       2.8    0.6     19.6
  SINCE JUL 1     45.7                      20.9   24.8     33.1
  SNOW DEPTH       0

DEGREE DAYS
 HEATING
  YESTERDAY       13                        10      3       16
  MONTH TO DATE  262                       307    -45      337
  SINCE MAR 1   1117                      1018     99     1245
  SINCE JUL 1   6064                      5289    775     5154

 COOLING
  YESTERDAY        0                         1     -1        0
  MONTH TO DATE    7                        12     -5        7
  SINCE MAR 1      7                        14     -7        7
  SINCE JAN 1      7                        14     -7        7
..................................................................


WIND (MPH)
  HIGHEST WIND SPEED    15   HIGHEST WIND DIRECTION    SE (140)
  HIGHEST GUST SPEED    21   HIGHEST GUST DIRECTION     E (70)
  AVERAGE WIND SPEED     9.9


SKY COVER
  POSSIBLE SUNSHINE  MM
  AVERAGE SKY COVER 0.1


WEATHER CONDITIONS
 THE FOLLOWING WEATHER WAS RECORDED YESTERDAY.
  LIGHT RAIN


RELATIVE HUMIDITY (PERCENT)
 HIGHEST    70           400 AM
 LOWEST     23           400 PM
 AVERAGE    47

..........................................................


THE SPRINGFIELD IL CLIMATE NORMALS FOR TODAY
                         NORMAL    RECORD    YEAR
 MAXIMUM TEMPERATURE (F)   68        89      1925
 MINIMUM TEMPERATURE (F)   45        22      1910


SUNRISE AND SUNSET
APRIL 24 2014.........SUNRISE   608 AM CDT   SUNSET   746 PM CDT
APRIL 25 2014.........SUNRISE   607 AM CDT   SUNSET   747 PM CDT


-  INDICATES NEGATIVE NUMBERS.
R  INDICATES RECORD WAS SET OR TIED.
MM INDICATES DATA IS MISSING.
T  INDICATES TRACE AMOUNT.




$$
