000
CDUS43 KILX 300639
CLISPI


CLIMATE REPORT
NATIONAL WEATHER SERVICE LINCOLN IL
138 AM CDT MON MAR 30 2015


...................................

...THE SPRINGFIELD IL CLIMATE SUMMARY FOR MARCH 29 2015...

CLIMATE NORMAL PERIOD 1981 TO 2010
CLIMATE RECORD PERIOD 1879 TO 2015


WEATHER ITEM   OBSERVED TIME   RECORD YEAR NORMAL DEPARTURE LAST
                VALUE   (LST)  VALUE       VALUE  FROM      YEAR
                                                  NORMAL
..................................................................
TEMPERATURE (F)
 YESTERDAY
  MAXIMUM         58    505 PM  86    1986  58      0       49
  MINIMUM         32    559 AM  19    1894  37     -5       31
                                      1887
  AVERAGE         45                        47     -2       40

PRECIPITATION (IN)
  YESTERDAY        0.01          1.50 1960   0.09  -0.08     0.00
  MONTH TO DATE    1.56                      2.43  -0.87     1.79
  SINCE MAR 1      1.56                      2.43  -0.87     1.79
  SINCE JAN 1      4.84                      6.06  -1.22     7.22

SNOWFALL (IN)
  YESTERDAY        0.0           5.8  2009   0.0    0.0      0.0
  MONTH TO DATE    3.7                       2.4    1.3      3.3
  SINCE MAR 1      3.7                       2.4    1.3      3.3
  SINCE JUL 1     33.9                      20.5   13.4     45.6
  SNOW DEPTH       0

DEGREE DAYS
 HEATING
  YESTERDAY       20                        18      2       25
  MONTH TO DATE  730                       675     55      827
  SINCE MAR 1    730                       675     55      827
  SINCE JUL 1   5299                      4946    353     5774

 COOLING
  YESTERDAY        0                         0      0        0
  MONTH TO DATE    0                         0      0        0
  SINCE MAR 1      0                         0      0        0
  SINCE JAN 1      0                         0      0        0
..................................................................


WIND (MPH)
  HIGHEST WIND SPEED    32   HIGHEST WIND DIRECTION     S (180)
  HIGHEST GUST SPEED    42   HIGHEST GUST DIRECTION    SW (210)
  AVERAGE WIND SPEED    15.3


SKY COVER
  POSSIBLE SUNSHINE  MM
  AVERAGE SKY COVER 0.3


WEATHER CONDITIONS
 THE FOLLOWING WEATHER WAS RECORDED YESTERDAY.
  LIGHT RAIN


RELATIVE HUMIDITY (PERCENT)
 HIGHEST    82          1000 PM
 LOWEST     41           100 PM
 AVERAGE    62

..........................................................


THE SPRINGFIELD IL CLIMATE NORMALS FOR TODAY
                         NORMAL    RECORD    YEAR
 MAXIMUM TEMPERATURE (F)   58        83      1986
                                             1895
 MINIMUM TEMPERATURE (F)   37        17      1964


SUNRISE AND SUNSET
MARCH 30 2015.........SUNRISE   646 AM CDT   SUNSET   721 PM CDT
MARCH 31 2015.........SUNRISE   645 AM CDT   SUNSET   722 PM CDT


-  INDICATES NEGATIVE NUMBERS.
R  INDICATES RECORD WAS SET OR TIED.
MM INDICATES DATA IS MISSING.
T  INDICATES TRACE AMOUNT.




$$
