000
CDUS43 KILX 292146
CLISPI


CLIMATE REPORT
NATIONAL WEATHER SERVICE LINCOLN IL
445 PM CDT FRI JUL 29 2016


...................................

...THE SPRINGFIELD IL CLIMATE SUMMARY FOR JULY 29 2016...
VALID TODAY AS OF 0400 PM LOCAL TIME.

CLIMATE NORMAL PERIOD 1981 TO 2010
CLIMATE RECORD PERIOD 1879 TO 2016


WEATHER ITEM   OBSERVED TIME   RECORD YEAR NORMAL DEPARTURE LAST
                VALUE   (LST)  VALUE       VALUE  FROM      YEAR
                                                  NORMAL
..................................................................
TEMPERATURE (F)
 TODAY
  MAXIMUM         84    258 PM 103    1913  86     -2       90
  MINIMUM         66    521 AM  50    2013  65      1       65
  AVERAGE         75                        75      0       78

PRECIPITATION (IN)
  TODAY            0.00          1.32 1943   0.11  -0.11     0.00
  MONTH TO DATE    9.51                      3.71   5.80     4.16
  SINCE JUN 1     11.44                      8.17   3.27    13.30
  SINCE JAN 1     25.03                     22.18   2.85    26.21

SNOWFALL (IN)
  TODAY            0.0           0.0    MM   0.0    0.0      0.0
  MONTH TO DATE    0.0                       0.0    0.0      0.0
  SINCE JUN 1      0.0                       0.0    0.0      0.0
  SINCE JUL 1      0.0                       0.0    0.0      0.0
  SNOW DEPTH       0

DEGREE DAYS
 HEATING
  TODAY            0                         0      0        0
  MONTH TO DATE    1                         0      1        4
  SINCE JUN 1      1                        15    -14        7
  SINCE JUL 1      1                         0      1        4

 COOLING
  TODAY           10                        10      0       13
  MONTH TO DATE  373                       316     57      342
  SINCE JUN 1    740                       556    184      640
  SINCE JAN 1    865                       660    205      806
..................................................................


WIND (MPH)
  HIGHEST WIND SPEED    14   HIGHEST WIND DIRECTION     W (280)
  HIGHEST GUST SPEED    16   HIGHEST GUST DIRECTION     W (270)
  AVERAGE WIND SPEED     4.3


SKY COVER
  POSSIBLE SUNSHINE  MM
  AVERAGE SKY COVER 0.1


WEATHER CONDITIONS
 THE FOLLOWING WEATHER WAS RECORDED TODAY.
  FOG


RELATIVE HUMIDITY (PERCENT)
 HIGHEST    93           500 AM
 LOWEST     58           300 PM
 AVERAGE    76

..........................................................


THE SPRINGFIELD IL CLIMATE NORMALS FOR TOMORROW
                         NORMAL    RECORD    YEAR
 MAXIMUM TEMPERATURE (F)   86       101      1931
                                             1916
                                             1913
 MINIMUM TEMPERATURE (F)   65        52      1971


SUNRISE AND SUNSET
JULY 29 2016..........SUNRISE   555 AM CDT   SUNSET   815 PM CDT
JULY 30 2016..........SUNRISE   556 AM CDT   SUNSET   814 PM CDT


-  INDICATES NEGATIVE NUMBERS.
R  INDICATES RECORD WAS SET OR TIED.
MM INDICATES DATA IS MISSING.
T  INDICATES TRACE AMOUNT.




$$
