000
CDUS43 KILX 110639
CLISPI


CLIMATE REPORT
NATIONAL WEATHER SERVICE LINCOLN IL
1237 AM CST SUN DEC 11 2016


...................................

...THE SPRINGFIELD IL CLIMATE SUMMARY FOR DECEMBER 10 2016...

CLIMATE NORMAL PERIOD 1981 TO 2010
CLIMATE RECORD PERIOD 1879 TO 2016


WEATHER ITEM   OBSERVED TIME   RECORD YEAR NORMAL DEPARTURE LAST
                VALUE   (LST)  VALUE       VALUE  FROM      YEAR
                                                  NORMAL
..................................................................
TEMPERATURE (F)
 YESTERDAY
  MAXIMUM         33   1159 PM  67    1889  40     -7       63
  MINIMUM         24    827 AM  -7    1917  24      0       42
  AVERAGE         29                        32     -3       53

PRECIPITATION (IN)
  YESTERDAY        0.00          1.56 1971   0.10  -0.10     0.00
  MONTH TO DATE    0.43                      0.94  -0.51     0.11
  SINCE DEC 1      0.43                      0.94  -0.51     0.11
  SINCE JAN 1     42.29                     35.85   6.44    37.66

SNOWFALL (IN)
  YESTERDAY        0.0           6.4  1944   0.1   -0.1      0.0
  MONTH TO DATE    2.3                       1.3    1.0      0.1
  SINCE DEC 1      2.3                       1.3    1.0      0.1
  SINCE JUL 1      2.3                       1.9    0.4      0.6
  SNOW DEPTH       0

DEGREE DAYS
 HEATING
  YESTERDAY       36                        33      3       12
  MONTH TO DATE  319                       315      4      239
  SINCE DEC 1    319                       315      4      239
  SINCE JUL 1    970                      1383   -413     1009

 COOLING
  YESTERDAY        0                         0      0        0
  MONTH TO DATE    0                         0      0        0
  SINCE DEC 1      0                         0      0        0
  SINCE JAN 1   1626                      1122    504     1375
..................................................................


WIND (MPH)
  HIGHEST WIND SPEED    23   HIGHEST WIND DIRECTION     S (160)
  HIGHEST GUST SPEED    29   HIGHEST GUST DIRECTION     S (160)
  AVERAGE WIND SPEED     8.3


SKY COVER
  POSSIBLE SUNSHINE  MM
  AVERAGE SKY COVER 1.0


WEATHER CONDITIONS
 THE FOLLOWING WEATHER WAS RECORDED YESTERDAY.
  NO SIGNIFICANT WEATHER WAS OBSERVED.


RELATIVE HUMIDITY (PERCENT)
 HIGHEST    74          1200 AM
 LOWEST     49           200 PM
 AVERAGE    62

..........................................................


THE SPRINGFIELD IL CLIMATE NORMALS FOR TODAY
                         NORMAL    RECORD    YEAR
 MAXIMUM TEMPERATURE (F)   39        67      1949
 MINIMUM TEMPERATURE (F)   23        -5      1917


SUNRISE AND SUNSET
DECEMBER 11 2016......SUNRISE   710 AM CST   SUNSET   434 PM CST
DECEMBER 12 2016......SUNRISE   711 AM CST   SUNSET   434 PM CST


-  INDICATES NEGATIVE NUMBERS.
R  INDICATES RECORD WAS SET OR TIED.
MM INDICATES DATA IS MISSING.
T  INDICATES TRACE AMOUNT.




$$
