000
CDUS44 KOUN 260638
CLISPS

CLIMATE REPORT
NATIONAL WEATHER SERVICE NORMAN OK
137 AM CDT THU MAY 26 2016


...................................

...THE WICHITA FALLS CLIMATE SUMMARY FOR MAY 25 2016...

CLIMATE NORMAL PERIOD 1981 TO 2010
CLIMATE RECORD PERIOD 1897 TO 2016


WEATHER ITEM   OBSERVED TIME   RECORD YEAR NORMAL DEPARTURE LAST
                VALUE   (LST)  VALUE       VALUE  FROM      YEAR
                                                  NORMAL
..................................................................
TEMPERATURE (F)
 YESTERDAY
  MAXIMUM         91    337 PM 100    1984  86      5       76
  MINIMUM         74    625 AM  48    1947  62     12       57
  AVERAGE         83                        74      9       67

PRECIPITATION (IN)
  YESTERDAY        0.00          2.00 2003   0.14  -0.14     0.19
  MONTH TO DATE    5.39                      2.95   2.44    14.15
  SINCE JAN 1     15.75                     10.65   5.10    22.26

DEGREE DAYS
 COOLING
  YESTERDAY       18                         9      9        2
  MONTH TO DATE  122                       164    -42      120
  SINCE JAN 1    190                       256    -66      200
..................................................................


WIND (MPH)
  HIGHEST WIND SPEED    25   HIGHEST WIND DIRECTION     S (160)
  HIGHEST GUST SPEED    30   HIGHEST GUST DIRECTION     S (170)
  AVERAGE WIND SPEED    15.8


SKY COVER
  AVERAGE SKY COVER 0.5


WEATHER CONDITIONS
 THE FOLLOWING WEATHER WAS RECORDED YESTERDAY.
  FOG
  HAZE


RELATIVE HUMIDITY (PERCENT)
 HIGHEST    93          1200 AM
 LOWEST     59           100 PM
 AVERAGE    76

..........................................................


THE WICHITA FALLS CLIMATE NORMALS FOR TODAY
                         NORMAL    RECORD    YEAR
 MAXIMUM TEMPERATURE (F)   86       102      1990
                                             1963
 MINIMUM TEMPERATURE (F)   63        51      1946


SUNRISE AND SUNSET
MAY 26 2016...........SUNRISE   626 AM CDT   SUNSET   837 PM CDT
MAY 27 2016...........SUNRISE   625 AM CDT   SUNSET   837 PM CDT


-  INDICATES NEGATIVE NUMBERS.
R  INDICATES RECORD WAS SET OR TIED.
MM INDICATES DATA IS MISSING.
T  INDICATES TRACE AMOUNT.




$$
