000
CDUS44 KOUN 210636
CLISPS

CLIMATE REPORT
NATIONAL WEATHER SERVICE NORMAN OK
1234 AM CST FRI NOV 21 2014


...................................

...THE WICHITA FALLS CLIMATE SUMMARY FOR NOVEMBER 20 2014...

CLIMATE NORMAL PERIOD 1981 TO 2010
CLIMATE RECORD PERIOD 1897 TO 2014


WEATHER ITEM   OBSERVED TIME   RECORD YEAR NORMAL DEPARTURE LAST
                VALUE   (LST)  VALUE       VALUE  FROM      YEAR
                                                  NORMAL
..................................................................
TEMPERATURE (F)
 YESTERDAY
  MAXIMUM         69    357 PM  85    2007  63      6       74
  MINIMUM         32    736 AM  21    1937  38     -6       53
  AVERAGE         51                        51      0       64

PRECIPITATION (IN)
  YESTERDAY        0.00          1.20 1979   0.05  -0.05     0.00
  MONTH TO DATE    1.44                      1.18   0.26     0.23
  SINCE JAN 1     20.02                     26.83  -6.81    19.63

SNOWFALL (IN)
  YESTERDAY        0.0                       0.0    0.0      0.0
  MONTH TO DATE    0.3                       0.1    0.2      0.0
  SINCE JUL 1      0.3                       0.1    0.2      0.0
  SNOW DEPTH       0

DEGREE DAYS
 HEATING
  YESTERDAY       14                        14      0        1
  MONTH TO DATE  347                       213    134      202
  SINCE JUL 1    393                       339     54      304

 COOLING
  YESTERDAY        0                         0      0        0
  MONTH TO DATE    0                        10    -10        8
  SINCE JAN 1   2558                      2386    172     2628
..................................................................


WIND (MPH)
  HIGHEST WIND SPEED    15   HIGHEST WIND DIRECTION     S (170)
  HIGHEST GUST SPEED    18   HIGHEST GUST DIRECTION     S (160)
  AVERAGE WIND SPEED     6.5


SKY COVER
  AVERAGE SKY COVER 0.2


WEATHER CONDITIONS
 THE FOLLOWING WEATHER WAS RECORDED YESTERDAY.
  NO SIGNIFICANT WEATHER WAS OBSERVED.


RELATIVE HUMIDITY (PERCENT)
 HIGHEST    89           700 AM
 LOWEST     31           400 PM
 AVERAGE    60

..........................................................


THE WICHITA FALLS CLIMATE NORMALS FOR TODAY
                         NORMAL    RECORD    YEAR
 MAXIMUM TEMPERATURE (F)   63        85      1927
 MINIMUM TEMPERATURE (F)   38        21      1937


SUNRISE AND SUNSET
NOVEMBER 21 2014......SUNRISE   712 AM CST   SUNSET   527 PM CST
NOVEMBER 22 2014......SUNRISE   713 AM CST   SUNSET   527 PM CST


-  INDICATES NEGATIVE NUMBERS.
R  INDICATES RECORD WAS SET OR TIED.
MM INDICATES DATA IS MISSING.
T  INDICATES TRACE AMOUNT.




$$
