000
CDUS44 KOUN 300628 RRA
CLISPS

CLIMATE REPORT
NATIONAL WEATHER SERVICE NORMAN OK
1225 AM CST FRI JAN 30 2015


...................................

...THE WICHITA FALLS CLIMATE SUMMARY FOR JANUARY 29 2015...

CLIMATE NORMAL PERIOD 1981 TO 2010
CLIMATE RECORD PERIOD 1897 TO 2015


WEATHER ITEM   OBSERVED TIME   RECORD YEAR NORMAL DEPARTURE LAST
                VALUE   (LST)  VALUE       VALUE  FROM      YEAR
                                                  NORMAL
..................................................................
TEMPERATURE (F)
 YESTERDAY
  MAXIMUM         58    148 PM  80    1967  55      3       49
  MINIMUM         43   1159 PM   6    1966  31     12       14
  AVERAGE         51                        43      8       32

PRECIPITATION (IN)
  YESTERDAY        0.00          2.11 1999   0.04  -0.04     0.00
  MONTH TO DATE    1.44                      1.06   0.38      T
  SINCE JAN 1      1.44                      1.06   0.38      T

SNOWFALL (IN)
  YESTERDAY        0.0                       0.0    0.0      0.0
  MONTH TO DATE    T                         1.3   -1.3      0.0
  SINCE JUL 1      2.3                       2.6   -0.3      0.7
  SNOW DEPTH       0

DEGREE DAYS
 HEATING
  YESTERDAY       14                        22     -8       33
  MONTH TO DATE  673                       670      3      688
  SINCE JUL 1   1775                      1867    -92     2061
..................................................................


WIND (MPH)
  HIGHEST WIND SPEED    28   HIGHEST WIND DIRECTION     N (20)
  HIGHEST GUST SPEED    35   HIGHEST GUST DIRECTION     N (20)
  AVERAGE WIND SPEED    13.9


SKY COVER
  AVERAGE SKY COVER 0.3


WEATHER CONDITIONS
 THE FOLLOWING WEATHER WAS RECORDED YESTERDAY.
  NO SIGNIFICANT WEATHER WAS OBSERVED.


RELATIVE HUMIDITY (PERCENT)
 HIGHEST    71           500 AM
 LOWEST     40           200 PM
 AVERAGE    56

..........................................................


THE WICHITA FALLS CLIMATE NORMALS FOR TODAY
                         NORMAL    RECORD    YEAR
 MAXIMUM TEMPERATURE (F)   56        75      1974
 MINIMUM TEMPERATURE (F)   31         2      1966


SUNRISE AND SUNSET
JANUARY 30 2015.......SUNRISE   732 AM CST   SUNSET   602 PM CST
JANUARY 31 2015.......SUNRISE   732 AM CST   SUNSET   603 PM CST


-  INDICATES NEGATIVE NUMBERS.
R  INDICATES RECORD WAS SET OR TIED.
MM INDICATES DATA IS MISSING.
T  INDICATES TRACE AMOUNT.




$$
