000
CDUS44 KOUN 240626 RRA
CLISPS

CLIMATE REPORT
NATIONAL WEATHER SERVICE NORMAN OK
1225 AM CST TUE JAN 24 2017


...................................

...THE WICHITA FALLS CLIMATE SUMMARY FOR JANUARY 23 2017...

CLIMATE NORMAL PERIOD 1981 TO 2010
CLIMATE RECORD PERIOD 1897 TO 2017


WEATHER ITEM   OBSERVED TIME   RECORD YEAR NORMAL DEPARTURE LAST
                VALUE   (LST)  VALUE       VALUE  FROM      YEAR
                                                  NORMAL
..................................................................
TEMPERATURE (F)
 YESTERDAY
  MAXIMUM         70    439 PM  87    1943  55     15       53
  MINIMUM         31    627 AM  -5    1966  30      1       21
  AVERAGE         51                        42      9       37

PRECIPITATION (IN)
  YESTERDAY        0.00          1.60 1938   0.03  -0.03     0.00
  MONTH TO DATE    1.87                      0.82   1.05     0.43
  SINCE JAN 1      1.87                      0.82   1.05     0.43

SNOWFALL (IN)
  YESTERDAY        0.0                       0.1   -0.1      0.0
  MONTH TO DATE    T                         1.1   -1.1      1.8
  SINCE JUL 1      T                         2.4   -2.4      2.6
  SNOW DEPTH       0

DEGREE DAYS
 HEATING
  YESTERDAY       14                        23     -9       28
  MONTH TO DATE  476                       537    -61      569
  SINCE JUL 1   1395                      1734   -339     1454
..................................................................


WIND (MPH)
  HIGHEST WIND SPEED    23   HIGHEST WIND DIRECTION     S (190)
  HIGHEST GUST SPEED    27   HIGHEST GUST DIRECTION     S (200)
  AVERAGE WIND SPEED    10.2


SKY COVER
  AVERAGE SKY COVER 0.0


WEATHER CONDITIONS
 THE FOLLOWING WEATHER WAS RECORDED YESTERDAY.
  HAZE


RELATIVE HUMIDITY (PERCENT)
 HIGHEST    89           500 AM
 LOWEST     26           400 PM
 AVERAGE    58

..........................................................


THE WICHITA FALLS CLIMATE NORMALS FOR TODAY
                         NORMAL    RECORD    YEAR
 MAXIMUM TEMPERATURE (F)   55        85      1950
 MINIMUM TEMPERATURE (F)   30         5      1963


SUNRISE AND SUNSET
JANUARY 24 2017.......SUNRISE   736 AM CST   SUNSET   557 PM CST
JANUARY 25 2017.......SUNRISE   735 AM CST   SUNSET   558 PM CST


-  INDICATES NEGATIVE NUMBERS.
R  INDICATES RECORD WAS SET OR TIED.
MM INDICATES DATA IS MISSING.
T  INDICATES TRACE AMOUNT.




$$
