000
CDUS44 KOUN 310635 RRA
CLISPS

CLIMATE REPORT
NATIONAL WEATHER SERVICE NORMAN OK
131 AM CDT MON AUG 31 2015


...................................

...THE WICHITA FALLS CLIMATE SUMMARY FOR AUGUST 30 2015...

CLIMATE NORMAL PERIOD 1981 TO 2010
CLIMATE RECORD PERIOD 1897 TO 2015


WEATHER ITEM   OBSERVED TIME   RECORD YEAR NORMAL DEPARTURE LAST
                VALUE   (LST)  VALUE       VALUE  FROM      YEAR
                                                  NORMAL
..................................................................
TEMPERATURE (F)
 YESTERDAY
  MAXIMUM         98    335 PM 109    2011  94      4       96
  MINIMUM         64    535 AM  56    1946  69     -5       69
  AVERAGE         81                        82     -1       83

PRECIPITATION (IN)
  YESTERDAY        0.00          2.00 1976   0.10  -0.10     0.00
  MONTH TO DATE    1.49                      2.40  -0.91     2.04
  SINCE JAN 1     33.58                     19.63  13.95    15.81

DEGREE DAYS
 COOLING
  YESTERDAY       16                        17     -1       18
  MONTH TO DATE  571                       572     -1      583
  SINCE JAN 1   1868                      1928    -60     1973
..................................................................


WIND (MPH)
  HIGHEST WIND SPEED    14   HIGHEST WIND DIRECTION     S (190)
  HIGHEST GUST SPEED    18   HIGHEST GUST DIRECTION     W (250)
  AVERAGE WIND SPEED     5.9


SKY COVER
  AVERAGE SKY COVER 0.1


WEATHER CONDITIONS
 THE FOLLOWING WEATHER WAS RECORDED YESTERDAY.
  NO SIGNIFICANT WEATHER WAS OBSERVED.


RELATIVE HUMIDITY (PERCENT)
 HIGHEST    73           600 AM
 LOWEST     25           400 PM
 AVERAGE    49

..........................................................


THE WICHITA FALLS CLIMATE NORMALS FOR TODAY
                         NORMAL    RECORD    YEAR
 MAXIMUM TEMPERATURE (F)   94       108      1939
 MINIMUM TEMPERATURE (F)   69        57      1988


SUNRISE AND SUNSET
AUGUST 31 2015........SUNRISE   707 AM CDT   SUNSET   801 PM CDT
SEPTEMBER  1 2015.....SUNRISE   707 AM CDT   SUNSET   800 PM CDT


-  INDICATES NEGATIVE NUMBERS.
R  INDICATES RECORD WAS SET OR TIED.
MM INDICATES DATA IS MISSING.
T  INDICATES TRACE AMOUNT.




$$
