000
CDUS44 KOUN 210640 RRA
CLISPS

CLIMATE REPORT
NATIONAL WEATHER SERVICE NORMAN OK
1238 AM CST SUN DEC 21 2014


...................................

...THE WICHITA FALLS CLIMATE SUMMARY FOR DECEMBER 20 2014...

CLIMATE NORMAL PERIOD 1981 TO 2010
CLIMATE RECORD PERIOD 1897 TO 2014


WEATHER ITEM   OBSERVED TIME   RECORD YEAR NORMAL DEPARTURE LAST
                VALUE   (LST)  VALUE       VALUE  FROM      YEAR
                                                  NORMAL
..................................................................
TEMPERATURE (F)
 YESTERDAY
  MAXIMUM         46    344 PM  84    2010  54     -8       59
  MINIMUM         42    838 AM   8    1924  30     12       30
  AVERAGE         44                        42      2       45

PRECIPITATION (IN)
  YESTERDAY        T             1.51 1991   0.05  -0.05     0.18
  MONTH TO DATE    0.80                      1.09  -0.29     0.57
  SINCE JAN 1     23.62                     28.39  -4.77    20.61

SNOWFALL (IN)
  YESTERDAY        0.0                       0.1   -0.1      0.0
  MONTH TO DATE    0.0                       0.6   -0.6      0.5
  SINCE JUL 1      0.3                       0.9   -0.6      0.7
  SNOW DEPTH       0

DEGREE DAYS
 HEATING
  YESTERDAY       21                        23     -2       20
  MONTH TO DATE  325                       430   -105      502
  SINCE JUL 1    837                       937   -100     1060
..................................................................


WIND (MPH)
  HIGHEST WIND SPEED    15   HIGHEST WIND DIRECTION    SE (140)
  HIGHEST GUST SPEED    18   HIGHEST GUST DIRECTION    SE (140)
  AVERAGE WIND SPEED     7.9


SKY COVER
  AVERAGE SKY COVER 1.0


WEATHER CONDITIONS
 THE FOLLOWING WEATHER WAS RECORDED YESTERDAY.
  LIGHT RAIN
  FOG


RELATIVE HUMIDITY (PERCENT)
 HIGHEST    89           100 AM
 LOWEST     82           600 AM
 AVERAGE    86

..........................................................


THE WICHITA FALLS CLIMATE NORMALS FOR TODAY
                         NORMAL    RECORD    YEAR
 MAXIMUM TEMPERATURE (F)   54        83      1981
 MINIMUM TEMPERATURE (F)   30         4      1983


SUNRISE AND SUNSET
DECEMBER 21 2014......SUNRISE   735 AM CST   SUNSET   529 PM CST
DECEMBER 22 2014......SUNRISE   736 AM CST   SUNSET   529 PM CST


-  INDICATES NEGATIVE NUMBERS.
R  INDICATES RECORD WAS SET OR TIED.
MM INDICATES DATA IS MISSING.
T  INDICATES TRACE AMOUNT.




$$
