081
CDUS42 KTBW 242217
CLISRQ


CLIMATE REPORT
NATIONAL WEATHER SERVICE TAMPA BAY FL
515 PM EST FRI FEB 24 2017


...................................

...THE SARASOTA BRADENTON CLIMATE SUMMARY FOR FEBRUARY 24 2017...
VALID TODAY AS OF 0500 PM LOCAL TIME.

CLIMATE NORMAL PERIOD 1981 TO 2010
CLIMATE RECORD PERIOD 1911 TO 2017


WEATHER ITEM   OBSERVED TIME   RECORD YEAR NORMAL DEPARTURE LAST
                VALUE   (LST)  VALUE       VALUE  FROM      YEAR
                                                  NORMAL
..................................................................
TEMPERATURE (F)
 TODAY
  MAXIMUM         82    151 PM  87    2001  74      8       75
  MINIMUM         65    701 AM  32    1964  55     10       62
  AVERAGE         74                        64     10       69

PRECIPITATION (IN)
  TODAY            0.00          1.53 1990   0.14  -0.14     0.28
  MONTH TO DATE    0.72                      2.12  -1.40     1.27
  SINCE DEC 1      3.67                      7.14  -3.47     6.97
  SINCE JAN 1      2.42                      4.61  -2.19     5.68

DEGREE DAYS
 HEATING
  TODAY            0                         3     -3        0
  MONTH TO DATE   26                        86    -60      102
  SINCE DEC 1    137                       373   -236      272
  SINCE JUL 1    148                       406   -258      276

 COOLING
  TODAY            9                         2      7        4
  MONTH TO DATE   61                        44     17       40
  SINCE DEC 1    310                       170    140      324
  SINCE JAN 1    147                        96     51       65
..................................................................


WIND (MPH)
  RESULTANT WIND SPEED   5   RESULTANT WIND DIRECTION   N (10)
  HIGHEST WIND SPEED    14   HIGHEST WIND DIRECTION     W (270)
  HIGHEST GUST SPEED    18   HIGHEST GUST DIRECTION     N (20)
  AVERAGE WIND SPEED     7.6


SKY COVER
  POSSIBLE SUNSHINE  MM
  AVERAGE SKY COVER 0.4


WEATHER CONDITIONS
 THE FOLLOWING WEATHER WAS RECORDED TODAY.
  NO SIGNIFICANT WEATHER WAS OBSERVED.


RELATIVE HUMIDITY (PERCENT)
 HIGHEST    93           600 AM
 LOWEST     54           200 PM

..........................................................


THE SARASOTA BRADENTON CLIMATE NORMALS FOR TOMORROW
                         NORMAL    RECORD    YEAR
 MAXIMUM TEMPERATURE (F)   74        87      1922
 MINIMUM TEMPERATURE (F)   55        28      1989


SUNRISE AND SUNSET
FEBRUARY 24 2017......SUNRISE   659 AM EST   SUNSET   628 PM EST
FEBRUARY 25 2017......SUNRISE   658 AM EST   SUNSET   629 PM EST


-  INDICATES NEGATIVE NUMBERS.
R  INDICATES RECORD WAS SET OR TIED.
MM INDICATES DATA IS MISSING.
T  INDICATES TRACE AMOUNT.




$$


&&
------------------------------------------------------------------
******************** SUPPLEMENTAL DATA ***************************

...GULF WATER TEMPERATURE AT VENICE 72 DEGREES
