000
CDUS42 KTBW 272117
CLISRQ


CLIMATE REPORT
NATIONAL WEATHER SERVICE TAMPA BAY FL
515 PM EDT TUE JUN 27 2017


...................................

...THE SARASOTA BRADENTON CLIMATE SUMMARY FOR JUNE 27 2017...
VALID TODAY AS OF 0500 PM LOCAL TIME.

CLIMATE NORMAL PERIOD 1981 TO 2010
CLIMATE RECORD PERIOD 1911 TO 2017


WEATHER ITEM   OBSERVED TIME   RECORD YEAR NORMAL DEPARTURE LAST
                VALUE   (LST)  VALUE       VALUE  FROM      YEAR
                                                  NORMAL
..................................................................
TEMPERATURE (F)
 TODAY
  MAXIMUM         90    140 PM  97    2014  89      1       93
  MINIMUM         77    625 AM  64    1966  74      3       73
  AVERAGE         84                        82      2       83

PRECIPITATION (IN)
  TODAY            0.00          5.38 1943   0.31  -0.31      T
  MONTH TO DATE   10.48                      6.50   3.98     6.73
  SINCE JUN 1     10.48                      6.50   3.98     6.73
  SINCE JAN 1     18.76                     20.20  -1.44    19.01

DEGREE DAYS
 HEATING
  TODAY            0                         0      0        0
  MONTH TO DATE    0                         0      0        0
  SINCE JUN 1      0                         0      0        0
  SINCE JUL 1    202                       477   -275      320

 COOLING
  TODAY           19                        17      2       18
  MONTH TO DATE  435                       422     13      499
  SINCE JUN 1    435                       422     13      499
  SINCE JAN 1   1472                      1173    299     1463
..................................................................


WIND (MPH)
  RESULTANT WIND SPEED   5   RESULTANT WIND DIRECTION   W (260)
  HIGHEST WIND SPEED    14   HIGHEST WIND DIRECTION     W (290)
  HIGHEST GUST SPEED    19   HIGHEST GUST DIRECTION     W (290)
  AVERAGE WIND SPEED     7.7


SKY COVER
  POSSIBLE SUNSHINE  MM
  AVERAGE SKY COVER 0.0


WEATHER CONDITIONS
 THE FOLLOWING WEATHER WAS RECORDED TODAY.
  NO SIGNIFICANT WEATHER WAS OBSERVED.


RELATIVE HUMIDITY (PERCENT)
 HIGHEST    91          1200 AM
 LOWEST     56           100 PM

..........................................................


THE SARASOTA BRADENTON CLIMATE NORMALS FOR TOMORROW
                         NORMAL    RECORD    YEAR
 MAXIMUM TEMPERATURE (F)   89        96      1998
 MINIMUM TEMPERATURE (F)   75        65      1937


SUNRISE AND SUNSET
JUNE 27 2017..........SUNRISE   638 AM EDT   SUNSET   829 PM EDT
JUNE 28 2017..........SUNRISE   638 AM EDT   SUNSET   829 PM EDT


-  INDICATES NEGATIVE NUMBERS.
R  INDICATES RECORD WAS SET OR TIED.
MM INDICATES DATA IS MISSING.
T  INDICATES TRACE AMOUNT.




$$


&&
------------------------------------------------------------------
******************** SUPPLEMENTAL DATA ***************************

...GULF WATER TEMPERATURE AT VENICE 88 DEGREES
