000
CDUS42 KTBW 210929
CLISRQ


CLIMATE REPORT
NATIONAL WEATHER SERVICE TAMPA BAY FL
427 AM EST SAT JAN 21 2017


...................................

...THE SARASOTA BRADENTON CLIMATE SUMMARY FOR JANUARY 20 2017...

CLIMATE NORMAL PERIOD 1981 TO 2010
CLIMATE RECORD PERIOD 1911 TO 2017


WEATHER ITEM   OBSERVED TIME   RECORD YEAR NORMAL DEPARTURE LAST
                VALUE   (LST)  VALUE       VALUE  FROM      YEAR
                                                  NORMAL
..................................................................
TEMPERATURE (F)
 YESTERDAY
  MAXIMUM         77    118 PM  86    1990  71      6       67
  MINIMUM         59    650 AM  25    1977  52      7       40
  AVERAGE         68                        61      7       54

PRECIPITATION (IN)
  YESTERDAY        0.00          1.62 1978   0.05  -0.05     0.00
  MONTH TO DATE    1.31                      1.86  -0.55     2.47
  SINCE DEC 1      2.56                      4.39  -1.83     3.76
  SINCE JAN 1      1.31                      1.86  -0.55     2.47

DEGREE DAYS
 HEATING
  YESTERDAY        0                         5     -5       11
  MONTH TO DATE   41                       109    -68       96
  SINCE DEC 1     65                       231   -166      103
  SINCE JUL 1     76                       264   -188      107

 COOLING
  YESTERDAY        3                         2      1        0
  MONTH TO DATE   63                        40     23       22
  SINCE DEC 1    226                       114    112      281
  SINCE JAN 1     63                        40     23       22
..................................................................


WIND (MPH)
  HIGHEST WIND SPEED    16   HIGHEST WIND DIRECTION     S (190)
  HIGHEST GUST SPEED    20   HIGHEST GUST DIRECTION     S (190)
  AVERAGE WIND SPEED     8.3


SKY COVER
  POSSIBLE SUNSHINE  MM
  AVERAGE SKY COVER 0.1


WEATHER CONDITIONS
 THE FOLLOWING WEATHER WAS RECORDED YESTERDAY.
  NO SIGNIFICANT WEATHER WAS OBSERVED.


RELATIVE HUMIDITY (PERCENT)
 HIGHEST   100           600 AM
 LOWEST     60          1100 AM

..........................................................


THE SARASOTA BRADENTON CLIMATE NORMALS FOR TODAY
                         NORMAL    RECORD    YEAR
 MAXIMUM TEMPERATURE (F)   71        86      1990
 MINIMUM TEMPERATURE (F)   52        23      1971


SUNRISE AND SUNSET
JANUARY 21 2017.......SUNRISE   720 AM EST   SUNSET   603 PM EST
JANUARY 22 2017.......SUNRISE   720 AM EST   SUNSET   604 PM EST


-  INDICATES NEGATIVE NUMBERS.
R  INDICATES RECORD WAS SET OR TIED.
MM INDICATES DATA IS MISSING.
T  INDICATES TRACE AMOUNT.




$$


&&
------------------------------------------------------------------
******************** SUPPLEMENTAL DATA ***************************

...GULF WATER TEMPERATURE AT VENICE 70 DEGREES
