000
CDUS42 KTBW 232123
CLISRQ


CLIMATE REPORT
NATIONAL WEATHER SERVICE TAMPA BAY FL
521 PM EDT MON OCT 23 2017


...................................

...THE SARASOTA BRADENTON CLIMATE SUMMARY FOR OCTOBER 23 2017...
VALID TODAY AS OF 0500 PM LOCAL TIME.

CLIMATE NORMAL PERIOD 1981 TO 2010
CLIMATE RECORD PERIOD 1911 TO 2017


WEATHER ITEM   OBSERVED TIME   RECORD YEAR NORMAL DEPARTURE LAST
                VALUE   (LST)  VALUE       VALUE  FROM      YEAR
                                                  NORMAL
..................................................................
TEMPERATURE (F)
 TODAY
  MAXIMUM         87   1152 AM  90    1993  84      3       81
                                      1990
                                      1971
  MINIMUM         75    551 AM  47    1961  66      9       54
  AVERAGE         81                        75      6       68

PRECIPITATION (IN)
  TODAY            0.00          1.21 2005   0.08  -0.08     0.00
  MONTH TO DATE    0.31                      2.50  -2.19     2.64
  SINCE SEP 1     11.92                      9.60   2.32     8.12
  SINCE JAN 1     61.43                     47.93  13.50    47.84

DEGREE DAYS
 HEATING
  TODAY            0                         0      0        0
  MONTH TO DATE    0                         0      0        0
  SINCE SEP 1      0                         0      0        0
  SINCE JUL 1      0                         0      0        0

 COOLING
  TODAY           16                        10      6        3
  MONTH TO DATE  379                       285     94      351
  SINCE SEP 1    842                       777     65      926
  SINCE JAN 1   3501                      3074    427     3705
..................................................................


WIND (MPH)
  RESULTANT WIND SPEED  11   RESULTANT WIND DIRECTION   S (160)
  HIGHEST WIND SPEED    22   HIGHEST WIND DIRECTION     S (180)
  HIGHEST GUST SPEED    28   HIGHEST GUST DIRECTION     S (190)
  AVERAGE WIND SPEED    12.5


SKY COVER
  POSSIBLE SUNSHINE  MM
  AVERAGE SKY COVER 0.2


WEATHER CONDITIONS
 THE FOLLOWING WEATHER WAS RECORDED TODAY.
  NO SIGNIFICANT WEATHER WAS OBSERVED.


RELATIVE HUMIDITY (PERCENT)
 HIGHEST    94           200 AM
 LOWEST     65          1200 PM

..........................................................


THE SARASOTA BRADENTON CLIMATE NORMALS FOR TOMORROW
                         NORMAL    RECORD    YEAR
 MAXIMUM TEMPERATURE (F)   84        91      1919
 MINIMUM TEMPERATURE (F)   65        45      1923


SUNRISE AND SUNSET
OCTOBER 23 2017.......SUNRISE   735 AM EDT   SUNSET   654 PM EDT
OCTOBER 24 2017.......SUNRISE   736 AM EDT   SUNSET   653 PM EDT


-  INDICATES NEGATIVE NUMBERS.
R  INDICATES RECORD WAS SET OR TIED.
MM INDICATES DATA IS MISSING.
T  INDICATES TRACE AMOUNT.




$$


&&
------------------------------------------------------------------
******************** SUPPLEMENTAL DATA ***************************

...GULF WATER TEMPERATURE AT VENICE 82 DEGREES
