000
CDUS42 KTBW 260928
CLISRQ


CLIMATE REPORT
NATIONAL WEATHER SERVICE TAMPA BAY FL
426 AM EST MON JAN 26 2015


...................................

...THE SARASOTA BRADENTON CLIMATE SUMMARY FOR JANUARY 25 2015...

CLIMATE NORMAL PERIOD 1981 TO 2010
CLIMATE RECORD PERIOD 1911 TO 2015


WEATHER ITEM   OBSERVED TIME   RECORD YEAR NORMAL DEPARTURE LAST
                VALUE   (LST)  VALUE       VALUE  FROM      YEAR
                                                  NORMAL
..................................................................
TEMPERATURE (F)
 YESTERDAY
  MAXIMUM         64   1147 PM  85    2012  71     -7       65
  MINIMUM         45    715 AM  32    1940  52     -7       46
  AVERAGE         55                        62     -7       56

PRECIPITATION (IN)
  YESTERDAY        0.00          2.00 2011   0.06  -0.06     0.00
  MONTH TO DATE    0.99                      2.15  -1.16     0.93
  SINCE DEC 1      1.46                      4.68  -3.22     1.14
  SINCE JAN 1      0.99                      2.15  -1.16     0.93

DEGREE DAYS
 HEATING
  YESTERDAY       10                         5      5        9
  MONTH TO DATE   80                       134    -54      180
  SINCE DEC 1    179                       256    -77      204
  SINCE JUL 1    264                       289    -25      222

 COOLING
  YESTERDAY        0                         2     -2        0
  MONTH TO DATE   59                        50      9       30
  SINCE DEC 1    148                       124     24      187
  SINCE JAN 1     59                        50      9       30
..................................................................


WIND (MPH)
  HIGHEST WIND SPEED    13   HIGHEST WIND DIRECTION    SW (230)
  HIGHEST GUST SPEED    16   HIGHEST GUST DIRECTION     W (250)
  AVERAGE WIND SPEED     5.6


SKY COVER
  POSSIBLE SUNSHINE  MM
  AVERAGE SKY COVER 0.1


WEATHER CONDITIONS
 THE FOLLOWING WEATHER WAS RECORDED YESTERDAY.
  NO SIGNIFICANT WEATHER WAS OBSERVED.


RELATIVE HUMIDITY (PERCENT)
 HIGHEST    93           300 AM
 LOWEST     51          1200 PM

..........................................................


THE SARASOTA BRADENTON CLIMATE NORMALS FOR TODAY
                         NORMAL    RECORD    YEAR
 MAXIMUM TEMPERATURE (F)   71        85      1990
 MINIMUM TEMPERATURE (F)   52        30      1968


SUNRISE AND SUNSET
JANUARY 26 2015.......SUNRISE   719 AM EST   SUNSET   607 PM EST
JANUARY 27 2015.......SUNRISE   719 AM EST   SUNSET   607 PM EST


-  INDICATES NEGATIVE NUMBERS.
R  INDICATES RECORD WAS SET OR TIED.
MM INDICATES DATA IS MISSING.
T  INDICATES TRACE AMOUNT.




$$


&&
------------------------------------------------------------------
******************** SUPPLEMENTAL DATA ***************************

...GULF WATER TEMPERATURE AT NEW PASS 65 DEGREES.
