000
CDUS42 KTBW 230838
CLISRQ


CLIMATE REPORT
NATIONAL WEATHER SERVICE TAMPA BAY FL
437 AM EDT SAT AUG 23 2014


...................................

...THE SARASOTA BRADENTON CLIMATE SUMMARY FOR AUGUST 22 2014...

CLIMATE NORMAL PERIOD 1981 TO 2010
CLIMATE RECORD PERIOD 1911 TO 2014


WEATHER ITEM   OBSERVED TIME   RECORD YEAR NORMAL DEPARTURE LAST
                VALUE   (LST)  VALUE       VALUE  FROM      YEAR
                                                  NORMAL
..................................................................
TEMPERATURE (F)
 YESTERDAY
  MAXIMUM         96    516 PM  97    1919  90      6       92
  MINIMUM         78    544 AM  64    1949  74      4       74
  AVERAGE         87                        82      5       83

PRECIPITATION (IN)
  YESTERDAY        0.39          1.37 1956   0.32   0.07     1.13
  MONTH TO DATE    2.23                      6.52  -4.29     7.16
  SINCE JUN 1     11.36                     22.01 -10.65    26.31
  SINCE JAN 1     29.74                     35.71  -5.97    34.45

DEGREE DAYS
 HEATING
  YESTERDAY        0                         0      0        0
  MONTH TO DATE    0                         0      0        0
  SINCE JUN 1      0                         0      0        0
  SINCE JUL 1      0                         0      0        0

 COOLING
  YESTERDAY       22                        17      5       18
  MONTH TO DATE  449                       374     75      415
  SINCE JUN 1   1556                      1385    171     1477
  SINCE JAN 1   2368                      2136    232     2345
..................................................................


WIND (MPH)
  HIGHEST WIND SPEED    18   HIGHEST WIND DIRECTION     S (160)
  HIGHEST GUST SPEED    24   HIGHEST GUST DIRECTION    SE (150)
  AVERAGE WIND SPEED     4.8


SKY COVER
  POSSIBLE SUNSHINE  MM
  AVERAGE SKY COVER 0.0


WEATHER CONDITIONS
 THE FOLLOWING WEATHER WAS RECORDED YESTERDAY.
  THUNDERSTORM
  HEAVY RAIN
  RAIN


RELATIVE HUMIDITY (PERCENT)
 HIGHEST    85           500 AM
 LOWEST     52           600 PM

..........................................................


THE SARASOTA BRADENTON CLIMATE NORMALS FOR TODAY
                         NORMAL    RECORD    YEAR
 MAXIMUM TEMPERATURE (F)   90        96      1981
 MINIMUM TEMPERATURE (F)   75        68      1973


SUNRISE AND SUNSET
AUGUST 23 2014........SUNRISE   705 AM EDT   SUNSET   800 PM EDT
AUGUST 24 2014........SUNRISE   706 AM EDT   SUNSET   759 PM EDT


-  INDICATES NEGATIVE NUMBERS.
R  INDICATES RECORD WAS SET OR TIED.
MM INDICATES DATA IS MISSING.
T  INDICATES TRACE AMOUNT.




$$


&&
------------------------------------------------------------------
******************** SUPPLEMENTAL DATA ***************************

...GULF WATER TEMPERATURE AT NEW PASS 90
