000
CDUS42 KTBW 022118
CLISRQ


CLIMATE REPORT
NATIONAL WEATHER SERVICE TAMPA BAY FL
515 PM EDT WED SEP 2 2015


...................................

...THE SARASOTA BRADENTON CLIMATE SUMMARY FOR SEPTEMBER 2 2015...
VALID TODAY AS OF 0500 PM LOCAL TIME.

CLIMATE NORMAL PERIOD 1981 TO 2010
CLIMATE RECORD PERIOD 1911 TO 2015


WEATHER ITEM   OBSERVED TIME   RECORD YEAR NORMAL DEPARTURE LAST
                VALUE   (LST)  VALUE       VALUE  FROM      YEAR
                                                  NORMAL
..................................................................
TEMPERATURE (F)
 TODAY
  MAXIMUM         91    220 PM  95    1962  90      1       94
  MINIMUM         76    612 AM  63    1960  75      1       79
  AVERAGE         84                        82      2       87

PRECIPITATION (IN)
  TODAY            0.00          3.24 1963   0.34  -0.34     0.75
  MONTH TO DATE    T                         0.68  -0.68     0.83
  SINCE SEP 1      T                         0.68  -0.68     0.83
  SINCE JAN 1     27.33                     39.01 -11.68    32.31

DEGREE DAYS
 HEATING
  TODAY            0                         0      0        0
  MONTH TO DATE    0                         0      0        0
  SINCE SEP 1      0                         0      0        0
  SINCE JUL 1      0                         0      0        0

 COOLING
  TODAY           19                        17      2       22
  MONTH TO DATE   36                        34      2       44
  SINCE SEP 1     36                        34      2       44
  SINCE JAN 1   2671                      2331    340     2590
..................................................................


WIND (MPH)
  RESULTANT WIND SPEED   3   RESULTANT WIND DIRECTION   W (270)
  HIGHEST WIND SPEED    14   HIGHEST WIND DIRECTION     W (280)
  HIGHEST GUST SPEED    16   HIGHEST GUST DIRECTION     W (280)
  AVERAGE WIND SPEED     5.2


SKY COVER
  POSSIBLE SUNSHINE  MM
  AVERAGE SKY COVER 0.1


WEATHER CONDITIONS
 THE FOLLOWING WEATHER WAS RECORDED TODAY.
  THUNDERSTORM


RELATIVE HUMIDITY (PERCENT)
 HIGHEST    97           700 AM
 LOWEST     59           400 PM

..........................................................


THE SARASOTA BRADENTON CLIMATE NORMALS FOR TOMORROW
                         NORMAL    RECORD    YEAR
 MAXIMUM TEMPERATURE (F)   90        95      1990
                                             1962
 MINIMUM TEMPERATURE (F)   75        65      1984


SUNRISE AND SUNSET
SEPTEMBER  2 2015.....SUNRISE   710 AM EDT   SUNSET   750 PM EDT
SEPTEMBER  3 2015.....SUNRISE   710 AM EDT   SUNSET   749 PM EDT


-  INDICATES NEGATIVE NUMBERS.
R  INDICATES RECORD WAS SET OR TIED.
MM INDICATES DATA IS MISSING.
T  INDICATES TRACE AMOUNT.




$$


&&
------------------------------------------------------------------
******************** SUPPLEMENTAL DATA ***************************

...GULF WATER TEMPERATURE AT VENICE 89
