646
CDUS42 KTBW 132227
CLISRQ


CLIMATE REPORT
NATIONAL WEATHER SERVICE TAMPA BAY FL
526 PM EST SAT FEB 13 2016


...................................

...THE SARASOTA BRADENTON CLIMATE SUMMARY FOR FEBRUARY 13 2016...
VALID TODAY AS OF 0500 PM LOCAL TIME.

CLIMATE NORMAL PERIOD 1981 TO 2010
CLIMATE RECORD PERIOD 1911 TO 2016


WEATHER ITEM   OBSERVED TIME   RECORD YEAR NORMAL DEPARTURE LAST
                VALUE   (LST)  VALUE       VALUE  FROM      YEAR
                                                  NORMAL
..................................................................
TEMPERATURE (F)
 TODAY
  MAXIMUM         72    118 PM  86    1959  73     -1       60
  MINIMUM         57    712 AM  31    1955  53      4       44
  AVERAGE         65                        63      2       52

PRECIPITATION (IN)
  TODAY            0.00          2.00 1983   0.13  -0.13     0.00
  MONTH TO DATE    0.40                      0.71  -0.31     2.96
  SINCE DEC 1      6.10                      5.73   0.37     4.50
  SINCE JAN 1      4.81                      3.20   1.61     4.03

DEGREE DAYS
 HEATING
  TODAY            0                         4     -4       13
  MONTH TO DATE   86                        52     34       73
  SINCE DEC 1    256                       339    -83      294
  SINCE JUL 1    260                       372   -112      379

 COOLING
  TODAY            0                         2     -2        0
  MONTH TO DATE   27                        22      5        0
  SINCE DEC 1    311                       148    163      148
  SINCE JAN 1     52                        74    -22       59
..................................................................


WIND (MPH)
  RESULTANT WIND SPEED   6   RESULTANT WIND DIRECTION  NW (320)
  HIGHEST WIND SPEED    16   HIGHEST WIND DIRECTION    NW (310)
  HIGHEST GUST SPEED    30   HIGHEST GUST DIRECTION     N (360)
  AVERAGE WIND SPEED     8.3


SKY COVER
  POSSIBLE SUNSHINE  MM
  AVERAGE SKY COVER 0.1


WEATHER CONDITIONS
 THE FOLLOWING WEATHER WAS RECORDED TODAY.
  NO SIGNIFICANT WEATHER WAS OBSERVED.


RELATIVE HUMIDITY (PERCENT)
 HIGHEST   100           500 AM
 LOWEST     37          1200 PM

..........................................................


THE SARASOTA BRADENTON CLIMATE NORMALS FOR TOMORROW
                         NORMAL    RECORD    YEAR
 MAXIMUM TEMPERATURE (F)   73        85      1997
 MINIMUM TEMPERATURE (F)   54        29      1958


SUNRISE AND SUNSET
FEBRUARY 13 2016......SUNRISE   709 AM EST   SUNSET   620 PM EST
FEBRUARY 14 2016......SUNRISE   708 AM EST   SUNSET   621 PM EST


-  INDICATES NEGATIVE NUMBERS.
R  INDICATES RECORD WAS SET OR TIED.
MM INDICATES DATA IS MISSING.
T  INDICATES TRACE AMOUNT.




$$


&&
------------------------------------------------------------------
******************** SUPPLEMENTAL DATA ***************************

...GULF WATER TEMPERATURE AT VENICE 63 DEGREES
