000
CDUS42 KJAX 050531
CLISSI


CLIMATE REPORT
NATIONAL WEATHER SERVICE JACKSONVILLE FL
1230 AM EST THU MAR 5 2015


...................................

...THE ST SIMONS ISLAND CLIMATE SUMMARY FOR MARCH 4 2015...

CLIMATE NORMAL PERIOD 1981 TO 2010
CLIMATE RECORD PERIOD 1948 TO 2015


WEATHER ITEM   OBSERVED TIME   RECORD YEAR NORMAL DEPARTURE LAST
                VALUE   (LST)  VALUE       VALUE  FROM      YEAR
                                                  NORMAL
..................................................................
TEMPERATURE (F)
 YESTERDAY
  MAXIMUM         71    105 PM  85    1953  66      5       63
  MINIMUM         57    657 AM  29    1960  49      8       43
  AVERAGE         64                        58      6       53

PRECIPITATION (IN)
  YESTERDAY        0.00          1.79 1966   0.14  -0.14      T
  MONTH TO DATE    0.02                      0.56  -0.54     0.01
  SINCE MAR 1      0.02                      0.56  -0.54     0.01
  SINCE JAN 1      5.74                      7.25  -1.51     6.49

SNOWFALL (IN)
  YESTERDAY        0.0           0.0    MM                   0.0
  MONTH TO DATE    0.0                                       0.0
  SINCE MAR 1      0.0                                       0.0
  SINCE JUL 1      0.0                                        T
  SNOW DEPTH       0

DEGREE DAYS
 HEATING
  YESTERDAY        1                         8     -7       12
  MONTH TO DATE   20                        32    -12       31
  SINCE MAR 1     20                        32    -12       31
  SINCE JUL 1   1400                      1283    117     1259

 COOLING
  YESTERDAY        0                         1     -1        0
  MONTH TO DATE    0                         3     -3        3
  SINCE MAR 1      0                         3     -3        3
  SINCE JAN 1      6                        12     -6       11
..................................................................


WIND (MPH)
  HIGHEST WIND SPEED    17   HIGHEST WIND DIRECTION     S (170)
  HIGHEST GUST SPEED    25   HIGHEST GUST DIRECTION     S (180)
  AVERAGE WIND SPEED     7.8


SKY COVER
  POSSIBLE SUNSHINE  MM
  AVERAGE SKY COVER 0.4


WEATHER CONDITIONS
 THE FOLLOWING WEATHER WAS RECORDED YESTERDAY.
  FOG
  FOG W/VISIBILITY <= 1/4 MILE


RELATIVE HUMIDITY (PERCENT)
 HIGHEST   100          1200 AM
 LOWEST     73           100 PM
 AVERAGE    87

..........................................................


THE ST SIMONS ISLAND CLIMATE NORMALS FOR TODAY
                         NORMAL    RECORD    YEAR
 MAXIMUM TEMPERATURE (F)   67        83      1985
 MINIMUM TEMPERATURE (F)   49        28      1960


SUNRISE AND SUNSET
MARCH  5 2015.........SUNRISE   648 AM EST   SUNSET   627 PM EST
MARCH  6 2015.........SUNRISE   647 AM EST   SUNSET   627 PM EST


-  INDICATES NEGATIVE NUMBERS.
R  INDICATES RECORD WAS SET OR TIED.
MM INDICATES DATA IS MISSING.
T  INDICATES TRACE AMOUNT.




$$
