000
CDUS42 KJAX 280531
CLISSI


CLIMATE REPORT
NATIONAL WEATHER SERVICE JACKSONVILLE FL
1230 AM EST SUN DEC 28 2014


...................................

...THE ST SIMONS ISLAND CLIMATE SUMMARY FOR DECEMBER 27 2014...

CLIMATE NORMAL PERIOD 1981 TO 2010
CLIMATE RECORD PERIOD 1948 TO 2014


WEATHER ITEM   OBSERVED TIME   RECORD YEAR NORMAL DEPARTURE LAST
                VALUE   (LST)  VALUE       VALUE  FROM      YEAR
                                                  NORMAL
..................................................................
TEMPERATURE (F)
 YESTERDAY
  MAXIMUM         69   1222 PM  78    1971  61      8       56
  MINIMUM         52    338 AM  24    1983  43      9       50
  AVERAGE         61                        52      9       53

PRECIPITATION (IN)
  YESTERDAY        0.00          1.29 1973   0.08  -0.08      T
  MONTH TO DATE    1.22                      2.30  -1.08     1.33
  SINCE DEC 1      1.22                      2.30  -1.08     1.33
  SINCE JAN 1     43.94                     44.66  -0.72    51.50

SNOWFALL (IN)
  YESTERDAY        0.0           0.0    MM                   0.0
  MONTH TO DATE    0.0                                       0.0
  SINCE DEC 1      0.0                                       0.0
  SINCE JUL 1      0.0                                       0.0
  SNOW DEPTH       0

DEGREE DAYS
 HEATING
  YESTERDAY        4                        13     -9       12
  MONTH TO DATE  234                       296    -62      200
  SINCE DEC 1    234                       296    -62      200
  SINCE JUL 1    520                       476     44      390

 COOLING
  YESTERDAY        0                         0      0        0
  MONTH TO DATE    2                         9     -7       18
  SINCE DEC 1      2                         9     -7       18
  SINCE JAN 1   2588                      2624    -36     2605
..................................................................


WIND (MPH)
  HIGHEST WIND SPEED    15   HIGHEST WIND DIRECTION    NE (40)
  HIGHEST GUST SPEED    18   HIGHEST GUST DIRECTION    NE (40)
  AVERAGE WIND SPEED     7.4


SKY COVER
  POSSIBLE SUNSHINE  MM
  AVERAGE SKY COVER 0.2


WEATHER CONDITIONS
 THE FOLLOWING WEATHER WAS RECORDED YESTERDAY.
  NO SIGNIFICANT WEATHER WAS OBSERVED.


RELATIVE HUMIDITY (PERCENT)
 HIGHEST    93           600 AM
 LOWEST     68          1200 PM
 AVERAGE    81

..........................................................


THE ST SIMONS ISLAND CLIMATE NORMALS FOR TODAY
                         NORMAL    RECORD    YEAR
 MAXIMUM TEMPERATURE (F)   61        81      1971
 MINIMUM TEMPERATURE (F)   43        29      2010


SUNRISE AND SUNSET
DECEMBER 28 2014......SUNRISE   723 AM EST   SUNSET   531 PM EST
DECEMBER 29 2014......SUNRISE   723 AM EST   SUNSET   532 PM EST


-  INDICATES NEGATIVE NUMBERS.
R  INDICATES RECORD WAS SET OR TIED.
MM INDICATES DATA IS MISSING.
T  INDICATES TRACE AMOUNT.




$$
