000
CDUS42 KJAX 300532
CLISSI


CLIMATE REPORT
NATIONAL WEATHER SERVICE JACKSONVILLE FL
131 AM EDT THU OCT 30 2014


...................................

...THE ST SIMONS ISLAND CLIMATE SUMMARY FOR OCTOBER 29 2014...

CLIMATE NORMAL PERIOD 1981 TO 2010
CLIMATE RECORD PERIOD 1948 TO 2014


WEATHER ITEM   OBSERVED TIME   RECORD YEAR NORMAL DEPARTURE LAST
                VALUE   (LST)  VALUE       VALUE  FROM      YEAR
                                                  NORMAL
..................................................................
TEMPERATURE (F)
 YESTERDAY
  MAXIMUM         81    148 PM  85    1996  75      6       76
  MINIMUM         63    627 AM  37    1952  58      5       58
  AVERAGE         72                        66      6       67

PRECIPITATION (IN)
  YESTERDAY        0.00          0.94 1986   0.10  -0.10     0.00
  MONTH TO DATE    2.83                      4.28  -1.45     1.17
  SINCE SEP 1      8.47                     10.04  -1.57    12.06
  SINCE JAN 1     39.22                     40.15  -0.93    47.00

SNOWFALL (IN)
  YESTERDAY        0.0           0.0    MM                   0.0
  MONTH TO DATE    0.0                                       0.0
  SINCE SEP 1      0.0                                       0.0
  SINCE JUL 1      0.0                                       0.0
  SNOW DEPTH       0

DEGREE DAYS
 HEATING
  YESTERDAY        0                         2     -2        0
  MONTH TO DATE   17                        25     -8       22
  SINCE SEP 1     17                        25     -8       22
  SINCE JUL 1     17                        25     -8       22

 COOLING
  YESTERDAY        7                         3      4        2
  MONTH TO DATE  173                       183    -10      177
  SINCE SEP 1    557                       578    -21      589
  SINCE JAN 1   2562                      2554      8     2534
..................................................................


WIND (MPH)
  HIGHEST WIND SPEED    12   HIGHEST WIND DIRECTION    SE (130)
  HIGHEST GUST SPEED    23   HIGHEST GUST DIRECTION     W (250)
  AVERAGE WIND SPEED     5.8


SKY COVER
  POSSIBLE SUNSHINE  MM
  AVERAGE SKY COVER 0.0


WEATHER CONDITIONS
 THE FOLLOWING WEATHER WAS RECORDED YESTERDAY.
  FOG


RELATIVE HUMIDITY (PERCENT)
 HIGHEST   100           700 AM
 LOWEST     58           100 PM
 AVERAGE    79

..........................................................


THE ST SIMONS ISLAND CLIMATE NORMALS FOR TODAY
                         NORMAL    RECORD    YEAR
 MAXIMUM TEMPERATURE (F)   75        83      1998
                                             1996
 MINIMUM TEMPERATURE (F)   58        37      1952


SUNRISE AND SUNSET
OCTOBER 30 2014.......SUNRISE   739 AM EDT   SUNSET   639 PM EDT
OCTOBER 31 2014.......SUNRISE   740 AM EDT   SUNSET   638 PM EDT


-  INDICATES NEGATIVE NUMBERS.
R  INDICATES RECORD WAS SET OR TIED.
MM INDICATES DATA IS MISSING.
T  INDICATES TRACE AMOUNT.




$$
