000
CDUS42 KJAX 252128
CLISSI


CLIMATE REPORT
NATIONAL WEATHER SERVICE JACKSONVILLE FL
528 PM EDT TUE APR 25 2017


...................................

...THE ST SIMONS ISLAND CLIMATE SUMMARY FOR APRIL 25 2017...
VALID TODAY AS OF 0500 PM LOCAL TIME.

CLIMATE NORMAL PERIOD 1981 TO 2010
CLIMATE RECORD PERIOD 1948 TO 2017


WEATHER ITEM   OBSERVED TIME   RECORD YEAR NORMAL DEPARTURE LAST
                VALUE   (LST)  VALUE       VALUE  FROM      YEAR
                                                  NORMAL
..................................................................
TEMPERATURE (F)
 TODAY
  MAXIMUM         83    405 PM  90    2002  77      6       76
  MINIMUM         60    654 AM  45    2005  60      0       67
  AVERAGE         72                        69      3       72

PRECIPITATION (IN)
  TODAY            0.00          2.94 1982   0.07  -0.07     0.00
  MONTH TO DATE    1.59                      2.17  -0.58     2.48
  SINCE MAR 1      2.25                      6.05  -3.80     4.04
  SINCE JAN 1      8.11                     12.74  -4.63    11.18

SNOWFALL (IN)
  TODAY            0.0           0.0    MM                   0.0
  MONTH TO DATE    0.0                                       0.0
  SINCE MAR 1      0.0                                       0.0
  SINCE JUL 1      0.0                                       0.0

DEGREE DAYS
 HEATING
  TODAY            0                         1     -1        0
  MONTH TO DATE   12                        52    -40       30
  SINCE MAR 1    166                       229    -63      111
  SINCE JUL 1    781                      1480   -699     1017

 COOLING
  TODAY            7                         5      2        7
  MONTH TO DATE  143                        77     66       67
  SINCE MAR 1    228                       108    120      155
  SINCE JAN 1    280                       117    163      159
..................................................................


WIND (MPH)
  HIGHEST WIND SPEED    18   HIGHEST WIND DIRECTION    SW (240)
  HIGHEST GUST SPEED    26   HIGHEST GUST DIRECTION    NW (310)
  AVERAGE WIND SPEED    10.9


SKY COVER
  POSSIBLE SUNSHINE  MM
  AVERAGE SKY COVER 0.4


WEATHER CONDITIONS
 THE FOLLOWING WEATHER WAS RECORDED TODAY.
  NO SIGNIFICANT WEATHER WAS OBSERVED.


RELATIVE HUMIDITY (PERCENT)
 HIGHEST    84           200 AM
 LOWEST     40           400 PM
 AVERAGE    62

..........................................................


THE ST SIMONS ISLAND CLIMATE NORMALS FOR TOMORROW
                         NORMAL    RECORD    YEAR
 MAXIMUM TEMPERATURE (F)   77        91      1989
 MINIMUM TEMPERATURE (F)   61        49      1974


SUNRISE AND SUNSET
APRIL 25 2017.........SUNRISE   647 AM EDT   SUNSET   801 PM EDT
APRIL 26 2017.........SUNRISE   646 AM EDT   SUNSET   802 PM EDT


-  INDICATES NEGATIVE NUMBERS.
R  INDICATES RECORD WAS SET OR TIED.
MM INDICATES DATA IS MISSING.
T  INDICATES TRACE AMOUNT.




$$
