000
CDUS42 KJAX 290531
CLISSI


CLIMATE REPORT
NATIONAL WEATHER SERVICE JACKSONVILLE FL
131 AM EDT FRI AUG 29 2014


...................................

...THE ST SIMONS ISLAND CLIMATE SUMMARY FOR AUGUST 28 2014...

CLIMATE NORMAL PERIOD 1981 TO 2010
CLIMATE RECORD PERIOD 1948 TO 2014


WEATHER ITEM   OBSERVED TIME   RECORD YEAR NORMAL DEPARTURE LAST
                VALUE   (LST)  VALUE       VALUE  FROM      YEAR
                                                  NORMAL
..................................................................
TEMPERATURE (F)
 YESTERDAY
  MAXIMUM         85    306 PM  97    1983  88     -3       87
  MINIMUM         68    625 AM  63    1952  74     -6       72
  AVERAGE         77                        81     -4       80

PRECIPITATION (IN)
  YESTERDAY        0.00          4.36 1968   0.24  -0.24     0.00
  MONTH TO DATE    4.80                      5.57  -0.77     7.90
  SINCE JUN 1     12.26                     14.49  -2.23    22.52
  SINCE JAN 1     30.75                     29.41   1.34    34.94

SNOWFALL (IN)
  YESTERDAY        0.0           0.0    MM                   0.0
  MONTH TO DATE    0.0                                       0.0
  SINCE JUN 1      0.0                                       0.0
  SINCE JUL 1      0.0                                       0.0
  SNOW DEPTH       0

DEGREE DAYS
 HEATING
  YESTERDAY        0                         0      0        0
  MONTH TO DATE    0                         0      0        0
  SINCE JUN 1      0                         0      0        0
  SINCE JUL 1      0                         0      0        0

 COOLING
  YESTERDAY       12                        16     -4       15
  MONTH TO DATE  507                       476     31      481
  SINCE JUN 1   1513                      1488     25     1491
  SINCE JAN 1   1956                      1930     26     1892
..................................................................


WIND (MPH)
  HIGHEST WIND SPEED    12   HIGHEST WIND DIRECTION     E (90)
  HIGHEST GUST SPEED    25   HIGHEST GUST DIRECTION    NE (60)
  AVERAGE WIND SPEED     4.6


SKY COVER
  POSSIBLE SUNSHINE  MM
  AVERAGE SKY COVER 0.1


WEATHER CONDITIONS
 THE FOLLOWING WEATHER WAS RECORDED YESTERDAY.
  NO SIGNIFICANT WEATHER WAS OBSERVED.


RELATIVE HUMIDITY (PERCENT)
 HIGHEST    90           300 AM
 LOWEST     58          1000 AM
 AVERAGE    74

..........................................................


THE ST SIMONS ISLAND CLIMATE NORMALS FOR TODAY
                         NORMAL    RECORD    YEAR
 MAXIMUM TEMPERATURE (F)   87        98      1951
 MINIMUM TEMPERATURE (F)   74        64      1986


SUNRISE AND SUNSET
AUGUST 29 2014........SUNRISE   700 AM EDT   SUNSET   753 PM EDT
AUGUST 30 2014........SUNRISE   700 AM EDT   SUNSET   751 PM EDT


-  INDICATES NEGATIVE NUMBERS.
R  INDICATES RECORD WAS SET OR TIED.
MM INDICATES DATA IS MISSING.
T  INDICATES TRACE AMOUNT.




$$
