000
CDUS42 KJAX 070531
CLISSI


CLIMATE REPORT
NATIONAL WEATHER SERVICE JACKSONVILLE FL
1231 AM EST SUN FEB 7 2016


...................................

...THE ST SIMONS ISLAND CLIMATE SUMMARY FOR FEBRUARY 6 2016...

CLIMATE NORMAL PERIOD 1981 TO 2010
CLIMATE RECORD PERIOD 1948 TO 2016


WEATHER ITEM   OBSERVED TIME   RECORD YEAR NORMAL DEPARTURE LAST
                VALUE   (LST)  VALUE       VALUE  FROM      YEAR
                                                  NORMAL
..................................................................
TEMPERATURE (F)
 YESTERDAY
  MAXIMUM         54   1251 PM  81    2008  62     -8       52
  MINIMUM         41   1203 AM  23    1966  44     -3       34
  AVERAGE         48                        53     -5       43

PRECIPITATION (IN)
  YESTERDAY        0.33          1.30 1979   0.12   0.21     0.00
  MONTH TO DATE    2.62                      0.71   1.91     0.83
  SINCE DEC 1      7.12                      6.57   0.55     5.18
  SINCE JAN 1      5.77                      3.93   1.84     3.86

SNOWFALL (IN)
  YESTERDAY        0.0           0.0    MM                   0.0
  MONTH TO DATE    0.0                                       0.0
  SINCE DEC 1      0.0                                       0.0
  SINCE JUL 1      0.0                                       0.0
  SNOW DEPTH       0

DEGREE DAYS
 HEATING
  YESTERDAY       17                        12      5       22
  MONTH TO DATE   50                        74    -24       94
  SINCE DEC 1    582                       845   -263      751
  SINCE JUL 1    647                      1025   -378     1037

 COOLING
  YESTERDAY        0                         0      0        0
  MONTH TO DATE    0                         0      0        0
  SINCE DEC 1     90                        16     74       12
  SINCE JAN 1      0                         3     -3        6
..................................................................


WIND (MPH)
  HIGHEST WIND SPEED    22   HIGHEST WIND DIRECTION     N (20)
  HIGHEST GUST SPEED    32   HIGHEST GUST DIRECTION     N (340)
  AVERAGE WIND SPEED    13.6


SKY COVER
  POSSIBLE SUNSHINE  MM
  AVERAGE SKY COVER 0.7


WEATHER CONDITIONS
 THE FOLLOWING WEATHER WAS RECORDED YESTERDAY.
  HEAVY RAIN
  RAIN
  LIGHT RAIN
  FOG


RELATIVE HUMIDITY (PERCENT)
 HIGHEST    96          1000 PM
 LOWEST     61           900 AM
 AVERAGE    79

..........................................................


THE ST SIMONS ISLAND CLIMATE NORMALS FOR TODAY
                         NORMAL    RECORD    YEAR
 MAXIMUM TEMPERATURE (F)   62        78      1999
 MINIMUM TEMPERATURE (F)   45        25      1978


SUNRISE AND SUNSET
FEBRUARY  7 2016......SUNRISE   714 AM EST   SUNSET   606 PM EST
FEBRUARY  8 2016......SUNRISE   713 AM EST   SUNSET   607 PM EST


-  INDICATES NEGATIVE NUMBERS.
R  INDICATES RECORD WAS SET OR TIED.
MM INDICATES DATA IS MISSING.
T  INDICATES TRACE AMOUNT.




$$
