408
CDUS43 KMPX 270823
CLISTC


CLIMATE REPORT
NATIONAL WEATHER SERVICE CHANHASSEN MN
323 AM CDT SAT MAY 27 2017


...................................

...THE ST CLOUD MN CLIMATE SUMMARY FOR MAY 26 2017...

CLIMATE NORMAL PERIOD 1981 TO 2010
CLIMATE RECORD PERIOD 1893 TO 2017


WEATHER ITEM   OBSERVED TIME   RECORD YEAR NORMAL DEPARTURE LAST
                VALUE   (LST)  VALUE       VALUE  FROM      YEAR
                                                  NORMAL
..................................................................
TEMPERATURE (F)
 YESTERDAY
  MAXIMUM         76    313 PM  93    1914  72      4       80
  MINIMUM         53   1159 PM  30    1992  47      6       58
  AVERAGE         65                        59      6       69

PRECIPITATION (IN)
  YESTERDAY        0.00          2.13 1906   0.09  -0.09     0.00
  MONTH TO DATE    4.32                      2.44   1.88     1.51
  SINCE MAR 1      8.26                      6.56   1.70     4.75
  SINCE JAN 1      9.58                      7.80   1.78     5.69

SNOWFALL (IN)
  YESTERDAY        0.0           T    1951   0.0    0.0      0.0
  MONTH TO DATE    1.0                       0.0    1.0      0.0
  SINCE MAR 1      3.0                      11.5   -8.5      4.6
  SINCE JUL 1     31.9                      45.7  -13.8     30.3
  SNOW DEPTH       0

DEGREE DAYS
 HEATING
  YESTERDAY        0                         7     -7        0
  MONTH TO DATE  269                       258     11      256
  SINCE MAR 1   1892                      1979    -87     1678
  SINCE JUL 1   7248                      8425  -1177     7129

 COOLING
  YESTERDAY        0                         1     -1        4
  MONTH TO DATE    3                        18    -15       22
  SINCE MAR 1      3                        20    -17       27
  SINCE JAN 1      3                        20    -17       27
..................................................................


WIND (MPH)
  HIGHEST WIND SPEED    18   HIGHEST WIND DIRECTION     W (250)
  HIGHEST GUST SPEED    23   HIGHEST GUST DIRECTION     W (280)
  AVERAGE WIND SPEED     8.2


SKY COVER
  POSSIBLE SUNSHINE  MM
  AVERAGE SKY COVER 0.3


WEATHER CONDITIONS
 THE FOLLOWING WEATHER WAS RECORDED YESTERDAY.
  NO SIGNIFICANT WEATHER WAS OBSERVED.


RELATIVE HUMIDITY (PERCENT)
 HIGHEST    93           500 AM
 LOWEST     41           500 PM
 AVERAGE    67

..........................................................


THE ST CLOUD MN CLIMATE NORMALS FOR TODAY
                         NORMAL    RECORD    YEAR
 MAXIMUM TEMPERATURE (F)   72        97      1969
 MINIMUM TEMPERATURE (F)   48        28      1907


SUNRISE AND SUNSET
MAY 27 2017...........SUNRISE   534 AM CDT   SUNSET   854 PM CDT
MAY 28 2017...........SUNRISE   533 AM CDT   SUNSET   855 PM CDT


-  INDICATES NEGATIVE NUMBERS.
R  INDICATES RECORD WAS SET OR TIED.
MM INDICATES DATA IS MISSING.
T  INDICATES TRACE AMOUNT.




$$
