000
CDUS43 KMPX 020746
CLISTC


CLIMATE REPORT
NATIONAL WEATHER SERVICE CHANHASSEN MN
245 AM CDT SUN AUG 2 2015


...................................

...THE ST CLOUD MN CLIMATE SUMMARY FOR AUGUST 1 2015...

CLIMATE NORMAL PERIOD 1981 TO 2010
CLIMATE RECORD PERIOD 1893 TO 2015


WEATHER ITEM   OBSERVED TIME   RECORD YEAR NORMAL DEPARTURE LAST
                VALUE   (LST)  VALUE       VALUE  FROM      YEAR
                                                  NORMAL
..................................................................
TEMPERATURE (F)
 YESTERDAY
  MAXIMUM         85    157 PM  99    1988  82      3       89
                                      1964
  MINIMUM         55    507 AM  45    1905  58     -3       58
  AVERAGE         70                        70      0       74

PRECIPITATION (IN)
  YESTERDAY        0.00          1.60 1899   0.11  -0.11     0.00
  MONTH TO DATE    0.00                      0.11  -0.11     0.00
  SINCE JUN 1     11.84                      7.59   4.25     7.43
  SINCE JAN 1     20.51                     15.90   4.61    23.78

SNOWFALL (IN)
  YESTERDAY        0.0           0.0    MM   0.0    0.0      0.0
  MONTH TO DATE    0.0                       0.0    0.0      0.0
  SINCE JUN 1      0.0                       0.0    0.0      0.0
  SINCE JUL 1      0.0                       0.0    0.0      0.0
  SNOW DEPTH       0

DEGREE DAYS
 HEATING
  YESTERDAY        0                         1     -1        0
  MONTH TO DATE    0                         1     -1        0
  SINCE JUN 1     40                        96    -56       33
  SINCE JUL 1     12                        18     -6        7

 COOLING
  YESTERDAY        5                         5      0        9
  MONTH TO DATE    5                         5      0        9
  SINCE JUN 1    274                       282     -8      317
  SINCE JAN 1    279                       307    -28      361
..................................................................


WIND (MPH)
  HIGHEST WIND SPEED    13   HIGHEST WIND DIRECTION     S (200)
  HIGHEST GUST SPEED    17   HIGHEST GUST DIRECTION     S (190)
  AVERAGE WIND SPEED     4.9


SKY COVER
  POSSIBLE SUNSHINE  MM
  AVERAGE SKY COVER 0.1


WEATHER CONDITIONS
 THE FOLLOWING WEATHER WAS RECORDED YESTERDAY.
  FOG


RELATIVE HUMIDITY (PERCENT)
 HIGHEST   100           400 AM
 LOWEST     31           100 PM
 AVERAGE    66

..........................................................


THE ST CLOUD MN CLIMATE NORMALS FOR TODAY
                         NORMAL    RECORD    YEAR
 MAXIMUM TEMPERATURE (F)   82        96      1958
 MINIMUM TEMPERATURE (F)   58        43      1950


SUNRISE AND SUNSET
AUGUST  2 2015........SUNRISE   601 AM CDT   SUNSET   843 PM CDT
AUGUST  3 2015........SUNRISE   602 AM CDT   SUNSET   842 PM CDT


-  INDICATES NEGATIVE NUMBERS.
R  INDICATES RECORD WAS SET OR TIED.
MM INDICATES DATA IS MISSING.
T  INDICATES TRACE AMOUNT.




$$
