329
CDUS43 KMPX 230657
CLISTC


CLIMATE REPORT
NATIONAL WEATHER SERVICE CHANHASSEN MN
1256 AM CST TUE JAN 23 2018


...................................

...THE ST CLOUD MN CLIMATE SUMMARY FOR JANUARY 22 2018...

CLIMATE NORMAL PERIOD 1981 TO 2010
CLIMATE RECORD PERIOD 1893 TO 2018


WEATHER ITEM   OBSERVED TIME   RECORD YEAR NORMAL DEPARTURE LAST
                VALUE   (LST)  VALUE       VALUE  FROM      YEAR
                                                  NORMAL
..................................................................
TEMPERATURE (F)
 YESTERDAY
  MAXIMUM         30    529 AM  52    1942  22      8       38
  MINIMUM         24   1159 PM -37    1936   1     23       33
  AVERAGE         27                        11     16       36

PRECIPITATION (IN)
  YESTERDAY        0.00          0.45 1979   0.02  -0.02     0.00
  MONTH TO DATE    0.17                      0.49  -0.32     0.44
  SINCE DEC 1      0.61                      1.31  -0.70     1.99
  SINCE JAN 1      0.17                      0.49  -0.32     0.44

SNOWFALL (IN)
  YESTERDAY        0.0           5.6  1979   0.3   -0.3      0.0
  MONTH TO DATE    3.9                       6.4   -2.5      9.0
  SINCE DEC 1      8.6                      15.8   -7.2     17.8
  SINCE JUL 1     15.7                      25.0   -9.3     25.1
  SNOW DEPTH       1

DEGREE DAYS
 HEATING
  YESTERDAY       38                        54    -16       29
  MONTH TO DATE 1184                      1181      3     1137
  SINCE DEC 1   2727                      2703     24     2601
  SINCE JUL 1   4493                      4628   -135     3975

 COOLING
  YESTERDAY        0                         0      0        0
  MONTH TO DATE    0                         0      0        0
  SINCE DEC 1      0                         0      0        0
  SINCE JAN 1      0                         0      0        0
..................................................................


WIND (MPH)
  HIGHEST WIND SPEED    23   HIGHEST WIND DIRECTION     N (10)
  HIGHEST GUST SPEED    34   HIGHEST GUST DIRECTION     N (360)
  AVERAGE WIND SPEED    13.7


SKY COVER
  POSSIBLE SUNSHINE  MM
  AVERAGE SKY COVER 1.0


WEATHER CONDITIONS
 THE FOLLOWING WEATHER WAS RECORDED YESTERDAY.
  NO SIGNIFICANT WEATHER WAS OBSERVED.


RELATIVE HUMIDITY (PERCENT)
 HIGHEST   100           200 AM
 LOWEST     75           700 PM
 AVERAGE    88

..........................................................


THE ST CLOUD MN CLIMATE NORMALS FOR TODAY
                         NORMAL    RECORD    YEAR
 MAXIMUM TEMPERATURE (F)   22        55      1942
 MINIMUM TEMPERATURE (F)    1       -33      1936
                                             1935


SUNRISE AND SUNSET
JANUARY 23 2018.......SUNRISE   747 AM CST   SUNSET   510 PM CST
JANUARY 24 2018.......SUNRISE   746 AM CST   SUNSET   511 PM CST


-  INDICATES NEGATIVE NUMBERS.
R  INDICATES RECORD WAS SET OR TIED.
MM INDICATES DATA IS MISSING.
T  INDICATES TRACE AMOUNT.




$$
