000
CDUS43 KEAX 181235
CLISTJ


CLIMATE REPORT
NATIONAL WEATHER SERVICE KANSAS CITY/PLEASANT HILL MO
634 AM CST THU DEC 18 2014


...................................

...THE ST. JOSEPH MO CLIMATE SUMMARY FOR DECEMBER 18 2014...
VALID AS OF 0600 AM LOCAL TIME.

CLIMATE NORMAL PERIOD 1981 TO 2010
CLIMATE RECORD PERIOD 1892 TO 2014


WEATHER ITEM   OBSERVED TIME   RECORD YEAR NORMAL DEPARTURE LAST
                VALUE   (LST)  VALUE       VALUE  FROM      YEAR
                                                  NORMAL
..................................................................
TEMPERATURE (F)
 TODAY
  MAXIMUM         30   1252 AM  64    1976  38     -8       63
  MINIMUM         28    559 AM -19    1983  19      9       19
  AVERAGE         29                        28      1       41

PRECIPITATION (IN)
  TODAY            0.08          1.32 1968   0.05   0.03     0.00
  MONTH TO DATE    0.62                      0.91  -0.29     0.09
  SINCE DEC 1      0.62                      0.91  -0.29     0.09
  SINCE JAN 1     31.57                     34.99  -3.42    30.91

DEGREE DAYS
 HEATING
  TODAY           36                        37     -1       24
  MONTH TO DATE  531                       611    -80      719
  SINCE DEC 1    531                       611    -80      719
  SINCE JUL 1   1777                      1722     55     1888

 COOLING
  TODAY            0                         0      0        0
  MONTH TO DATE    0                         0      0        0
  SINCE DEC 1      0                         0      0        0
  SINCE JAN 1   1182                      1221    -39     1285
..................................................................


WIND (MPH)
  HIGHEST WIND SPEED     7   HIGHEST WIND DIRECTION     E (90)
  HIGHEST GUST SPEED     9   HIGHEST GUST DIRECTION     E (110)
  AVERAGE WIND SPEED     4.6


SKY COVER
  AVERAGE SKY COVER 1.0


WEATHER CONDITIONS
 THE FOLLOWING WEATHER WAS RECORDED TODAY.
  SNOW
  LIGHT SNOW
  FOG


RELATIVE HUMIDITY (PERCENT)
 HIGHEST    92           400 AM
 LOWEST     69          1200 AM
 AVERAGE    81

..........................................................


THE ST. JOSEPH MO CLIMATE NORMALS FOR TOMORROW
                         NORMAL    RECORD    YEAR
 MAXIMUM TEMPERATURE (F)   38        61      1966
 MINIMUM TEMPERATURE (F)   19       -20      1981


SUNRISE AND SUNSET
DECEMBER 18 2014......SUNRISE   736 AM CST   SUNSET   457 PM CST
DECEMBER 19 2014......SUNRISE   736 AM CST   SUNSET   457 PM CST


-  INDICATES NEGATIVE NUMBERS.
R  INDICATES RECORD WAS SET OR TIED.
MM INDICATES DATA IS MISSING.
T  INDICATES TRACE AMOUNT.




$$
