000
CDUS43 KEAX 252132
CLISTJ


CLIMATE REPORT
NATIONAL WEATHER SERVICE KANSAS CITY/PLEASANT HILL MO
432 PM CDT MON MAY 25 2015


...................................

...THE ST. JOSEPH MO CLIMATE SUMMARY FOR MAY 25 2015...
VALID AS OF 0400 PM LOCAL TIME.

CLIMATE NORMAL PERIOD 1981 TO 2010
CLIMATE RECORD PERIOD 1892 TO 2015


WEATHER ITEM   OBSERVED TIME   RECORD YEAR NORMAL DEPARTURE LAST
                VALUE   (LST)  VALUE       VALUE  FROM      YEAR
                                                  NORMAL
..................................................................
TEMPERATURE (F)
 TODAY
  MAXIMUM         80    259 PM  98    1967  79      1       87
  MINIMUM         62    547 AM  36    1925  57      5       65
  AVERAGE         71                        68      3       76

PRECIPITATION (IN)
  TODAY            0.04          1.66 1937   0.16  -0.12     0.27
  MONTH TO DATE    8.04                      4.43   3.61     2.49
  SINCE MAR 1     12.22                     10.47   1.75     6.88
  SINCE JAN 1     13.97                     11.96   2.01     7.70

DEGREE DAYS
 HEATING
  TODAY            0                         2     -2        0
  MONTH TO DATE   91                       105    -14      122
  SINCE MAR 1    970                      1135   -165     1329
  SINCE JUL 1   5494                      5443     51     6269

 COOLING
  TODAY            6                         4      2       11
  MONTH TO DATE   49                        60    -11       89
  SINCE MAR 1     54                        81    -27       97
  SINCE JAN 1     54                        81    -27       97
..................................................................


WIND (MPH)
  HIGHEST WIND SPEED    25   HIGHEST WIND DIRECTION     S (170)
  HIGHEST GUST SPEED    32   HIGHEST GUST DIRECTION     S (180)
  AVERAGE WIND SPEED    12.5


SKY COVER
  AVERAGE SKY COVER 0.7


WEATHER CONDITIONS
 THE FOLLOWING WEATHER WAS RECORDED TODAY.
  LIGHT RAIN


RELATIVE HUMIDITY (PERCENT)
 HIGHEST   100          1200 AM
 LOWEST     64          1100 AM
 AVERAGE    82

..........................................................


THE ST. JOSEPH MO CLIMATE NORMALS FOR TOMORROW
                         NORMAL    RECORD    YEAR
 MAXIMUM TEMPERATURE (F)   79        94      1967
 MINIMUM TEMPERATURE (F)   57        43      1925


SUNRISE AND SUNSET
MAY 25 2015...........SUNRISE   557 AM CDT   SUNSET   836 PM CDT
MAY 26 2015...........SUNRISE   557 AM CDT   SUNSET   837 PM CDT


-  INDICATES NEGATIVE NUMBERS.
R  INDICATES RECORD WAS SET OR TIED.
MM INDICATES DATA IS MISSING.
T  INDICATES TRACE AMOUNT.




$$
