000
CDUS43 KEAX 240032
CLISTJ


CLIMATE REPORT
NATIONAL WEATHER SERVICE KANSAS CITY/PLEASANT HILL MO
631 PM CST THU NOV 23 2017


...................................

...THE ST. JOSEPH MO CLIMATE SUMMARY FOR NOVEMBER 23 2017...
VALID TODAY AS OF 0600 PM LOCAL TIME.

CLIMATE NORMAL PERIOD 1981 TO 2010
CLIMATE RECORD PERIOD 1892 TO 2017


WEATHER ITEM   OBSERVED TIME   RECORD YEAR NORMAL DEPARTURE LAST
                VALUE   (LST)  VALUE       VALUE  FROM      YEAR
                                                  NORMAL
..................................................................
TEMPERATURE (F)
 TODAY
  MAXIMUM         65    254 PM  77    1966  49     16       52
  MINIMUM         29    702 AM   8    2007  28      1       39
                                      1950
  AVERAGE         47                        38      9       46

PRECIPITATION (IN)
  TODAY            0.00          1.33 1931   0.03  -0.03     0.03
  MONTH TO DATE    0.46                      1.26  -0.80     0.33
  SINCE SEP 1      5.61                      7.49  -1.88    10.65
  SINCE JAN 1     25.86                     33.79  -7.93    40.77

DEGREE DAYS
 HEATING
  TODAY           18                        27     -9       19
  MONTH TO DATE  544                       492     52      328
  SINCE SEP 1    852                       906    -54      522
  SINCE JUL 1    858                       911    -53      524

 COOLING
  TODAY            0                         0      0        0
  MONTH TO DATE    0                         0      0        9
  SINCE SEP 1    227                       143     84      275
  SINCE JAN 1   1271                      1220     51     1547
..................................................................


WIND (MPH)
  HIGHEST WIND SPEED     8   HIGHEST WIND DIRECTION     S (190)
  HIGHEST GUST SPEED    10   HIGHEST GUST DIRECTION     S (200)
  AVERAGE WIND SPEED     4.0


SKY COVER
  AVERAGE SKY COVER 0.0


WEATHER CONDITIONS
 THE FOLLOWING WEATHER WAS RECORDED TODAY.
  NO SIGNIFICANT WEATHER WAS OBSERVED.


RELATIVE HUMIDITY (PERCENT)
 HIGHEST    72           600 AM
 LOWEST     37           300 PM
 AVERAGE    55

..........................................................


THE ST. JOSEPH MO CLIMATE NORMALS FOR TOMORROW
                         NORMAL    RECORD    YEAR
 MAXIMUM TEMPERATURE (F)   48        72      1990
 MINIMUM TEMPERATURE (F)   27         9      1950


SUNRISE AND SUNSET
NOVEMBER 23 2017......SUNRISE   714 AM CST   SUNSET   458 PM CST
NOVEMBER 24 2017......SUNRISE   715 AM CST   SUNSET   458 PM CST


-  INDICATES NEGATIVE NUMBERS.
R  INDICATES RECORD WAS SET OR TIED.
MM INDICATES DATA IS MISSING.
T  INDICATES TRACE AMOUNT.




$$
