000
CDUS43 KEAX 290642
CLISTJ


CLIMATE REPORT
NATIONAL WEATHER SERVICE KANSAS CITY/PLEASANT HILL MO
140 AM CDT SAT APR 29 2017


...................................

...THE ST. JOSEPH MO CLIMATE SUMMARY FOR APRIL 28 2017...

CLIMATE NORMAL PERIOD 1981 TO 2010
CLIMATE RECORD PERIOD 1892 TO 2017


WEATHER ITEM   OBSERVED TIME   RECORD YEAR NORMAL DEPARTURE LAST
                VALUE   (LST)  VALUE       VALUE  FROM      YEAR
                                                  NORMAL
..................................................................
TEMPERATURE (F)
 YESTERDAY
  MAXIMUM         51    256 AM  96    1970  69    -18       56
  MINIMUM         44   1058 PM  28    1965  47     -3       47
  AVERAGE         48                        58    -10       52

PRECIPITATION (IN)
  YESTERDAY        0.63          1.24 1956   0.18   0.45     0.00
  MONTH TO DATE    3.31                      3.42  -0.11     5.52
  SINCE MAR 1      5.88                      5.67   0.21     6.39
  SINCE JAN 1      6.90                      7.16  -0.26     7.30

DEGREE DAYS
 HEATING
  YESTERDAY       17                         8      9       13
  MONTH TO DATE  245                       330    -85      251
  SINCE MAR 1    812                      1015   -203      754
  SINCE JUL 1   4109                      5323  -1214     4372

 COOLING
  YESTERDAY        0                         1     -1        0
  MONTH TO DATE   14                        21     -7       17
  SINCE MAR 1     18                        23     -5       19
  SINCE JAN 1     18                        23     -5       19
..................................................................


WIND (MPH)
  HIGHEST WIND SPEED    18   HIGHEST WIND DIRECTION     N (10)
  HIGHEST GUST SPEED    23   HIGHEST GUST DIRECTION     E (80)
  AVERAGE WIND SPEED    10.8


SKY COVER
  POSSIBLE SUNSHINE  MM
  AVERAGE SKY COVER 1.0


WEATHER CONDITIONS
 THE FOLLOWING WEATHER WAS RECORDED YESTERDAY.
  THUNDERSTORM
  HEAVY RAIN
  RAIN
  LIGHT RAIN
  FOG


RELATIVE HUMIDITY (PERCENT)
 HIGHEST   100           700 AM
 LOWEST     89          1200 AM
 AVERAGE    95

..........................................................


THE ST. JOSEPH MO CLIMATE NORMALS FOR TODAY
                         NORMAL    RECORD    YEAR
 MAXIMUM TEMPERATURE (F)   70        94      1987
 MINIMUM TEMPERATURE (F)   47        31      1958


SUNRISE AND SUNSET
APRIL 29 2017.........SUNRISE   622 AM CDT   SUNSET   812 PM CDT
APRIL 30 2017.........SUNRISE   621 AM CDT   SUNSET   813 PM CDT


-  INDICATES NEGATIVE NUMBERS.
R  INDICATES RECORD WAS SET OR TIED.
MM INDICATES DATA IS MISSING.
T  INDICATES TRACE AMOUNT.




$$
