000
CDUS43 KEAX 270036
CLISTJ


CLIMATE REPORT
NATIONAL WEATHER SERVICE KANSAS CITY/PLEASANT HILL MO
635 PM CST THU FEB 26 2015


...................................

...THE ST. JOSEPH MO CLIMATE SUMMARY FOR FEBRUARY 26 2015...
VALID TODAY AS OF 0600 PM LOCAL TIME.

CLIMATE NORMAL PERIOD 1981 TO 2010
CLIMATE RECORD PERIOD 1892 TO 2015


WEATHER ITEM   OBSERVED TIME   RECORD YEAR NORMAL DEPARTURE LAST
                VALUE   (LST)  VALUE       VALUE  FROM      YEAR
                                                  NORMAL
..................................................................
TEMPERATURE (F)
 TODAY
  MAXIMUM         19    241 PM  73    1988  46    -27       30
  MINIMUM          6    755 AM  -4    1934  25    -19        4
  AVERAGE         13                        35    -22       17

PRECIPITATION (IN)
  TODAY            T             0.74 1899   0.04  -0.04     0.00
  MONTH TO DATE    0.58                      0.85  -0.27     0.73
  SINCE DEC 1      2.69                      2.93  -0.24     1.18
  SINCE JAN 1      1.73                      1.41   0.32     0.81

DEGREE DAYS
 HEATING
  TODAY           52                        30     22       48
  MONTH TO DATE 1083                       866    217     1125
  SINCE DEC 1   3174                      3138     36     3698
  SINCE JUL 1   4420                      4249    171     4867

 COOLING
  TODAY            0                         0      0        0
  MONTH TO DATE    0                         0      0        0
  SINCE DEC 1      0                         0      0        0
  SINCE JAN 1      0                         0      0        0
..................................................................


WIND (MPH)
  HIGHEST WIND SPEED    29   HIGHEST WIND DIRECTION     N (350)
  HIGHEST GUST SPEED    35   HIGHEST GUST DIRECTION     N (360)
  AVERAGE WIND SPEED    19.7


SKY COVER
  AVERAGE SKY COVER 0.2


WEATHER CONDITIONS
 THE FOLLOWING WEATHER WAS RECORDED TODAY.
  LIGHT SNOW


RELATIVE HUMIDITY (PERCENT)
 HIGHEST    76           300 AM
 LOWEST     46           500 PM
 AVERAGE    61

..........................................................


THE ST. JOSEPH MO CLIMATE NORMALS FOR TOMORROW
                         NORMAL    RECORD    YEAR
 MAXIMUM TEMPERATURE (F)   47        73      1932
 MINIMUM TEMPERATURE (F)   25       -10      1934


SUNRISE AND SUNSET
FEBRUARY 26 2015......SUNRISE   657 AM CST   SUNSET   608 PM CST
FEBRUARY 27 2015......SUNRISE   656 AM CST   SUNSET   609 PM CST


-  INDICATES NEGATIVE NUMBERS.
R  INDICATES RECORD WAS SET OR TIED.
MM INDICATES DATA IS MISSING.
T  INDICATES TRACE AMOUNT.




$$
