000
CDUS43 KLSX 011245
CLISTL


CLIMATE REPORT
NATIONAL WEATHER SERVICE ST LOUIS MO
745 AM CDT WED JUL 1 2015


...................................

...THE ST. LOUIS CLIMATE SUMMARY FOR JUNE 30 2015...

CLIMATE NORMAL PERIOD 1981 TO 2010
CLIMATE RECORD PERIOD 1874 TO 2015


WEATHER ITEM   OBSERVED TIME   RECORD YEAR NORMAL DEPARTURE LAST
                VALUE   (LST)  VALUE       VALUE  FROM      YEAR
                                                  NORMAL
..................................................................
TEMPERATURE (F)
 YESTERDAY
  MAXIMUM         86    330 PM 105    2012  89     -3       94
  MINIMUM         70    504 AM  54    1943  70      0       76
  AVERAGE         78                        79     -1       85

PRECIPITATION (IN)
  YESTERDAY        0.00          3.00 1947   0.12  -0.12     0.00
  MONTH TO DATE   13.14                      4.28   8.86     5.26
  SINCE JUN 1     13.14                      4.28   8.86     5.26
  SINCE JAN 1     28.13                     20.65   7.48    22.32

SNOWFALL (IN)
  YESTERDAY        0.0           0.0  2013   0.0    0.0      0.0
  MONTH TO DATE    0.0                       0.0    0.0      0.0
  SINCE JUN 1      0.0                       0.0    0.0      0.0
  SINCE JUL 1     16.8                      17.7   -0.9     28.8
  SNOW DEPTH       0

DEGREE DAYS
 HEATING
  YESTERDAY        0                         0      0        0
  MONTH TO DATE    3                         3      0        0
  SINCE JUN 1      3                         5     -2        0
  SINCE JUL 1   4585                      4535     50     5027

 COOLING
  YESTERDAY       13                        14     -1       20
  MONTH TO DATE  390                       334     56      398
  SINCE JUN 1    390                       334     56      398
  SINCE JAN 1    614                       508    106      660
..................................................................


WIND (MPH)
  HIGHEST WIND SPEED    15   HIGHEST WIND DIRECTION     W (260)
  HIGHEST GUST SPEED    18   HIGHEST GUST DIRECTION     W (250)
  AVERAGE WIND SPEED     6.0


SKY COVER
  AVERAGE SKY COVER 0.4


WEATHER CONDITIONS
 THE FOLLOWING WEATHER WAS RECORDED YESTERDAY.
  HAZE


RELATIVE HUMIDITY (PERCENT)
 HIGHEST    84           200 AM
 LOWEST     51           300 PM
 AVERAGE    68

..........................................................


THE ST. LOUIS CLIMATE NORMALS FOR TODAY
                         NORMAL    RECORD    YEAR
 MAXIMUM TEMPERATURE (F)   89       105      1980
 MINIMUM TEMPERATURE (F)   70        56      1937


SUNRISE AND SUNSET
JULY  1 2015..........SUNRISE   540 AM CDT   SUNSET   830 PM CDT
JULY  2 2015..........SUNRISE   541 AM CDT   SUNSET   830 PM CDT


-  INDICATES NEGATIVE NUMBERS.
R  INDICATES RECORD WAS SET OR TIED.
MM INDICATES DATA IS MISSING.
T  INDICATES TRACE AMOUNT.




$$
