340
CDUS43 KLSX 312226
CLISTL


CLIMATE REPORT
NATIONAL WEATHER SERVICE ST LOUIS MO
526 PM CDT TUE MAY 31 2016


...................................

...THE ST. LOUIS CLIMATE SUMMARY FOR MAY 31 2016...
VALID TODAY AS OF 0500 PM LOCAL TIME.

CLIMATE NORMAL PERIOD 1981 TO 2010
CLIMATE RECORD PERIOD 1874 TO 2016


WEATHER ITEM   OBSERVED TIME   RECORD YEAR NORMAL DEPARTURE LAST
                VALUE   (LST)  VALUE       VALUE  FROM      YEAR
                                                  NORMAL
..................................................................
TEMPERATURE (F)
 TODAY
  MAXIMUM         85    359 PM  98    1934  81      4       60
  MINIMUM         70    444 AM  42    1889  62      8       54
  AVERAGE         78                        71      7       57

PRECIPITATION (IN)
  TODAY            T             1.74 2013   0.16  -0.16      T
  MONTH TO DATE    4.67                      4.72  -0.05     3.62
  SINCE MAR 1     11.45                     11.73  -0.28    12.04
  SINCE JAN 1     13.05                     16.37  -3.32    14.99

SNOWFALL (IN)
  TODAY            0.0           0.0  2015   0.0    0.0      0.0
  MONTH TO DATE    0.0                       0.0    0.0      0.0
  SINCE MAR 1      0.3                       2.7   -2.4      0.6
  SINCE JUL 1     10.9                      17.7   -6.8     16.8
  SNOW DEPTH       0

DEGREE DAYS
 HEATING
  TODAY            0                         1     -1        8
  MONTH TO DATE   83                        75      8       50
  SINCE MAR 1    654                       932   -278      780
  SINCE JUL 1   3484                      4530  -1046     4582

 COOLING
  TODAY           13                         7      6        0
  MONTH TO DATE  134                       128      6      199
  SINCE MAR 1    194                       174     20      224
  SINCE JAN 1    194                       174     20      224
..................................................................


WIND (MPH)
  HIGHEST WIND SPEED    17   HIGHEST WIND DIRECTION    SW (210)
  HIGHEST GUST SPEED    23   HIGHEST GUST DIRECTION     S (200)
  AVERAGE WIND SPEED     4.2


SKY COVER
  AVERAGE SKY COVER 0.8



RELATIVE HUMIDITY (PERCENT)
 HIGHEST    78           400 AM
 LOWEST     44           400 PM
 AVERAGE    61

..........................................................


THE ST. LOUIS CLIMATE NORMALS FOR TOMORROW
                         NORMAL    RECORD    YEAR
 MAXIMUM TEMPERATURE (F)   81       100      1934
 MINIMUM TEMPERATURE (F)   62        45      1972


SUNRISE AND SUNSET
MAY 31 2016...........SUNRISE   539 AM CDT   SUNSET   820 PM CDT
JUNE  1 2016..........SUNRISE   538 AM CDT   SUNSET   821 PM CDT


-  INDICATES NEGATIVE NUMBERS.
R  INDICATES RECORD WAS SET OR TIED.
MM INDICATES DATA IS MISSING.
T  INDICATES TRACE AMOUNT.




$$
