740
CDUS43 KLSX 290735
CLISTL


CLIMATE REPORT
NATIONAL WEATHER SERVICE ST LOUIS MO
231 AM CDT FRI JUL 29 2016


...................................

...THE ST. LOUIS CLIMATE SUMMARY FOR JULY 28 2016...

CLIMATE NORMAL PERIOD 1981 TO 2010
CLIMATE RECORD PERIOD 1874 TO 2016


WEATHER ITEM   OBSERVED TIME   RECORD YEAR NORMAL DEPARTURE LAST
                VALUE   (LST)  VALUE       VALUE  FROM      YEAR
                                                  NORMAL
..................................................................
TEMPERATURE (F)
 YESTERDAY
  MAXIMUM         91    112 PM 108    1930  89      2      100
  MINIMUM         76    512 AM  56    2013  71      5       76
  AVERAGE         84                        80      4       88

PRECIPITATION (IN)
  YESTERDAY        0.00          2.18 1957   0.13  -0.13     0.00
  MONTH TO DATE    8.31                      3.73   4.58     4.13
  SINCE JUN 1      9.60                      8.01   1.59    17.27
  SINCE JAN 1     22.65                     24.38  -1.73    32.26

SNOWFALL (IN)
  YESTERDAY        0.0           0.0  2015   0.0    0.0      0.0
  MONTH TO DATE    0.0                       0.0    0.0      0.0
  SINCE JUN 1      0.0                       0.0    0.0      0.0
  SINCE JUL 1      0.0                       0.0    0.0      0.0
  SNOW DEPTH       0

DEGREE DAYS
 HEATING
  YESTERDAY        0                         0      0        0
  MONTH TO DATE    0                         0      0        0
  SINCE JUN 1      0                         5     -5        3
  SINCE JUL 1      0                         0      0        0

 COOLING
  YESTERDAY       19                        15      4       23
  MONTH TO DATE  475                       420     55      439
  SINCE JUN 1    970                       754    216      829
  SINCE JAN 1   1164                       928    236     1053
..................................................................


WIND (MPH)
  HIGHEST WIND SPEED    15   HIGHEST WIND DIRECTION    NW (320)
  HIGHEST GUST SPEED    23   HIGHEST GUST DIRECTION    NW (330)
  AVERAGE WIND SPEED     6.8


SKY COVER
  AVERAGE SKY COVER 0.5


WEATHER CONDITIONS
 THE FOLLOWING WEATHER WAS RECORDED YESTERDAY.
  THUNDERSTORM


RELATIVE HUMIDITY (PERCENT)
 HIGHEST    85           400 AM
 LOWEST     52           200 PM
 AVERAGE    69

..........................................................


THE ST. LOUIS CLIMATE NORMALS FOR TODAY
                         NORMAL    RECORD    YEAR
 MAXIMUM TEMPERATURE (F)   89       103      1999
                                             1941
 MINIMUM TEMPERATURE (F)   71        54      1971


SUNRISE AND SUNSET
JULY 29 2016..........SUNRISE   601 AM CDT   SUNSET   815 PM CDT
JULY 30 2016..........SUNRISE   602 AM CDT   SUNSET   814 PM CDT


-  INDICATES NEGATIVE NUMBERS.
R  INDICATES RECORD WAS SET OR TIED.
MM INDICATES DATA IS MISSING.
T  INDICATES TRACE AMOUNT.




$$
