000
CDUS43 KLSX 300729
CLISTL


CLIMATE REPORT
NATIONAL WEATHER SERVICE ST LOUIS MO
228 AM CDT FRI SEP 30 2016


...................................

...THE ST. LOUIS CLIMATE SUMMARY FOR SEPTEMBER 29 2016...

CLIMATE NORMAL PERIOD 1981 TO 2010
CLIMATE RECORD PERIOD 1874 TO 2016


WEATHER ITEM   OBSERVED TIME   RECORD YEAR NORMAL DEPARTURE LAST
                VALUE   (LST)  VALUE       VALUE  FROM      YEAR
                                                  NORMAL
..................................................................
TEMPERATURE (F)
 YESTERDAY
  MAXIMUM         71    141 PM 102    1953  75     -4       79
  MINIMUM         54    632 AM  36    1942  55     -1       63
  AVERAGE         63                        65     -2       71

PRECIPITATION (IN)
  YESTERDAY        0.01          1.64 1906   0.10  -0.09     1.03
  MONTH TO DATE    4.91                      3.03   1.88     3.11
  SINCE SEP 1      4.91                      3.03   1.88     3.11
  SINCE JAN 1     33.39                     30.78   2.61    42.04

SNOWFALL (IN)
  YESTERDAY        0.0           0.0  2015   0.0    0.0      0.0
  MONTH TO DATE    0.0                       0.0    0.0      0.0
  SINCE SEP 1      0.0                       0.0    0.0      0.0
  SINCE JUL 1      0.0                       0.0    0.0      0.0
  SNOW DEPTH       0

DEGREE DAYS
 HEATING
  YESTERDAY        2                         4     -2        0
  MONTH TO DATE    4                        35    -31        5
  SINCE SEP 1      4                        35    -31        5
  SINCE JUL 1      4                        36    -32        5

 COOLING
  YESTERDAY        0                         3     -3        6
  MONTH TO DATE  324                       200    124      314
  SINCE SEP 1    324                       200    124      314
  SINCE JAN 1   2029                      1599    430     1821
..................................................................


WIND (MPH)
  HIGHEST WIND SPEED    18   HIGHEST WIND DIRECTION    NW (330)
  HIGHEST GUST SPEED    24   HIGHEST GUST DIRECTION    NW (330)
  AVERAGE WIND SPEED     9.9


SKY COVER
  AVERAGE SKY COVER 0.7


WEATHER CONDITIONS
 THE FOLLOWING WEATHER WAS RECORDED YESTERDAY.
  LIGHT RAIN


RELATIVE HUMIDITY (PERCENT)
 HIGHEST    84           600 PM
 LOWEST     57           200 PM
 AVERAGE    71

..........................................................


THE ST. LOUIS CLIMATE NORMALS FOR TODAY
                         NORMAL    RECORD    YEAR
 MAXIMUM TEMPERATURE (F)   74        93      1952
 MINIMUM TEMPERATURE (F)   54        36      1949


SUNRISE AND SUNSET
SEPTEMBER 30 2016.....SUNRISE   657 AM CDT   SUNSET   645 PM CDT
OCTOBER  1 2016.......SUNRISE   658 AM CDT   SUNSET   643 PM CDT


-  INDICATES NEGATIVE NUMBERS.
R  INDICATES RECORD WAS SET OR TIED.
MM INDICATES DATA IS MISSING.
T  INDICATES TRACE AMOUNT.




$$
