000
CDUS46 KMTR 190826
CLISTS


CLIMATE REPORT
NATIONAL WEATHER SERVICE SAN FRANCISCO BAY AREA
1225 AM PST THU JAN 19 2017


...................................

...THE SANTA ROSA AIRPORT CLIMATE SUMMARY FOR JANUARY 18 2017...

CLIMATE NORMAL PERIOD 1981 TO 2010
CLIMATE RECORD PERIOD 1998 TO 2017


WEATHER ITEM   OBSERVED TIME   RECORD YEAR NORMAL DEPARTURE LAST
                VALUE   (LST)  VALUE       VALUE  FROM      YEAR
                                                  NORMAL
..................................................................
TEMPERATURE (F)
 YESTERDAY
  MAXIMUM         52   1159 PM  73    2014  57     -5       58
  MINIMUM         44    755 AM  24    2007  37      7       51
  AVERAGE         48                        47      1       55

PRECIPITATION (IN)
  YESTERDAY        3.10R         1.08 2010   0.19   2.91     0.01
  MONTH TO DATE   14.77                      4.79   9.98     8.28
  SINCE OCT 1     33.19                     18.54  14.65    16.86
  SINCE JAN 1     14.77                      4.79   9.98     8.28

DEGREE DAYS
 HEATING
  YESTERDAY       17                                        10
  MONTH TO DATE  337                                       293
  SINCE DEC 1    924                                       833
  SINCE JUL 1   1417                                      1278

 COOLING
  YESTERDAY        0                                         0
  MONTH TO DATE    0                                         0
  SINCE DEC 1      0                                         0
  SINCE JAN 1      0                                         0
..................................................................


WIND (MPH)
  RESULTANT WIND SPEED   8   RESULTANT WIND DIRECTION  SE (150)
  HIGHEST WIND SPEED    30   HIGHEST WIND DIRECTION    SE (150)
  HIGHEST GUST SPEED    39   HIGHEST GUST DIRECTION    SE (140)
  AVERAGE WIND SPEED     8.0


SKY COVER
  POSSIBLE SUNSHINE  MM
  AVERAGE SKY COVER 1.0


WEATHER CONDITIONS
 THE FOLLOWING WEATHER WAS RECORDED YESTERDAY.
  HEAVY RAIN
  RAIN
  LIGHT RAIN
  FOG


RELATIVE HUMIDITY (PERCENT)
 HIGHEST   100           300 AM
 LOWEST     86           100 AM
 AVERAGE    93

..........................................................


THE SANTA ROSA AIRPORT CLIMATE NORMALS FOR TODAY
                         NORMAL    RECORD    YEAR
 MAXIMUM TEMPERATURE (F)   57        70      2014
                                             2011
 MINIMUM TEMPERATURE (F)   37        26      2014
                                             2007


SUNRISE AND SUNSET
JANUARY 19 2017.......SUNRISE   725 AM PST   SUNSET   519 PM PST
JANUARY 20 2017.......SUNRISE   725 AM PST   SUNSET   520 PM PST


-  INDICATES NEGATIVE NUMBERS.
R  INDICATES RECORD WAS SET OR TIED.
MM INDICATES DATA IS MISSING.
T  INDICATES TRACE AMOUNT.




$$
