000
CDUS46 KMTR 020025
CLISTS


CLIMATE REPORT
NATIONAL WEATHER SERVICE SAN FRANCISCO BAY AREA
525 PM PDT FRI AUG 1 2014


...................................

...THE SANTA ROSA AIRPORT CLIMATE SUMMARY FOR AUGUST 1 2014...
VALID TODAY AS OF 0500 PM LOCAL TIME.

CLIMATE NORMAL PERIOD 1981 TO 2010
CLIMATE RECORD PERIOD 1998 TO 2014


WEATHER ITEM   OBSERVED TIME   RECORD YEAR NORMAL DEPARTURE LAST
                VALUE   (LST)  VALUE       VALUE  FROM      YEAR
                                                  NORMAL
..................................................................
TEMPERATURE (F)
 TODAY
  MAXIMUM         87    317 PM  96    2000  83      4       82
  MINIMUM         51    448 AM  44    2013  52     -1       44
  AVERAGE         69                        67      2       63

PRECIPITATION (IN)
  TODAY            0.00          0.00 2000   0.00   0.00     0.00
  MONTH TO DATE    0.00                      0.00   0.00     0.00
  SINCE JUL 1      T                         0.01  -0.01     0.01
  SINCE JAN 1     12.57                     22.10  -9.53     6.53

DEGREE DAYS
 HEATING
  TODAY            0                                         2
  MONTH TO DATE    0                                         2
  SINCE JUN 1     29                                        60
  SINCE JUL 1      0                                        23

 COOLING
  TODAY            4                                         0
  MONTH TO DATE    4                                         0
  SINCE JUN 1    193                                       177
  SINCE JAN 1    251                                       232
..................................................................


WIND (MPH)
  RESULTANT WIND SPEED   4   RESULTANT WIND DIRECTION   S (170)
  HIGHEST WIND SPEED    15   HIGHEST WIND DIRECTION     S (170)
  HIGHEST GUST SPEED    20   HIGHEST GUST DIRECTION    SE (140)
  AVERAGE WIND SPEED     4.0


SKY COVER
  POSSIBLE SUNSHINE  MM
  AVERAGE SKY COVER 0.3


WEATHER CONDITIONS
 THE FOLLOWING WEATHER WAS RECORDED TODAY.
  FOG
  FOG W/VISIBILITY <= 1/4 MILE


RELATIVE HUMIDITY (PERCENT)
 HIGHEST   100           100 AM
 LOWEST     37           100 PM
 AVERAGE    69

..........................................................


THE SANTA ROSA AIRPORT CLIMATE NORMALS FOR TOMORROW
                         NORMAL    RECORD    YEAR
 MAXIMUM TEMPERATURE (F)   83       100      1998
 MINIMUM TEMPERATURE (F)   52        46      2013
                                             2012


SUNRISE AND SUNSET
AUGUST  1 2014........SUNRISE   613 AM PDT   SUNSET   821 PM PDT
AUGUST  2 2014........SUNRISE   614 AM PDT   SUNSET   820 PM PDT


-  INDICATES NEGATIVE NUMBERS.
R  INDICATES RECORD WAS SET OR TIED.
MM INDICATES DATA IS MISSING.
T  INDICATES TRACE AMOUNT.




$$
