000
CDUS43 KFSD 260707
CLISUX


CLIMATE REPORT
NATIONAL WEATHER SERVICE SIOUX FALLS SD
201 AM CDT SAT JUL 26 2014


...................................

...THE SIOUX CITY IA CLIMATE SUMMARY FOR JULY 25 2014...

CLIMATE NORMAL PERIOD 1981 TO 2010
CLIMATE RECORD PERIOD 1889 TO 2014


WEATHER ITEM   OBSERVED TIME   RECORD YEAR NORMAL DEPARTURE LAST
                VALUE   (LST)  VALUE       VALUE  FROM      YEAR
                                                  NORMAL
..................................................................
TEMPERATURE (F)
 YESTERDAY
  MAXIMUM         89    452 PM 108    1936  85      4       87
  MINIMUM         68    652 AM  47    2004  63      5       61
  AVERAGE         79                        74      5       74

PRECIPITATION (IN)
  YESTERDAY        0.00          1.60 1922   0.11  -0.11     0.40
  MONTH TO DATE    3.60                      2.81   0.79     0.59
  SINCE JUN 1     20.25                      6.70  13.55     3.72
  SINCE JAN 1     25.50                     16.68   8.82    16.95

SNOWFALL (IN)
  YESTERDAY        0.0           0.0    MM   0.0    0.0      0.0
  MONTH TO DATE    0.0                       0.0    0.0      0.0
  SINCE JUN 1      0.0                       0.0    0.0      0.0
  SINCE JUL 1      0.0                       0.0    0.0      0.0
  SNOW DEPTH       0

DEGREE DAYS
 HEATING
  YESTERDAY        0                         0      0        0
  MONTH TO DATE    6                         0      6        0
  SINCE JUN 1     26                        27     -1       40
  SINCE JUL 1      6                         0      6        0

 COOLING
  YESTERDAY       14                         9      5        9
  MONTH TO DATE  167                       242    -75      274
  SINCE JUN 1    362                       430    -68      469
  SINCE JAN 1    483                       494    -11      525
..................................................................


WIND (MPH)
  HIGHEST WIND SPEED    33   HIGHEST WIND DIRECTION    SW (220)
  HIGHEST GUST SPEED    47   HIGHEST GUST DIRECTION    SW (210)
  AVERAGE WIND SPEED    MM


SKY COVER
  POSSIBLE SUNSHINE  MM
  AVERAGE SKY COVER 0.3


WEATHER CONDITIONS
 THE FOLLOWING WEATHER WAS RECORDED YESTERDAY.
  NO SIGNIFICANT WEATHER WAS OBSERVED.


RELATIVE HUMIDITY (PERCENT)
 HIGHEST    85          1000 PM
 LOWEST     56           500 PM
 AVERAGE    71

..........................................................


THE SIOUX CITY IA CLIMATE NORMALS FOR TODAY
                         NORMAL    RECORD    YEAR
 MAXIMUM TEMPERATURE (F)   85       107      1894
 MINIMUM TEMPERATURE (F)   63        48      2004


SUNRISE AND SUNSET
JULY 26 2014..........SUNRISE   612 AM CDT   SUNSET   852 PM CDT
JULY 27 2014..........SUNRISE   613 AM CDT   SUNSET   851 PM CDT


-  INDICATES NEGATIVE NUMBERS.
R  INDICATES RECORD WAS SET OR TIED.
MM INDICATES DATA IS MISSING.
T  INDICATES TRACE AMOUNT.




$$
