000
CDUS43 KFSD 090643
CLISUX


CLIMATE REPORT
NATIONAL WEATHER SERVICE SIOUX FALLS SD
1243 AM CST FRI DEC 9 2016


...................................

...THE SIOUX CITY IA CLIMATE SUMMARY FOR DECEMBER 8 2016...

CLIMATE NORMAL PERIOD 1981 TO 2010
CLIMATE RECORD PERIOD 1889 TO 2016


WEATHER ITEM   OBSERVED TIME   RECORD YEAR NORMAL DEPARTURE LAST
                VALUE   (LST)  VALUE       VALUE  FROM      YEAR
                                                  NORMAL
..................................................................
TEMPERATURE (F)
 YESTERDAY
  MAXIMUM         25    328 PM  64    1970  34     -9       54
  MINIMUM         10   1159 PM -19    1978  15     -5       33
  AVERAGE         18                        24     -6       44

PRECIPITATION (IN)
  YESTERDAY        T             0.47 2009   0.03  -0.03     0.00
  MONTH TO DATE    0.05                      0.25  -0.20     0.21
  SINCE DEC 1      0.05                      0.25  -0.20     0.21
  SINCE JAN 1     30.82                     27.19   3.63    32.49

SNOWFALL (IN)
  YESTERDAY        T             8.5  2009   0.3   -0.3      0.0
  MONTH TO DATE    0.2                       2.1   -1.9      3.2
  SINCE DEC 1      0.2                       2.1   -1.9      3.2
  SINCE JUL 1      1.2                       7.5   -6.3     15.7
  SNOW DEPTH       0

DEGREE DAYS
 HEATING
  YESTERDAY       47                        41      6       21
  MONTH TO DATE  278                       315    -37      258
  SINCE DEC 1    278                       315    -37      258
  SINCE JUL 1   1222                      1791   -569     1364

 COOLING
  YESTERDAY        0                         0      0        0
  MONTH TO DATE    0                         0      0        0
  SINCE DEC 1      0                         0      0        0
  SINCE JAN 1   1165                       869    296      889
..................................................................


WIND (MPH)
  HIGHEST WIND SPEED    31   HIGHEST WIND DIRECTION    NW (320)
  HIGHEST GUST SPEED    40   HIGHEST GUST DIRECTION    NW (320)
  AVERAGE WIND SPEED    17.5


SKY COVER
  POSSIBLE SUNSHINE  MM
  AVERAGE SKY COVER 0.2


WEATHER CONDITIONS
 THE FOLLOWING WEATHER WAS RECORDED YESTERDAY.
  LIGHT SNOW


RELATIVE HUMIDITY (PERCENT)
 HIGHEST    73           800 AM
 LOWEST     46           200 PM
 AVERAGE    60

..........................................................


THE SIOUX CITY IA CLIMATE NORMALS FOR TODAY
                         NORMAL    RECORD    YEAR
 MAXIMUM TEMPERATURE (F)   33        63      1957
 MINIMUM TEMPERATURE (F)   14       -16      1958


SUNRISE AND SUNSET
DECEMBER  9 2016......SUNRISE   743 AM CST   SUNSET   453 PM CST
DECEMBER 10 2016......SUNRISE   744 AM CST   SUNSET   453 PM CST


-  INDICATES NEGATIVE NUMBERS.
R  INDICATES RECORD WAS SET OR TIED.
MM INDICATES DATA IS MISSING.
T  INDICATES TRACE AMOUNT.




$$
