000
CDUS41 KBGM 010547
CLISYR


CLIMATE REPORT
NATIONAL WEATHER SERVICE BINGHAMTON NY
145 AM EDT MON SEP 1 2014


...................................

...THE SYRACUSE NY CLIMATE SUMMARY FOR AUGUST 31 2014...

CLIMATE NORMAL PERIOD 1981 TO 2010
CLIMATE RECORD PERIOD 1902 TO 2014


WEATHER ITEM   OBSERVED TIME   RECORD YEAR NORMAL DEPARTURE LAST
                VALUE   (LST)  VALUE       VALUE  FROM      YEAR
                                                  NORMAL
..................................................................
TEMPERATURE (F)
 YESTERDAY
  MAXIMUM         80    426 PM  93    2012  78      2       84
  MINIMUM         69   1159 PM  40    1965  57     12       70
  AVERAGE         75                        67      8       77

PRECIPITATION (IN)
  YESTERDAY        0.25          2.08 2005   0.12   0.13     0.20
  MONTH TO DATE    3.74                      3.57   0.17     2.58
  SINCE JUN 1     11.66                     10.66   1.00    12.64
  SINCE JAN 1     29.04                     24.59   4.45    26.58

SNOWFALL (IN)
  YESTERDAY        0.0           0.0  2002   0.0    0.0      0.0
  MONTH TO DATE    0.0                       0.0    0.0      0.0
  SINCE JUN 1      0.0                       0.0    0.0      0.0
  SINCE JUL 1      0.0                       0.0    0.0      0.0
  SNOW DEPTH       0

DEGREE DAYS
 HEATING
  YESTERDAY        0                         1     -1        0
  MONTH TO DATE    9                        18     -9        3
  SINCE JUN 1     34                        87    -53       67
  SINCE JUL 1     11                        26    -15        6

 COOLING
  YESTERDAY       10                         4      6       12
  MONTH TO DATE  146                       167    -21      164
  SINCE JUN 1    503                       483     20      591
  SINCE JAN 1    559                       513     46      643
..................................................................


WIND (MPH)
  HIGHEST WIND SPEED    15   HIGHEST WIND DIRECTION    SW (230)
  HIGHEST GUST SPEED    22   HIGHEST GUST DIRECTION     S (200)
  AVERAGE WIND SPEED     7.2


SKY COVER
  POSSIBLE SUNSHINE  MM
  AVERAGE SKY COVER 0.9


WEATHER CONDITIONS
 THE FOLLOWING WEATHER WAS RECORDED YESTERDAY.
  RAIN
  LIGHT RAIN
  FOG


RELATIVE HUMIDITY (PERCENT)
 HIGHEST    93          1000 AM
 LOWEST     69           100 AM
 AVERAGE    81

..........................................................


THE SYRACUSE NY CLIMATE NORMALS FOR TODAY
                         NORMAL    RECORD    YEAR
 MAXIMUM TEMPERATURE (F)   77        94      1953
                                             1932
 MINIMUM TEMPERATURE (F)   57        42      1967


SUNRISE AND SUNSET
SEPTEMBER  1 2014.....SUNRISE   629 AM EDT   SUNSET   739 PM EDT
SEPTEMBER  2 2014.....SUNRISE   630 AM EDT   SUNSET   738 PM EDT


-  INDICATES NEGATIVE NUMBERS.
R  INDICATES RECORD WAS SET OR TIED.
MM INDICATES DATA IS MISSING.
T  INDICATES TRACE AMOUNT.

$$
