000
CDUS41 KBGM 070557
CLISYR


CLIMATE REPORT
NATIONAL WEATHER SERVICE BINGHAMTON NY
1257 AM EST WED DEC 7 2016


...................................

...THE SYRACUSE NY CLIMATE SUMMARY FOR DECEMBER 6 2016...

CLIMATE NORMAL PERIOD 1981 TO 2010
CLIMATE RECORD PERIOD 1902 TO 2016


WEATHER ITEM   OBSERVED TIME   RECORD YEAR NORMAL DEPARTURE LAST
                VALUE   (LST)  VALUE       VALUE  FROM      YEAR
                                                  NORMAL
..................................................................
TEMPERATURE (F)
 YESTERDAY
  MAXIMUM         42    227 PM  72    2001  40      2       39
  MINIMUM         26    727 AM   2    1940  26      0       25
  AVERAGE         34                        33      1       32

PRECIPITATION (IN)
  YESTERDAY        0.29          1.06 1971   0.11   0.18     0.00
  MONTH TO DATE    0.92                      0.69   0.23     1.33
  SINCE DEC 1      0.92                      0.69   0.23     1.33
  SINCE JAN 1     38.30                     35.94   2.36    38.36

SNOWFALL (IN)
  YESTERDAY        0.6          12.2  2010   1.0   -0.4      0.0
  MONTH TO DATE    1.1                       5.5   -4.4      0.0
  SINCE DEC 1      1.1                       5.5   -4.4      0.0
  SINCE JUL 1     26.5                      15.4   11.1      0.8
  SNOW DEPTH       0

DEGREE DAYS
 HEATING
  YESTERDAY       31                        32     -1       33
  MONTH TO DATE  167                       187    -20      155
  SINCE DEC 1    167                       187    -20      155
  SINCE JUL 1   1361                      1536   -175     1240

 COOLING
  YESTERDAY        0                         0      0        0
  MONTH TO DATE    0                         0      0        0
  SINCE DEC 1      0                         0      0        0
  SINCE JAN 1    809                       569    240      717
..................................................................


WIND (MPH)
  HIGHEST WIND SPEED    15   HIGHEST WIND DIRECTION     W (260)
  HIGHEST GUST SPEED    21   HIGHEST GUST DIRECTION     W (260)
  AVERAGE WIND SPEED     6.6


SKY COVER
  POSSIBLE SUNSHINE  MM
  AVERAGE SKY COVER 0.9


WEATHER CONDITIONS
 THE FOLLOWING WEATHER WAS RECORDED YESTERDAY.
  LIGHT RAIN
  SNOW
  LIGHT SNOW
  FOG


RELATIVE HUMIDITY (PERCENT)
 HIGHEST   100           700 AM
 LOWEST     62           100 PM
 AVERAGE    81

..........................................................


THE SYRACUSE NY CLIMATE NORMALS FOR TODAY
                         NORMAL    RECORD    YEAR
 MAXIMUM TEMPERATURE (F)   39        70      1998
 MINIMUM TEMPERATURE (F)   26         2      1906


SUNRISE AND SUNSET
DECEMBER  7 2016......SUNRISE   723 AM EST   SUNSET   429 PM EST
DECEMBER  8 2016......SUNRISE   724 AM EST   SUNSET   429 PM EST


-  INDICATES NEGATIVE NUMBERS.
R  INDICATES RECORD WAS SET OR TIED.
MM INDICATES DATA IS MISSING.
T  INDICATES TRACE AMOUNT.




$$
