000
CDUS41 KBGM 190547
CLISYR


CLIMATE REPORT
NATIONAL WEATHER SERVICE BINGHAMTON NY
146 AM EDT FRI SEP 19 2014


...................................

...THE SYRACUSE NY CLIMATE SUMMARY FOR SEPTEMBER 18 2014...

CLIMATE NORMAL PERIOD 1981 TO 2010
CLIMATE RECORD PERIOD 1902 TO 2014


WEATHER ITEM   OBSERVED TIME   RECORD YEAR NORMAL DEPARTURE LAST
                VALUE   (LST)  VALUE       VALUE  FROM      YEAR
                                                  NORMAL
..................................................................
TEMPERATURE (F)
 YESTERDAY
  MAXIMUM         64    209 PM  91    1955  71     -7       74
  MINIMUM         42   1159 PM  34    1939  51     -9       41
  AVERAGE         53                        61     -8       58

PRECIPITATION (IN)
  YESTERDAY        0.00          2.29 1945   0.13  -0.13     0.00
  MONTH TO DATE    1.41                      2.16  -0.75     2.52
  SINCE SEP 1      1.41                      2.16  -0.75     2.52
  SINCE JAN 1     30.45                     26.75   3.70    29.10

SNOWFALL (IN)
  YESTERDAY        0.0           0.0  2002   0.0    0.0      0.0
                                      2000
                                      2001
  MONTH TO DATE    0.0                       0.0    0.0      0.0
  SINCE SEP 1      0.0                       0.0    0.0      0.0
  SINCE JUL 1      0.0                       0.0    0.0      0.0
  SNOW DEPTH       0

DEGREE DAYS
 HEATING
  YESTERDAY       12                         5      7        7
  MONTH TO DATE   64                        54     10       93
  SINCE SEP 1     64                        54     10       93
  SINCE JUL 1     75                        80     -5       99

 COOLING
  YESTERDAY        0                         1     -1        0
  MONTH TO DATE   64                        43     21       67
  SINCE SEP 1     64                        43     21       67
  SINCE JAN 1    623                       556     67      710
..................................................................


WIND (MPH)
  HIGHEST WIND SPEED    15   HIGHEST WIND DIRECTION    NW (330)
  HIGHEST GUST SPEED    19   HIGHEST GUST DIRECTION    NW (310)
  AVERAGE WIND SPEED     5.2


SKY COVER
  POSSIBLE SUNSHINE  MM
  AVERAGE SKY COVER 0.6


WEATHER CONDITIONS
 THE FOLLOWING WEATHER WAS RECORDED YESTERDAY.
  FOG


RELATIVE HUMIDITY (PERCENT)
 HIGHEST    89           700 AM
 LOWEST     64           300 PM
 AVERAGE    77

..........................................................


THE SYRACUSE NY CLIMATE NORMALS FOR TODAY
                         NORMAL    RECORD    YEAR
 MAXIMUM TEMPERATURE (F)   71        89      1955
 MINIMUM TEMPERATURE (F)   51        34      1943


SUNRISE AND SUNSET
SEPTEMBER 19 2014.....SUNRISE   648 AM EDT   SUNSET   707 PM EDT
SEPTEMBER 20 2014.....SUNRISE   649 AM EDT   SUNSET   705 PM EDT


-  INDICATES NEGATIVE NUMBERS.
R  INDICATES RECORD WAS SET OR TIED.
MM INDICATES DATA IS MISSING.
T  INDICATES TRACE AMOUNT.




$$
