000
CDKA40 PTYA 181600
CLIT11
DAILY CLIMATE REPORT
NATIONAL WEATHER SERVICE YAP FM
2AM LST TUE OCT 19 2017
THE YAP FM CLIMATE SUMMARY FOR OCTOBER 18 2017
CLIMATE NORMAL PERIOD  1981  TO 2010
CLIMATE RECORD PERIOD  1951  TO 2017
WEATHER ITEM OBSERVED TIME  RECORD YEAR NORMAL DEPARTURE LAST
              VALUE   (LST) VALUE       VALUE    FROM    YEAR
                                                NORMAL
TEMPERATURE   (F)
YESTERDAY
MAXIMUM       87  1145        97  2014     88     -1        84
MINIMUM       76  0145        63  1999     78     -2        77
AVERAGE       82                           83     -1        81
PRECIPITATION INCHES
YESTERDAY       0.54     164.24/1996       0.40     0.14    0.66
MONTH TO DATE  14.47                       7.39     7.08   16.83
SINCE 01 SEP   27.06                      21.15     5.91   25.72
SINCE JAN 01  114.49                      97.70    16.79   72.38
