686
CDKA40 PTYA 280700
CLIT11
DAILY CLIMATE REPORT
NATIONAL WEATHER SERVICE YAP FM
5PM LST FRI APR 28 2017
THE YAP FM CLIMATE SUMMARY FOR APRIL 28 2017
CLIMATE NORMAL PERIOD  1981  TO 2010
CLIMATE RECORD PERIOD  1951  TO 2017
WEATHER ITEM OBSERVED TIME  RECORD YEAR NORMAL DEPARTURE LAST
              VALUE   (LST) VALUE       VALUE    FROM    YEAR
                                                NORMAL
TEMPERATURE   (F)
TODAY
MAXIMUM       87  1345        97  2014     89      -2        92
MINIMUM       79  0045        63  1999     79       0        80
AVERAGE       83                           84      -1        86
PRECIPITATION INCHES
TODAY           0.00       164.24/1996     0.22    -0.22    0.00
MONTH TO DATE   5.83                       5.30     0.53    2.56
SINCE 01 MAR   15.18                      10.64     4.54    3.26
SINCE JAN 01   47.04                      23.93    23.11    7.26
