000
CDUS45 KPUB 231037
CLITAD


CLIMATE REPORT
NATIONAL WEATHER SERVICE PUEBLO
437 AM MDT MON OCT 23 2017


...................................

...THE TRINIDAD CO CLIMATE SUMMARY FOR OCTOBER 22 2017...

CLIMATE NORMAL PERIOD 1981 TO 2010
CLIMATE RECORD PERIOD 9999 TO 9999


WEATHER ITEM   OBSERVED TIME   NORMAL DEPARTURE LAST
                VALUE   (LST)  VALUE  FROM      YEAR
                                      NORMAL
......................................................
TEMPERATURE (F)
 YESTERDAY
  MAXIMUM         69    348 PM  66      3       85
  MINIMUM         27    620 AM  35     -8       40
  AVERAGE         48            50     -2       63

PRECIPITATION (IN)
  YESTERDAY        0.00          0.04  -0.04     0.00
  MONTH TO DATE    0.28          0.62  -0.34      T
  SINCE SEP 1      3.94          1.86   2.08     1.16
  SINCE JAN 1     20.14         12.32   7.82     7.39

DEGREE DAYS
 HEATING
  YESTERDAY       17            15      2        2
  MONTH TO DATE  191           246    -55      147
  SINCE SEP 1    281           346    -65      192
  SINCE JUL 1    284           356    -72      199

 COOLING
  YESTERDAY        0             0      0        0
  MONTH TO DATE    0             0      0       14
  SINCE SEP 1    111            74     37      144
  SINCE JAN 1    796           716     80      559
......................................................


WIND (MPH)
  HIGHEST WIND SPEED    16   HIGHEST WIND DIRECTION     W (260)
  HIGHEST GUST SPEED    19   HIGHEST GUST DIRECTION    SW (220)
  AVERAGE WIND SPEED     8.3


SKY COVER
  POSSIBLE SUNSHINE  MM
  AVERAGE SKY COVER 0.0


WEATHER CONDITIONS
 THE FOLLOWING WEATHER WAS RECORDED YESTERDAY.
  NO SIGNIFICANT WEATHER WAS OBSERVED.


RELATIVE HUMIDITY (PERCENT)
 HIGHEST    78           100 AM
 LOWEST     17           300 PM
 AVERAGE    48

..........................................................




SUNRISE AND SUNSET
OCTOBER 23 2017.......SUNRISE   713 AM MDT   SUNSET   610 PM MDT
OCTOBER 24 2017.......SUNRISE   714 AM MDT   SUNSET   608 PM MDT


-  INDICATES NEGATIVE NUMBERS.
R  INDICATES RECORD WAS SET OR TIED.
MM INDICATES DATA IS MISSING.
T  INDICATES TRACE AMOUNT.




$$
