000
CDUS45 KPUB 221144
CLITAD


CLIMATE REPORT
NATIONAL WEATHER SERVICE PUEBLO
444 AM MST MON JAN 22 2018


...................................

...THE TRINIDAD CO CLIMATE SUMMARY FOR JANUARY 21 2018...

CLIMATE NORMAL PERIOD 1981 TO 2010
CLIMATE RECORD PERIOD 9999 TO 9999


WEATHER ITEM   OBSERVED TIME   NORMAL DEPARTURE LAST
                VALUE   (LST)  VALUE  FROM      YEAR
                                      NORMAL
......................................................
TEMPERATURE (F)
 YESTERDAY
  MAXIMUM         31   1209 AM  47    -16       38
  MINIMUM         19   1159 PM  18      1       18
  AVERAGE         25            32     -7       28

PRECIPITATION (IN)
  YESTERDAY        0.03          0.02   0.01     0.00
  MONTH TO DATE    0.13          0.27  -0.14     1.40
  SINCE DEC 1      0.14          0.81  -0.67     1.70
  SINCE JAN 1      0.13          0.27  -0.14     1.40

DEGREE DAYS
 HEATING
  YESTERDAY       40            32      8       37
  MONTH TO DATE  616           692    -76      730
  SINCE DEC 1   1496          1727   -231     1756
  SINCE JUL 1   2463          2960   -497     2522

 COOLING
  YESTERDAY        0             0      0        0
  MONTH TO DATE    0             0      0        0
  SINCE DEC 1      0             0      0        0
  SINCE JAN 1      0             0      0        0
......................................................


WIND (MPH)
  HIGHEST WIND SPEED    24   HIGHEST WIND DIRECTION     N (350)
  HIGHEST GUST SPEED    30   HIGHEST GUST DIRECTION     N (10)
  AVERAGE WIND SPEED    10.1


SKY COVER
  POSSIBLE SUNSHINE  MM
  AVERAGE SKY COVER 0.9


WEATHER CONDITIONS
 THE FOLLOWING WEATHER WAS RECORDED YESTERDAY.
  LT FREEZING RAIN
  SNOW
  LIGHT SNOW
  FOG
  HAZE


RELATIVE HUMIDITY (PERCENT)
 HIGHEST   100           800 AM
 LOWEST     68           900 PM
 AVERAGE    84

..........................................................




SUNRISE AND SUNSET
JANUARY 22 2018.......SUNRISE   707 AM MST   SUNSET   511 PM MST
JANUARY 23 2018.......SUNRISE   707 AM MST   SUNSET   512 PM MST


-  INDICATES NEGATIVE NUMBERS.
R  INDICATES RECORD WAS SET OR TIED.
MM INDICATES DATA IS MISSING.
T  INDICATES TRACE AMOUNT.




$$
