000
CDUS45 KPUB 281031
CLITAD


CLIMATE REPORT
NATIONAL WEATHER SERVICE PUEBLO
431 AM MDT FRI APR 28 2017


...................................

...THE TRINIDAD CO CLIMATE SUMMARY FOR APRIL 27 2017...

CLIMATE NORMAL PERIOD 1981 TO 2010
CLIMATE RECORD PERIOD 9999 TO 9999


WEATHER ITEM   OBSERVED TIME   NORMAL DEPARTURE LAST
                VALUE   (LST)  VALUE  FROM      YEAR
                                      NORMAL
......................................................
TEMPERATURE (F)
 YESTERDAY
  MAXIMUM         62    202 PM  69     -7       63
  MINIMUM         37   1157 PM  38     -1       35
  AVERAGE         50            53     -3       49

PRECIPITATION (IN)
  YESTERDAY        0.01          0.04  -0.03     0.00
  MONTH TO DATE    2.07          1.01   1.06     1.42
  SINCE MAR 1      3.98          1.90   2.08     1.83
  SINCE JAN 1      5.54          2.79   2.75     2.24

DEGREE DAYS
 HEATING
  YESTERDAY       15            12      3       16
  MONTH TO DATE  331           427    -96      384
  SINCE MAR 1    802          1134   -332     1040
  SINCE JUL 1   4258          5256   -998     4538

 COOLING
  YESTERDAY        0             0      0        0
  MONTH TO DATE    2             0      2        1
  SINCE MAR 1      3             0      3        1
  SINCE JAN 1      3             0      3        1
......................................................


WIND (MPH)
  HIGHEST WIND SPEED    33   HIGHEST WIND DIRECTION    NW (300)
  HIGHEST GUST SPEED    54   HIGHEST GUST DIRECTION    NW (300)
  AVERAGE WIND SPEED     9.6


SKY COVER
  POSSIBLE SUNSHINE  MM
  AVERAGE SKY COVER 0.3


WEATHER CONDITIONS
 THE FOLLOWING WEATHER WAS RECORDED YESTERDAY.
  NO SIGNIFICANT WEATHER WAS OBSERVED.


RELATIVE HUMIDITY (PERCENT)
 HIGHEST    85          1100 PM
 LOWEST     30           200 PM
 AVERAGE    58

..........................................................




SUNRISE AND SUNSET
APRIL 28 2017.........SUNRISE   606 AM MDT   SUNSET   744 PM MDT
APRIL 29 2017.........SUNRISE   605 AM MDT   SUNSET   745 PM MDT


-  INDICATES NEGATIVE NUMBERS.
R  INDICATES RECORD WAS SET OR TIED.
MM INDICATES DATA IS MISSING.
T  INDICATES TRACE AMOUNT.




$$
