000
CDUS44 KBMX 230830
CLITCL


CLIMATE REPORT
NATIONAL WEATHER SERVICE BIRMINGHAM, AL
235 AM CDT FRI JUN 23 2017


...................................

...THE TUSCALOOSA CLIMATE SUMMARY FOR JUNE 22 2017...

CLIMATE NORMAL PERIOD 1981 TO 2010
CLIMATE RECORD PERIOD 1948 TO 2017


WEATHER ITEM   OBSERVED TIME   RECORD YEAR NORMAL DEPARTURE LAST
                VALUE   (LST)  VALUE       VALUE  FROM      YEAR
                                                  NORMAL
..................................................................
TEMPERATURE (F)
 YESTERDAY
  MAXIMUM         81    423 PM 101    1964  90     -9       91
  MINIMUM         74    319 AM  58    1992  69      5       69
  AVERAGE         78                        80     -2       80

PRECIPITATION (IN)
  YESTERDAY        2.73R         1.81 1990   0.17   2.56     0.00
  MONTH TO DATE    9.82                      3.42   6.40     4.30
  SINCE JUN 1      9.82                      3.42   6.40     4.30
  SINCE JAN 1     35.81                     26.82   8.99    24.71

..................................................................


WIND (MPH)
  HIGHEST WIND SPEED    16   HIGHEST WIND DIRECTION     S (170)
  HIGHEST GUST SPEED    24   HIGHEST GUST DIRECTION    SE (150)
  AVERAGE WIND SPEED     9.3


SKY COVER
  AVERAGE SKY COVER 1.0


WEATHER CONDITIONS
 THE FOLLOWING WEATHER WAS RECORDED YESTERDAY.
  THUNDERSTORM
  HEAVY RAIN
  RAIN
  LIGHT RAIN
  FOG


RELATIVE HUMIDITY (PERCENT)
 HIGHEST   100          1200 AM
 LOWEST     91           400 PM
 AVERAGE    96

..........................................................


THE TUSCALOOSA CLIMATE NORMALS FOR TODAY
                         NORMAL    RECORD    YEAR
 MAXIMUM TEMPERATURE (F)   91       102      2012
 MINIMUM TEMPERATURE (F)   69        52      1972


SUNRISE AND SUNSET
JUNE 23 2017..........SUNRISE   542 AM CDT   SUNSET   803 PM CDT
JUNE 24 2017..........SUNRISE   543 AM CDT   SUNSET   803 PM CDT


-  INDICATES NEGATIVE NUMBERS.
R  INDICATES RECORD WAS SET OR TIED.
MM INDICATES DATA IS MISSING.
T  INDICATES TRACE AMOUNT.




$$
