000
CDUS44 KBMX 050751
CLITCL


CLIMATE REPORT
NATIONAL WEATHER SERVICE BIRMINGHAM, AL
150 AM CST THU MAR 5 2015


...................................

...THE TUSCALOOSA CLIMATE SUMMARY FOR MARCH 4 2015...

CLIMATE NORMAL PERIOD 1994 TO 1994
CLIMATE RECORD PERIOD 1994 TO 2015


WEATHER ITEM   OBSERVED TIME   RECORD YEAR NORMAL DEPARTURE LAST
                VALUE   (LST)  VALUE       VALUE  FROM      YEAR
                                                  NORMAL
..................................................................
TEMPERATURE (F)
 YESTERDAY
  MAXIMUM         80    152 PM  83    1976  65     15       41
  MINIMUM         49   1159 PM  19    2002  41      8       29
  AVERAGE         65                        53     12       35

PRECIPITATION (IN)
  YESTERDAY        0.11          1.39 2008   0.16  -0.05     0.00
  MONTH TO DATE    0.54                      0.66  -0.12     0.37
  SINCE MAR 1      0.54                      0.66  -0.12     0.37
  SINCE JAN 1     11.29                     11.33  -0.04     8.09

SNOWFALL (IN)
  YESTERDAY        0.0                       0.0    0.0
  MONTH TO DATE    0.0                       0.0    0.0
  SINCE MAR 1      0.0                       0.0    0.0
  SINCE JUL 1      0.0                       0.4   -0.4

DEGREE DAYS
 HEATING
  YESTERDAY        0                        12    -12
  MONTH TO DATE   25                        49    -24
  SINCE MAR 1     25                        49    -24
  SINCE JUL 1   2320                      2139    181
..................................................................


WIND (MPH)
  HIGHEST WIND SPEED    25   HIGHEST WIND DIRECTION     S (190)
  HIGHEST GUST SPEED    33   HIGHEST GUST DIRECTION     S (180)
  AVERAGE WIND SPEED    12.4


SKY COVER
  AVERAGE SKY COVER 0.7


WEATHER CONDITIONS
 THE FOLLOWING WEATHER WAS RECORDED YESTERDAY.
  LIGHT RAIN
  FOG
  HAZE


RELATIVE HUMIDITY (PERCENT)
 HIGHEST   100           400 AM
 LOWEST     58           200 PM
 AVERAGE    79

..........................................................


THE TUSCALOOSA CLIMATE NORMALS FOR TODAY
                         NORMAL    RECORD    YEAR
 MAXIMUM TEMPERATURE (F)   66        83      1974
                                             1955
 MINIMUM TEMPERATURE (F)   42        18      1960


SUNRISE AND SUNSET
MARCH  5 2015.........SUNRISE   614 AM CST   SUNSET   550 PM CST
MARCH  6 2015.........SUNRISE   613 AM CST   SUNSET   551 PM CST


-  INDICATES NEGATIVE NUMBERS.
R  INDICATES RECORD WAS SET OR TIED.
MM INDICATES DATA IS MISSING.
T  INDICATES TRACE AMOUNT.




$$
