000
CDUS44 KBMX 220852
CLITCL


CLIMATE REPORT
NATIONAL WEATHER SERVICE BIRMINGHAM, AL
252 AM CST SUN JAN 22 2017


...................................

...THE TUSCALOOSA CLIMATE SUMMARY FOR JANUARY 21 2017...

CLIMATE NORMAL PERIOD 1981 TO 2010
CLIMATE RECORD PERIOD 1948 TO 2017


WEATHER ITEM   OBSERVED TIME   RECORD YEAR NORMAL DEPARTURE LAST
                VALUE   (LST)  VALUE       VALUE  FROM      YEAR
                                                  NORMAL
..................................................................
TEMPERATURE (F)
 YESTERDAY
  MAXIMUM         69    323 PM  76    1959  56     13       57
  MINIMUM         55    126 AM  -1    1985  34     21       45
  AVERAGE         62                        45     17       51

PRECIPITATION (IN)
  YESTERDAY        0.84          1.77 2016   0.18   0.66     1.77
  MONTH TO DATE    5.60                      3.43   2.17     2.35
  SINCE DEC 1      8.51                      8.05   0.46    10.62
  SINCE JAN 1      5.60                      3.43   2.17     2.35

SNOWFALL (IN)
  YESTERDAY        0.0                       0.0    0.0
  MONTH TO DATE    0.0                       0.2   -0.2
  SINCE DEC 1      0.0                       0.2   -0.2
  SINCE JUL 1      0.0                       0.2   -0.2

DEGREE DAYS
 HEATING
  YESTERDAY        3                        20    -17
  MONTH TO DATE  228                       434   -206
  SINCE DEC 1    618                       998   -380
  SINCE JUL 1    877                      1435   -558
..................................................................


WIND (MPH)
  HIGHEST WIND SPEED    20   HIGHEST WIND DIRECTION     E (70)
  HIGHEST GUST SPEED    26   HIGHEST GUST DIRECTION    NE (60)
  AVERAGE WIND SPEED     5.6


SKY COVER
  AVERAGE SKY COVER 0.4


WEATHER CONDITIONS
 THE FOLLOWING WEATHER WAS RECORDED YESTERDAY.
  THUNDERSTORM
  HEAVY RAIN
  RAIN
  LIGHT RAIN
  FOG


RELATIVE HUMIDITY (PERCENT)
 HIGHEST   100           100 AM
 LOWEST     63           200 PM
 AVERAGE    82

..........................................................


THE TUSCALOOSA CLIMATE NORMALS FOR TODAY
                         NORMAL    RECORD    YEAR
 MAXIMUM TEMPERATURE (F)   56        76      1952
 MINIMUM TEMPERATURE (F)   34        10      1985


SUNRISE AND SUNSET
JANUARY 22 2017.......SUNRISE   652 AM CST   SUNSET   513 PM CST
JANUARY 23 2017.......SUNRISE   651 AM CST   SUNSET   514 PM CST


-  INDICATES NEGATIVE NUMBERS.
R  INDICATES RECORD WAS SET OR TIED.
MM INDICATES DATA IS MISSING.
T  INDICATES TRACE AMOUNT.




$$
