000
CDUS44 KBMX 040731
CLITCL


CLIMATE REPORT
NATIONAL WEATHER SERVICE BIRMINGHAM, AL
228 AM CDT FRI SEP 4 2015


...................................

...THE TUSCALOOSA CLIMATE SUMMARY FOR SEPTEMBER 3 2015...

CLIMATE NORMAL PERIOD 1994 TO 1994
CLIMATE RECORD PERIOD 1994 TO 2015


WEATHER ITEM   OBSERVED TIME   RECORD YEAR NORMAL DEPARTURE LAST
                VALUE   (LST)  VALUE       VALUE  FROM      YEAR
                                                  NORMAL
..................................................................
TEMPERATURE (F)
 YESTERDAY
  MAXIMUM         94    236 PM 102    1951  90      4       93
  MINIMUM         72   1159 PM  51    1952  68      4       72
  AVERAGE         83                        79      4       83

PRECIPITATION (IN)
  YESTERDAY        0.01          2.82 2012   0.11  -0.10      T
  MONTH TO DATE    0.01                      0.32  -0.31      T
  SINCE SEP 1      0.01                      0.32  -0.31      T
  SINCE JAN 1     34.64                     36.19  -1.55    33.66

DEGREE DAYS
 HEATING
  YESTERDAY        0                         0      0
  MONTH TO DATE    0                         0      0
  SINCE SEP 1      0                         0      0
  SINCE JUL 1      0                         0      0
..................................................................


WIND (MPH)
  HIGHEST WIND SPEED    13   HIGHEST WIND DIRECTION     N (360)
  HIGHEST GUST SPEED    18   HIGHEST GUST DIRECTION     N (10)
  AVERAGE WIND SPEED     2.2


SKY COVER
  AVERAGE SKY COVER 0.1


WEATHER CONDITIONS
 THE FOLLOWING WEATHER WAS RECORDED YESTERDAY.
  FOG
  HAZE


RELATIVE HUMIDITY (PERCENT)
 HIGHEST   100           200 AM
 LOWEST     44           300 PM
 AVERAGE    72

..........................................................


THE TUSCALOOSA CLIMATE NORMALS FOR TODAY
                         NORMAL    RECORD    YEAR
 MAXIMUM TEMPERATURE (F)   90       104      1954
 MINIMUM TEMPERATURE (F)   68        50      1952


SUNRISE AND SUNSET
SEPTEMBER  4 2015.....SUNRISE   627 AM CDT   SUNSET   712 PM CDT
SEPTEMBER  5 2015.....SUNRISE   627 AM CDT   SUNSET   711 PM CDT


-  INDICATES NEGATIVE NUMBERS.
R  INDICATES RECORD WAS SET OR TIED.
MM INDICATES DATA IS MISSING.
T  INDICATES TRACE AMOUNT.




$$
