000
CDUS44 KBMX 291037
CLITCL


CLIMATE REPORT
NATIONAL WEATHER SERVICE BIRMINGHAM, AL
537 AM CDT SAT APR 29 2017


...................................

...THE TUSCALOOSA CLIMATE SUMMARY FOR APRIL 28 2017...

CLIMATE NORMAL PERIOD 1981 TO 2010
CLIMATE RECORD PERIOD 1948 TO 2017


WEATHER ITEM   OBSERVED TIME   RECORD YEAR NORMAL DEPARTURE LAST
                VALUE   (LST)  VALUE       VALUE  FROM      YEAR
                                                  NORMAL
..................................................................
TEMPERATURE (F)
 YESTERDAY
  MAXIMUM         89        MM  90    1994  79     10       86
  MINIMUM         58        MM  39    1992  54      4       64
  AVERAGE         74                        67      7       75

PRECIPITATION (IN)
  YESTERDAY        0.00          1.87 1991   0.13  -0.13     0.00
  MONTH TO DATE    6.89                      3.94   2.95     3.39
  SINCE MAR 1     10.61                      8.48   2.13     9.58
  SINCE JAN 1     21.82                     19.15   2.67    19.18

SNOWFALL (IN)
  YESTERDAY        0.0                       0.0    0.0
  MONTH TO DATE    0.0                       0.0    0.0
  SINCE MAR 1      0.0                       0.3   -0.3
  SINCE JUL 1      0.0                       0.7   -0.7

DEGREE DAYS
 HEATING
  YESTERDAY        0                         2     -2
  MONTH TO DATE   41                       116    -75
  SINCE MAR 1    277                       410   -133
  SINCE JUL 1   1580                      2500   -920
..................................................................


WIND (MPH)
  HIGHEST WIND SPEED    21   HIGHEST WIND DIRECTION     S (170)
  HIGHEST GUST SPEED    35   HIGHEST GUST DIRECTION     S (170)
  AVERAGE WIND SPEED    10.2


SKY COVER
  AVERAGE SKY COVER 0.4


WEATHER CONDITIONS
 THE FOLLOWING WEATHER WAS RECORDED YESTERDAY.
  FOG


RELATIVE HUMIDITY (PERCENT)
 HIGHEST   100           300 AM
 LOWEST     48           500 PM
 AVERAGE    74

..........................................................


THE TUSCALOOSA CLIMATE NORMALS FOR TODAY
                         NORMAL    RECORD    YEAR
 MAXIMUM TEMPERATURE (F)   79        90      1952
 MINIMUM TEMPERATURE (F)   55        38      1992


SUNRISE AND SUNSET
APRIL 29 2017.........SUNRISE   604 AM CDT   SUNSET   732 PM CDT
APRIL 30 2017.........SUNRISE   603 AM CDT   SUNSET   732 PM CDT


-  INDICATES NEGATIVE NUMBERS.
R  INDICATES RECORD WAS SET OR TIED.
MM INDICATES DATA IS MISSING.
T  INDICATES TRACE AMOUNT.




$$
