000
CDUS44 KBMX 190742
CLITCL


CLIMATE REPORT
NATIONAL WEATHER SERVICE BIRMINGHAM, AL
241 AM CDT SAT AUG 19 2017


...................................

...THE TUSCALOOSA CLIMATE SUMMARY FOR AUGUST 18 2017...

CLIMATE NORMAL PERIOD 1981 TO 2010
CLIMATE RECORD PERIOD 1948 TO 2017


WEATHER ITEM   OBSERVED TIME   RECORD YEAR NORMAL DEPARTURE LAST
                VALUE   (LST)  VALUE       VALUE  FROM      YEAR
                                                  NORMAL
..................................................................
TEMPERATURE (F)
 YESTERDAY
  MAXIMUM         92    237 PM 105    2002  92      0       93
                                      2000
  MINIMUM         73   1159 PM  62    2004  71      2       73
  AVERAGE         83                        81      2       83

PRECIPITATION (IN)
  YESTERDAY        0.00          1.73 2012   0.10  -0.10      T
  MONTH TO DATE    5.85                      1.99   3.86     2.14
  SINCE JUN 1     21.68                     11.16  10.52    10.59
  SINCE JAN 1     47.67                     34.56  13.11    31.00

..................................................................


WIND (MPH)
  HIGHEST WIND SPEED    12   HIGHEST WIND DIRECTION    NW (310)
  HIGHEST GUST SPEED    15   HIGHEST GUST DIRECTION    NW (300)
  AVERAGE WIND SPEED     3.9


SKY COVER
  AVERAGE SKY COVER 0.2


WEATHER CONDITIONS
 THE FOLLOWING WEATHER WAS RECORDED YESTERDAY.
  FOG


RELATIVE HUMIDITY (PERCENT)
 HIGHEST   100           300 AM
 LOWEST     52           200 PM
 AVERAGE    76

..........................................................


THE TUSCALOOSA CLIMATE NORMALS FOR TODAY
                         NORMAL    RECORD    YEAR
 MAXIMUM TEMPERATURE (F)   92       102      1995
 MINIMUM TEMPERATURE (F)   71        60      1967


SUNRISE AND SUNSET
AUGUST 19 2017........SUNRISE   616 AM CDT   SUNSET   731 PM CDT
AUGUST 20 2017........SUNRISE   617 AM CDT   SUNSET   730 PM CDT


-  INDICATES NEGATIVE NUMBERS.
R  INDICATES RECORD WAS SET OR TIED.
MM INDICATES DATA IS MISSING.
T  INDICATES TRACE AMOUNT.




$$
