000
CDUS44 KBMX 290714
CLITCL


CLIMATE REPORT
NATIONAL WEATHER SERVICE BIRMINGHAM, AL
213 AM CDT SUN MAY 29 2016


...................................

...THE TUSCALOOSA CLIMATE SUMMARY FOR MAY 28 2016...

CLIMATE NORMAL PERIOD 1994 TO 1994
CLIMATE RECORD PERIOD 1948 TO 2016


WEATHER ITEM   OBSERVED TIME   RECORD YEAR NORMAL DEPARTURE LAST
                VALUE   (LST)  VALUE       VALUE  FROM      YEAR
                                                  NORMAL
..................................................................
TEMPERATURE (F)
 YESTERDAY
  MAXIMUM         87    346 PM  96    1962  86      1       80
                                      1953
  MINIMUM         69   1157 PM  42    1961  63      6       67
  AVERAGE         78                        75      3       74

PRECIPITATION (IN)
  YESTERDAY        T             2.09 1986   0.13  -0.13     0.56
  MONTH TO DATE    0.69                      3.59  -2.90     1.97
  SINCE MAR 1     10.80                     12.34  -1.54    14.48
  SINCE JAN 1     20.40                     23.01  -2.61    25.23

..................................................................


WIND (MPH)
  HIGHEST WIND SPEED    15   HIGHEST WIND DIRECTION    SE (140)
  HIGHEST GUST SPEED    20   HIGHEST GUST DIRECTION    SE (150)
  AVERAGE WIND SPEED     4.7


SKY COVER
  AVERAGE SKY COVER 0.1


WEATHER CONDITIONS
 THE FOLLOWING WEATHER WAS RECORDED YESTERDAY.
  NO SIGNIFICANT WEATHER WAS OBSERVED.


RELATIVE HUMIDITY (PERCENT)
 HIGHEST    93           200 AM
 LOWEST     42           300 PM
 AVERAGE    68

..........................................................


THE TUSCALOOSA CLIMATE NORMALS FOR TODAY
                         NORMAL    RECORD    YEAR
 MAXIMUM TEMPERATURE (F)   86        96      2006
 MINIMUM TEMPERATURE (F)   64        46      1984


SUNRISE AND SUNSET
MAY 29 2016...........SUNRISE   543 AM CDT   SUNSET   753 PM CDT
MAY 30 2016...........SUNRISE   543 AM CDT   SUNSET   754 PM CDT


-  INDICATES NEGATIVE NUMBERS.
R  INDICATES RECORD WAS SET OR TIED.
MM INDICATES DATA IS MISSING.
T  INDICATES TRACE AMOUNT.




$$
