000
CDUS44 KBMX 170836
CLITCL


CLIMATE REPORT
NATIONAL WEATHER SERVICE BIRMINGHAM, AL
236 AM CST SUN DEC 17 2017


...................................

...THE TUSCALOOSA CLIMATE SUMMARY FOR DECEMBER 16 2017...

CLIMATE NORMAL PERIOD 1981 TO 2010
CLIMATE RECORD PERIOD 1948 TO 2017


WEATHER ITEM   OBSERVED TIME   RECORD YEAR NORMAL DEPARTURE LAST
                VALUE   (LST)  VALUE       VALUE  FROM      YEAR
                                                  NORMAL
..................................................................
TEMPERATURE (F)
 YESTERDAY
  MAXIMUM         55    327 PM  77    1984  57     -2       59
  MINIMUM         23    656 AM  15    1989  36    -13       30
  AVERAGE         39                        47     -8       45

PRECIPITATION (IN)
  YESTERDAY        0.00          1.13 2012   0.14  -0.14     0.00
  MONTH TO DATE    1.00                      2.62  -1.62     1.92
  SINCE DEC 1      1.00                      2.62  -1.62     1.92
  SINCE JAN 1     56.42                     50.60   5.82    36.52

SNOWFALL (IN)
  YESTERDAY        0.0                       0.0    0.0
  MONTH TO DATE    0.0                       0.0    0.0
  SINCE DEC 1      0.0                       0.0    0.0
  SINCE JUL 1      0.0                       0.0    0.0

DEGREE DAYS
 HEATING
  YESTERDAY       26                        18      8
  MONTH TO DATE  311                       269     42
  SINCE DEC 1    311                       269     42
  SINCE JUL 1    695                       706    -11
..................................................................


WIND (MPH)
  HIGHEST WIND SPEED     8   HIGHEST WIND DIRECTION     S (190)
  HIGHEST GUST SPEED    12   HIGHEST GUST DIRECTION     S (190)
  AVERAGE WIND SPEED     1.7


SKY COVER
  AVERAGE SKY COVER 0.0


WEATHER CONDITIONS
 THE FOLLOWING WEATHER WAS RECORDED YESTERDAY.
  NO SIGNIFICANT WEATHER WAS OBSERVED.


RELATIVE HUMIDITY (PERCENT)
 HIGHEST   100           400 AM
 LOWEST     38           200 PM
 AVERAGE    69

..........................................................


THE TUSCALOOSA CLIMATE NORMALS FOR TODAY
                         NORMAL    RECORD    YEAR
 MAXIMUM TEMPERATURE (F)   57        76      2016
 MINIMUM TEMPERATURE (F)   36        17      1963
                                             1960


SUNRISE AND SUNSET
DECEMBER 17 2017......SUNRISE   648 AM CST   SUNSET   446 PM CST
DECEMBER 18 2017......SUNRISE   648 AM CST   SUNSET   446 PM CST


-  INDICATES NEGATIVE NUMBERS.
R  INDICATES RECORD WAS SET OR TIED.
MM INDICATES DATA IS MISSING.
T  INDICATES TRACE AMOUNT.




$$
