000
CDUS44 KBMX 270737
CLITCL


CLIMATE REPORT
NATIONAL WEATHER SERVICE BIRMINGHAM, AL
236 AM CDT SAT AUG 27 2016


...................................

...THE TUSCALOOSA CLIMATE SUMMARY FOR AUGUST 26 2016...

CLIMATE NORMAL PERIOD 1994 TO 1994
CLIMATE RECORD PERIOD 1948 TO 2016


WEATHER ITEM   OBSERVED TIME   RECORD YEAR NORMAL DEPARTURE LAST
                VALUE   (LST)  VALUE       VALUE  FROM      YEAR
                                                  NORMAL
..................................................................
TEMPERATURE (F)
 YESTERDAY
  MAXIMUM         95    334 PM 102    2011  92      3       84
  MINIMUM         74    525 AM  59    2015  70      4       59
                                      1966
                                      1952
  AVERAGE         85                        81      4       72

PRECIPITATION (IN)
  YESTERDAY        0.00          1.20 1963   0.09  -0.09     0.00
  MONTH TO DATE    2.88                      2.79   0.09     4.24
  SINCE JUN 1     11.33                     11.96  -0.63     8.86
  SINCE JAN 1     31.74                     35.36  -3.62    34.44

..................................................................


WIND (MPH)
  HIGHEST WIND SPEED    15   HIGHEST WIND DIRECTION     S (180)
  HIGHEST GUST SPEED    19   HIGHEST GUST DIRECTION     S (170)
  AVERAGE WIND SPEED     3.7


SKY COVER
  AVERAGE SKY COVER 0.1


WEATHER CONDITIONS
 THE FOLLOWING WEATHER WAS RECORDED YESTERDAY.
  THUNDERSTORM
  LIGHT RAIN
  FOG


RELATIVE HUMIDITY (PERCENT)
 HIGHEST   100           200 AM
 LOWEST     46           200 PM
 AVERAGE    73

..........................................................


THE TUSCALOOSA CLIMATE NORMALS FOR TODAY
                         NORMAL    RECORD    YEAR
 MAXIMUM TEMPERATURE (F)   91       103      2000
 MINIMUM TEMPERATURE (F)   70        56      1952


SUNRISE AND SUNSET
AUGUST 27 2016........SUNRISE   622 AM CDT   SUNSET   721 PM CDT
AUGUST 28 2016........SUNRISE   622 AM CDT   SUNSET   720 PM CDT


-  INDICATES NEGATIVE NUMBERS.
R  INDICATES RECORD WAS SET OR TIED.
MM INDICATES DATA IS MISSING.
T  INDICATES TRACE AMOUNT.




$$
