000
CDUS44 KBMX 190943
CLITCL


CLIMATE REPORT
NATIONAL WEATHER SERVICE BIRMINGHAM, AL
443 AM CDT SAT APR 19 2014


...................................

...THE TUSCALOOSA CLIMATE SUMMARY FOR APRIL 18 2014...

CLIMATE NORMAL PERIOD 1981 TO 2010
CLIMATE RECORD PERIOD 1948 TO 2014


WEATHER ITEM   OBSERVED TIME   RECORD YEAR NORMAL DEPARTURE LAST
                VALUE   (LST)  VALUE       VALUE  FROM      YEAR
                                                  NORMAL
..................................................................
TEMPERATURE (F)
 YESTERDAY
  MAXIMUM         61    409 AM  92    2006  77    -16       84
  MINIMUM         55   1159 PM  33    2001  51      4       64
  AVERAGE         58                        64     -6       74

PRECIPITATION (IN)
  YESTERDAY        0.20          1.59 1988   0.15   0.05     0.17
  MONTH TO DATE    6.50                      2.60   3.90     2.24
  SINCE MAR 1     11.78                      7.14   4.64     6.99
  SINCE JAN 1     19.50                     17.81   1.69    17.76

SNOWFALL (IN)
  YESTERDAY        0.0                       0.0    0.0
  MONTH TO DATE    0.0                       0.0    0.0
  SINCE MAR 1      0.0                       0.3   -0.3
  SINCE JUL 1      0.8                       0.7    0.1

DEGREE DAYS
 HEATING
  YESTERDAY        7                         3      4
  MONTH TO DATE   99                        91      8
  SINCE MAR 1    439                       385     54
  SINCE JUL 1   2756                      2475    281
..................................................................


WIND (MPH)
  HIGHEST WIND SPEED    13   HIGHEST WIND DIRECTION     N (20)
  HIGHEST GUST SPEED    17   HIGHEST GUST DIRECTION    NE (50)
  AVERAGE WIND SPEED     6.2


SKY COVER
  AVERAGE SKY COVER 0.8


WEATHER CONDITIONS
 THE FOLLOWING WEATHER WAS RECORDED YESTERDAY.
  LIGHT RAIN
  FOG


RELATIVE HUMIDITY (PERCENT)
 HIGHEST    93           900 AM
 LOWEST     60           400 AM
 AVERAGE    77

..........................................................


THE TUSCALOOSA CLIMATE NORMALS FOR TODAY
                         NORMAL    RECORD    YEAR
 MAXIMUM TEMPERATURE (F)   77        90      2006
 MINIMUM TEMPERATURE (F)   51        33      1983


SUNRISE AND SUNSET
APRIL 19 2014.........SUNRISE   616 AM CDT   SUNSET   724 PM CDT
APRIL 20 2014.........SUNRISE   614 AM CDT   SUNSET   725 PM CDT


-  INDICATES NEGATIVE NUMBERS.
R  INDICATES RECORD WAS SET OR TIED.
MM INDICATES DATA IS MISSING.
T  INDICATES TRACE AMOUNT.




$$
