000
CDUS44 KBMX 220935
CLITCL


CLIMATE REPORT
NATIONAL WEATHER SERVICE BIRMINGHAM, AL
435 AM CDT WED OCT 22 2014


...................................

...THE TUSCALOOSA CLIMATE SUMMARY FOR OCTOBER 21 2014...

CLIMATE NORMAL PERIOD 1981 TO 2010
CLIMATE RECORD PERIOD 1948 TO 2014


WEATHER ITEM   OBSERVED TIME   RECORD YEAR NORMAL DEPARTURE LAST
                VALUE   (LST)  VALUE       VALUE  FROM      YEAR
                                                  NORMAL
..................................................................
TEMPERATURE (F)
 YESTERDAY
  MAXIMUM         81    239 PM  90    1953  76      5       70
  MINIMUM         47    622 AM  30    1976  50     -3       43
  AVERAGE         64                        63      1       57

PRECIPITATION (IN)
  YESTERDAY        0.00          2.20 1956   0.12  -0.12      T
  MONTH TO DATE    3.28                      2.41   0.87     0.69
  SINCE SEP 1      4.70                      5.93  -1.23     1.89
  SINCE JAN 1     38.36                     41.80  -3.44    40.71

SNOWFALL (IN)
  YESTERDAY        0.0                       0.0    0.0
  MONTH TO DATE    0.0                       0.0    0.0
  SINCE SEP 1      0.0                       0.0    0.0
  SINCE JUL 1      0.0                       0.0    0.0

DEGREE DAYS
 HEATING
  YESTERDAY        1                         4     -3
  MONTH TO DATE   31                        53    -22
  SINCE SEP 1     31                        60    -29
  SINCE JUL 1     31                        60    -29
..................................................................


WIND (MPH)
  HIGHEST WIND SPEED    13   HIGHEST WIND DIRECTION    NW (310)
  HIGHEST GUST SPEED    17   HIGHEST GUST DIRECTION    NW (300)
  AVERAGE WIND SPEED     3.1


SKY COVER
  AVERAGE SKY COVER 0.1


WEATHER CONDITIONS
 THE FOLLOWING WEATHER WAS RECORDED YESTERDAY.
  NO SIGNIFICANT WEATHER WAS OBSERVED.


RELATIVE HUMIDITY (PERCENT)
 HIGHEST    93           200 AM
 LOWEST     42           200 PM
 AVERAGE    68

..........................................................


THE TUSCALOOSA CLIMATE NORMALS FOR TODAY
                         NORMAL    RECORD    YEAR
 MAXIMUM TEMPERATURE (F)   75        91      1953
 MINIMUM TEMPERATURE (F)   50        30      1987


SUNRISE AND SUNSET
OCTOBER 22 2014.......SUNRISE   700 AM CDT   SUNSET   609 PM CDT
OCTOBER 23 2014.......SUNRISE   701 AM CDT   SUNSET   608 PM CDT


-  INDICATES NEGATIVE NUMBERS.
R  INDICATES RECORD WAS SET OR TIED.
MM INDICATES DATA IS MISSING.
T  INDICATES TRACE AMOUNT.




$$
