000
CDUS44 KBMX 032142
CLITCL


CLIMATE REPORT
NATIONAL WEATHER SERVICE BIRMINGHAM, AL
442 PM CDT MON AUG 3 2015


...................................

...THE TUSCALOOSA CLIMATE SUMMARY FOR AUGUST 3 2015...
VALID AS OF 0400 PM LOCAL TIME.

CLIMATE NORMAL PERIOD 1994 TO 1994
CLIMATE RECORD PERIOD 1994 TO 2015


WEATHER ITEM   OBSERVED TIME   RECORD YEAR NORMAL DEPARTURE LAST
                VALUE   (LST)  VALUE       VALUE  FROM      YEAR
                                                  NORMAL
..................................................................
TEMPERATURE (F)
 TODAY
  MAXIMUM         98    259 PM 101    2011  92      6       89
                                      2010
  MINIMUM         65    523 AM  62    1976  71     -6       71
  AVERAGE         82                        82      0       80

PRECIPITATION (IN)
  TODAY            0.00          2.77 1966   0.12  -0.12     0.03
  MONTH TO DATE    0.00                      0.36  -0.36     0.49
  SINCE JUN 1      4.62                      9.53  -4.91     6.56
  SINCE JAN 1     30.20                     32.93  -2.73    31.60

DEGREE DAYS
 COOLING
  TODAY           17                        17      0
  MONTH TO DATE   49                        51     -2
  SINCE JUN 1   1115                       972    143
  SINCE JAN 1   1476                      1283    193
..................................................................


WIND (MPH)
  HIGHEST WIND SPEED    14   HIGHEST WIND DIRECTION    NE (30)
  HIGHEST GUST SPEED    18   HIGHEST GUST DIRECTION     E (70)
  AVERAGE WIND SPEED     2.4


SKY COVER
  AVERAGE SKY COVER 0.0


WEATHER CONDITIONS
 THE FOLLOWING WEATHER WAS RECORDED TODAY.
  NO SIGNIFICANT WEATHER WAS OBSERVED.


RELATIVE HUMIDITY (PERCENT)
 HIGHEST    90           200 AM
 LOWEST     22           300 PM
 AVERAGE    56

..........................................................


THE TUSCALOOSA CLIMATE NORMALS FOR TOMORROW
                         NORMAL    RECORD    YEAR
 MAXIMUM TEMPERATURE (F)   92       102      2010
 MINIMUM TEMPERATURE (F)   71        61      1950


SUNRISE AND SUNSET
AUGUST  3 2015........SUNRISE   605 AM CDT   SUNSET   748 PM CDT
AUGUST  4 2015........SUNRISE   605 AM CDT   SUNSET   747 PM CDT


-  INDICATES NEGATIVE NUMBERS.
R  INDICATES RECORD WAS SET OR TIED.
MM INDICATES DATA IS MISSING.
T  INDICATES TRACE AMOUNT.




$$
