000
CDUS44 KBMX 150937
CLITCL


CLIMATE REPORT
NATIONAL WEATHER SERVICE BIRMINGHAM, AL
437 AM CDT MON SEP 15 2014


...................................

...THE TUSCALOOSA CLIMATE SUMMARY FOR SEPTEMBER 14 2014...

CLIMATE NORMAL PERIOD 1981 TO 2010
CLIMATE RECORD PERIOD 1948 TO 2014


WEATHER ITEM   OBSERVED TIME   RECORD YEAR NORMAL DEPARTURE LAST
                VALUE   (LST)  VALUE       VALUE  FROM      YEAR
                                                  NORMAL
..................................................................
TEMPERATURE (F)
 YESTERDAY
  MAXIMUM         90    352 PM 100    1980  88      2       85
  MINIMUM         63    616 AM  48    1953  65     -2       60
  AVERAGE         77                        76      1       73

PRECIPITATION (IN)
  YESTERDAY        0.00          2.00 1952   0.13  -0.13     0.00
  MONTH TO DATE    0.89                      1.66  -0.77     0.08
  SINCE SEP 1      0.89                      1.66  -0.77     0.08
  SINCE JAN 1     34.55                     37.53  -2.98    38.90

DEGREE DAYS
 HEATING
  YESTERDAY        0                         0      0
  MONTH TO DATE    0                         0      0
  SINCE SEP 1      0                         0      0
  SINCE JUL 1      0                         0      0
..................................................................


WIND (MPH)
  HIGHEST WIND SPEED     9   HIGHEST WIND DIRECTION    NW (310)
  HIGHEST GUST SPEED    13   HIGHEST GUST DIRECTION     N (340)
  AVERAGE WIND SPEED     3.5


SKY COVER
  AVERAGE SKY COVER 0.0


WEATHER CONDITIONS
 THE FOLLOWING WEATHER WAS RECORDED YESTERDAY.
  FOG


RELATIVE HUMIDITY (PERCENT)
 HIGHEST    93           500 AM
 LOWEST     44           400 PM
 AVERAGE    69

..........................................................


THE TUSCALOOSA CLIMATE NORMALS FOR TODAY
                         NORMAL    RECORD    YEAR
 MAXIMUM TEMPERATURE (F)   87       102      1980
 MINIMUM TEMPERATURE (F)   64        52      1961


SUNRISE AND SUNSET
SEPTEMBER 15 2014.....SUNRISE   634 AM CDT   SUNSET   657 PM CDT
SEPTEMBER 16 2014.....SUNRISE   635 AM CDT   SUNSET   655 PM CDT


-  INDICATES NEGATIVE NUMBERS.
R  INDICATES RECORD WAS SET OR TIED.
MM INDICATES DATA IS MISSING.
T  INDICATES TRACE AMOUNT.




$$
