000
CDUS42 KTAE 230631
CLITLH


CLIMATE REPORT
NATIONAL WEATHER SERVICE TALLAHASSEE FL
230 AM EDT THU MAR 23 2017


...................................

...THE TALLAHASSEE CLIMATE SUMMARY FOR MARCH 22 2017...

CLIMATE NORMAL PERIOD 1981 TO 2010
CLIMATE RECORD PERIOD 1896 TO 2017


WEATHER ITEM   OBSERVED TIME   RECORD YEAR NORMAL DEPARTURE LAST
                VALUE   (LST)  VALUE       VALUE  FROM      YEAR
                                                  NORMAL
..................................................................
TEMPERATURE (F)
 YESTERDAY
  MAXIMUM         89    350 PM  91    1935  75     14       73
  MINIMUM         62   1234 AM  29    1960  48     14       34
  AVERAGE         76                        62     14       54

PRECIPITATION (IN)
  YESTERDAY        0.00          2.30 1913   0.16  -0.16     0.00
  MONTH TO DATE    1.05                      4.45  -3.40     2.06
  SINCE MAR 1      1.05                      4.45  -3.40     2.06
  SINCE JAN 1     10.98                     13.64  -2.66    10.76

SNOWFALL (IN)
  YESTERDAY        0.0                       0.0    0.0

DEGREE DAYS
 HEATING
  YESTERDAY        0                               -5
  MONTH TO DATE  128                              -14
  SINCE MAR 1    128                              -14
  SINCE JUL 1    776                             -709

 COOLING
  YESTERDAY       11                               10
  MONTH TO DATE   28                                6
  SINCE MAR 1     28                                6
  SINCE JAN 1     88                               52
..................................................................


WIND (MPH)
  HIGHEST WIND SPEED    18   HIGHEST WIND DIRECTION    NW (330)
  HIGHEST GUST SPEED    23   HIGHEST GUST DIRECTION     N (350)
  AVERAGE WIND SPEED     7.5




RELATIVE HUMIDITY (PERCENT)
 HIGHEST   100
 LOWEST     26
 AVERAGE    63

..........................................................


THE TALLAHASSEE CLIMATE NORMALS FOR TODAY
                         NORMAL    RECORD    YEAR
 MAXIMUM TEMPERATURE (F)   75        91      1935
 MINIMUM TEMPERATURE (F)   48        25      1986


SUNRISE AND SUNSET
MARCH 23 2017.........SUNRISE   737 AM EDT   SUNSET   751 PM EDT
MARCH 24 2017.........SUNRISE   736 AM EDT   SUNSET   752 PM EDT


-  INDICATES NEGATIVE NUMBERS.
R  INDICATES RECORD WAS SET OR TIED.
MM INDICATES DATA IS MISSING.
T  INDICATES TRACE AMOUNT.




$$
