000
CDUS42 KTAE 280637
CLITLH


CLIMATE REPORT
NATIONAL WEATHER SERVICE TALLAHASSEE FL
135 AM EST FRI NOV 28 2014


...................................

...THE TALLAHASSEE CLIMATE SUMMARY FOR NOVEMBER 27 2014...

CLIMATE NORMAL PERIOD 1981 TO 2010
CLIMATE RECORD PERIOD 1896 TO 2014


WEATHER ITEM   OBSERVED TIME   RECORD YEAR NORMAL DEPARTURE LAST
                VALUE   (LST)  VALUE       VALUE  FROM      YEAR
                                                  NORMAL
..................................................................
TEMPERATURE (F)
 YESTERDAY
  MAXIMUM         62    307 PM  85    1967  70     -8
  MINIMUM         38    705 AM  26    1950  45     -7
  AVERAGE         50                        57     -7

PRECIPITATION (IN)
  YESTERDAY        0.00          4.93 1976   0.12  -0.12      T
  MONTH TO DATE    6.92                      3.10   3.82     4.39
  SINCE SEP 1     18.61                     11.02   7.59     8.59
  SINCE JAN 1     59.69                     54.93   4.76    61.88

SNOWFALL (IN)
  YESTERDAY        0.0                       0.0    0.0

DEGREE DAYS
 HEATING
  YESTERDAY       15                                6
  MONTH TO DATE  281                              119
  SINCE SEP 1    306                               97
  SINCE JUL 1    306                               97

 COOLING
  YESTERDAY        0                               -1
  MONTH TO DATE   13                              -31
  SINCE SEP 1    621                               -3
  SINCE JAN 1   2792                              215
..................................................................


WIND (MPH)
  HIGHEST WIND SPEED    21   HIGHEST WIND DIRECTION    NW (300)
  HIGHEST GUST SPEED    25   HIGHEST GUST DIRECTION    NW (310)
  AVERAGE WIND SPEED     6.2




RELATIVE HUMIDITY (PERCENT)
 HIGHEST    85
 LOWEST     27
 AVERAGE    56

..........................................................


THE TALLAHASSEE CLIMATE NORMALS FOR TODAY
                         NORMAL    RECORD    YEAR
 MAXIMUM TEMPERATURE (F)   69        85      1994
 MINIMUM TEMPERATURE (F)   44        23      1956


SUNRISE AND SUNSET
NOVEMBER 28 2014......SUNRISE   714 AM EST   SUNSET   537 PM EST
NOVEMBER 29 2014......SUNRISE   715 AM EST   SUNSET   537 PM EST


-  INDICATES NEGATIVE NUMBERS.
R  INDICATES RECORD WAS SET OR TIED.
MM INDICATES DATA IS MISSING.
T  INDICATES TRACE AMOUNT.




$$
