000
CDUS42 KTAE 210633
CLITLH


CLIMATE REPORT
NATIONAL WEATHER SERVICE TALLAHASSEE FL
133 AM EST SUN DEC 21 2014


...................................

...THE TALLAHASSEE CLIMATE SUMMARY FOR DECEMBER 20 2014...

CLIMATE NORMAL PERIOD 1981 TO 2010
CLIMATE RECORD PERIOD 1896 TO 2014


WEATHER ITEM   OBSERVED TIME   RECORD YEAR NORMAL DEPARTURE LAST
                VALUE   (LST)  VALUE       VALUE  FROM      YEAR
                                                  NORMAL
..................................................................
TEMPERATURE (F)
 YESTERDAY
  MAXIMUM         62    253 PM  81    1992  64     -2
                                      1967
  MINIMUM         51    317 AM  15    1981  40     11
  AVERAGE         57                        52      5

PRECIPITATION (IN)
  YESTERDAY        0.03          1.48 1974   0.13  -0.10     0.00
  MONTH TO DATE    0.23                      2.54  -2.31     2.40
  SINCE DEC 1      0.23                      2.54  -2.31     2.40
  SINCE JAN 1     59.92                     57.87   2.05    64.28

SNOWFALL (IN)
  YESTERDAY        0.0                       0.1   -0.1

DEGREE DAYS
 HEATING
  YESTERDAY        8                               -5
  MONTH TO DATE  191                              -38
  SINCE DEC 1    191                              -38
  SINCE JUL 1    542                               77

 COOLING
  YESTERDAY        0                                0
  MONTH TO DATE    9                                1
  SINCE DEC 1      9                                1
  SINCE JAN 1   2801                              213
..................................................................


WIND (MPH)
  HIGHEST WIND SPEED    10   HIGHEST WIND DIRECTION    NE (60)
  HIGHEST GUST SPEED    15   HIGHEST GUST DIRECTION    NE (60)
  AVERAGE WIND SPEED     5.4




RELATIVE HUMIDITY (PERCENT)
 HIGHEST    89
 LOWEST     60
 AVERAGE    75

..........................................................


THE TALLAHASSEE CLIMATE NORMALS FOR TODAY
                         NORMAL    RECORD    YEAR
 MAXIMUM TEMPERATURE (F)   64        80      1990
                                             1967
 MINIMUM TEMPERATURE (F)   40        15      1981


SUNRISE AND SUNSET
DECEMBER 21 2014......SUNRISE   730 AM EST   SUNSET   541 PM EST
DECEMBER 22 2014......SUNRISE   731 AM EST   SUNSET   542 PM EST


-  INDICATES NEGATIVE NUMBERS.
R  INDICATES RECORD WAS SET OR TIED.
MM INDICATES DATA IS MISSING.
T  INDICATES TRACE AMOUNT.




$$
