000
CDUS44 KBMX 222118
CLITOI


CLIMATE REPORT
NATIONAL WEATHER SERVICE BIRMINGHAM, AL
416 PM CDT TUE JUL 22 2014


...................................

...THE TROY CLIMATE SUMMARY FOR JULY 22 2014...
VALID AS OF 0400 PM LOCAL TIME.

CLIMATE NORMAL PERIOD 1981 TO 2010
CLIMATE RECORD PERIOD 9999 TO 9999


WEATHER ITEM   OBSERVED TIME   RECORD YEAR NORMAL DEPARTURE LAST
                VALUE   (LST)  VALUE       VALUE  FROM      YEAR
                                                  NORMAL
..................................................................
TEMPERATURE (F)
 TODAY
  MAXIMUM         89    240 PM  MM      MM  92     -3       90
  MINIMUM         73    413 AM  MM      MM  70      3       72
  AVERAGE         81                        81      0       81

PRECIPITATION (IN)
  TODAY            0.00                      0.16  -0.16     0.29
  MONTH TO DATE    2.02                      4.00  -1.98     9.68
  SINCE JUN 1      4.81                      8.83  -4.02    15.63
  SINCE JAN 1     34.87                     31.66   3.21    38.79

DEGREE DAYS
 COOLING
  TODAY           16                        16      0       16
  MONTH TO DATE  326                       345    -19      309
  SINCE JUN 1    759                       733     26      754
  SINCE JAN 1   1081                      1020     61     1046
..................................................................


WIND (MPH)
  HIGHEST WIND SPEED    12   HIGHEST WIND DIRECTION     E (70)
  HIGHEST GUST SPEED    15   HIGHEST GUST DIRECTION    NE (30)
  AVERAGE WIND SPEED     5.8


SKY COVER
  AVERAGE SKY COVER 0.7


WEATHER CONDITIONS
 THE FOLLOWING WEATHER WAS RECORDED TODAY.
  NO SIGNIFICANT WEATHER WAS OBSERVED.


RELATIVE HUMIDITY (PERCENT)
 HIGHEST    93           200 AM
 LOWEST     55           200 PM
 AVERAGE    74

..........................................................


THE TROY CLIMATE NORMALS FOR TOMORROW
                         NORMAL    RECORD    YEAR
 MAXIMUM TEMPERATURE (F)   92        MM        MM
 MINIMUM TEMPERATURE (F)   70        MM        MM


SUNRISE AND SUNSET
JULY 22 2014..........SUNRISE   553 AM CDT   SUNSET   747 PM CDT
JULY 23 2014..........SUNRISE   554 AM CDT   SUNSET   747 PM CDT


-  INDICATES NEGATIVE NUMBERS.
R  INDICATES RECORD WAS SET OR TIED.
MM INDICATES DATA IS MISSING.
T  INDICATES TRACE AMOUNT.




$$
