254
CDUS44 KBMX 250734
CLITOI


CLIMATE REPORT
NATIONAL WEATHER SERVICE BIRMINGHAM, AL
233 AM CDT MON JUL 25 2016


...................................

...THE TROY CLIMATE SUMMARY FOR JULY 24 2016...

CLIMATE NORMAL PERIOD 1981 TO 2010
CLIMATE RECORD PERIOD 9999 TO 9999


WEATHER ITEM   OBSERVED TIME   RECORD YEAR NORMAL DEPARTURE LAST
                VALUE   (LST)  VALUE       VALUE  FROM      YEAR
                                                  NORMAL
..................................................................
TEMPERATURE (F)
 YESTERDAY
  MAXIMUM         92    402 PM  MM      MM  92      0       94
  MINIMUM         72    529 AM  MM      MM  70      2       73
  AVERAGE         82                        81      1       84

PRECIPITATION (IN)
  YESTERDAY        0.00                      0.20  -0.20     0.38
  MONTH TO DATE    3.59                      4.39  -0.80     2.63
  SINCE JUN 1      9.59                      9.22   0.37     6.74
  SINCE JAN 1     28.93                     32.05  -3.12    26.56

DEGREE DAYS
 COOLING
  YESTERDAY       17                        16      1       19
  MONTH TO DATE  399                       377     22      438
  SINCE JUN 1    840                       765     75      897
  SINCE JAN 1   1255                      1052    203     1380
..................................................................


WIND (MPH)
  HIGHEST WIND SPEED    12   HIGHEST WIND DIRECTION    SE (130)
  HIGHEST GUST SPEED    14   HIGHEST GUST DIRECTION    SE (140)
  AVERAGE WIND SPEED     2.3


SKY COVER
  AVERAGE SKY COVER 0.1


WEATHER CONDITIONS
 THE FOLLOWING WEATHER WAS RECORDED YESTERDAY.
  NO SIGNIFICANT WEATHER WAS OBSERVED.


RELATIVE HUMIDITY (PERCENT)
 HIGHEST   100           100 AM
 LOWEST     56           100 PM
 AVERAGE    78

..........................................................


THE TROY CLIMATE NORMALS FOR TODAY
                         NORMAL    RECORD    YEAR
 MAXIMUM TEMPERATURE (F)   92        MM        MM
 MINIMUM TEMPERATURE (F)   70        MM        MM


SUNRISE AND SUNSET
JULY 25 2016..........SUNRISE   555 AM CDT   SUNSET   745 PM CDT
JULY 26 2016..........SUNRISE   556 AM CDT   SUNSET   745 PM CDT


-  INDICATES NEGATIVE NUMBERS.
R  INDICATES RECORD WAS SET OR TIED.
MM INDICATES DATA IS MISSING.
T  INDICATES TRACE AMOUNT.




$$
