000
CDUS44 KBMX 240736
CLITOI


CLIMATE REPORT
NATIONAL WEATHER SERVICE BIRMINGHAM, AL
235 AM CDT SAT JUN 24 2017


...................................

...THE TROY CLIMATE SUMMARY FOR JUNE 23 2017...

CLIMATE NORMAL PERIOD 1981 TO 2010
CLIMATE RECORD PERIOD 9999 TO 9999


WEATHER ITEM   OBSERVED TIME   RECORD YEAR NORMAL DEPARTURE LAST
                VALUE   (LST)  VALUE       VALUE  FROM      YEAR
                                                  NORMAL
..................................................................
TEMPERATURE (F)
 YESTERDAY
  MAXIMUM         90    325 PM  MM      MM  90      0       91
  MINIMUM         72   1159 PM  MM      MM  68      4       64
  AVERAGE         81                        79      2       78

PRECIPITATION (IN)
  YESTERDAY        0.07                      0.17  -0.10     0.00
  MONTH TO DATE    7.75                      3.72   4.03     3.38
  SINCE JUN 1      7.75                      3.72   4.03     3.38
  SINCE JAN 1     40.25                     26.55  13.70    22.72

DEGREE DAYS
 COOLING
  YESTERDAY       16                        14      2       13
  MONTH TO DATE  269                       285    -16      324
  SINCE JUN 1    269                       285    -16      324
  SINCE JAN 1    673                       572    101      739
..................................................................


WIND (MPH)
  HIGHEST WIND SPEED    20   HIGHEST WIND DIRECTION     S (200)
  HIGHEST GUST SPEED    26   HIGHEST GUST DIRECTION    SW (210)
  AVERAGE WIND SPEED     8.3


SKY COVER
  AVERAGE SKY COVER 0.5


WEATHER CONDITIONS
 THE FOLLOWING WEATHER WAS RECORDED YESTERDAY.
  LIGHT RAIN
  FOG


RELATIVE HUMIDITY (PERCENT)
 HIGHEST   100           100 AM
 LOWEST     59           200 PM
 AVERAGE    80

..........................................................


THE TROY CLIMATE NORMALS FOR TODAY
                         NORMAL    RECORD    YEAR
 MAXIMUM TEMPERATURE (F)   91        MM        MM
 MINIMUM TEMPERATURE (F)   68        MM        MM


SUNRISE AND SUNSET
JUNE 24 2017..........SUNRISE   540 AM CDT   SUNSET   753 PM CDT
JUNE 25 2017..........SUNRISE   540 AM CDT   SUNSET   754 PM CDT


-  INDICATES NEGATIVE NUMBERS.
R  INDICATES RECORD WAS SET OR TIED.
MM INDICATES DATA IS MISSING.
T  INDICATES TRACE AMOUNT.




$$
