000
CDUS44 KBMX 130838
CLITOI


CLIMATE REPORT
NATIONAL WEATHER SERVICE BIRMINGHAM, AL
237 AM CST WED DEC 13 2017


...................................

...THE TROY CLIMATE SUMMARY FOR DECEMBER 12 2017...

CLIMATE NORMAL PERIOD 1981 TO 2010
CLIMATE RECORD PERIOD 9999 TO 9999


WEATHER ITEM   OBSERVED TIME   RECORD YEAR NORMAL DEPARTURE LAST
                VALUE   (LST)  VALUE       VALUE  FROM      YEAR
                                                  NORMAL
..................................................................
TEMPERATURE (F)
 YESTERDAY
  MAXIMUM         58    154 PM  MM      MM  60     -2       75
  MINIMUM         38   1159 PM  MM      MM  37      1       48
  AVERAGE         48                        49     -1       62

PRECIPITATION (IN)
  YESTERDAY        0.00                      0.18  -0.18     0.03
  MONTH TO DATE    1.56                      2.12  -0.56     2.16
  SINCE DEC 1      1.56                      2.12  -0.56     2.16
  SINCE JAN 1     62.72                     51.90  10.82    37.78

SNOWFALL (IN)
  YESTERDAY        0.0                      MM     MM        0.0
  MONTH TO DATE    T                        MM     MM        0.0
  SINCE DEC 1      T                        MM     MM        0.0
  SINCE JUL 1      T                        MM     MM        0.0
  SNOW DEPTH       0

DEGREE DAYS
 HEATING
  YESTERDAY       17                        16      1        3
  MONTH TO DATE  179                       182     -3      173
  SINCE DEC 1    179                       182     -3      173
  SINCE JUL 1    533                       575    -42      425
..................................................................


WIND (MPH)
  HIGHEST WIND SPEED    24   HIGHEST WIND DIRECTION    NW (330)
  HIGHEST GUST SPEED    33   HIGHEST GUST DIRECTION    NW (310)
  AVERAGE WIND SPEED     8.7


SKY COVER
  AVERAGE SKY COVER 0.0


WEATHER CONDITIONS
 THE FOLLOWING WEATHER WAS RECORDED YESTERDAY.
  FOG


RELATIVE HUMIDITY (PERCENT)
 HIGHEST   100           500 AM
 LOWEST     39           100 PM
 AVERAGE    70

..........................................................


THE TROY CLIMATE NORMALS FOR TODAY
                         NORMAL    RECORD    YEAR
 MAXIMUM TEMPERATURE (F)   60        MM        MM
 MINIMUM TEMPERATURE (F)   37        MM        MM


SUNRISE AND SUNSET
DECEMBER 13 2017......SUNRISE   636 AM CST   SUNSET   441 PM CST
DECEMBER 14 2017......SUNRISE   636 AM CST   SUNSET   441 PM CST


-  INDICATES NEGATIVE NUMBERS.
R  INDICATES RECORD WAS SET OR TIED.
MM INDICATES DATA IS MISSING.
T  INDICATES TRACE AMOUNT.




$$
