202
CDUS41 KCLE 131904
CLITOL


CLIMATE REPORT
NATIONAL WEATHER SERVICE CLEVELAND OH
155 PM EST SAT FEB 13 2016


...................................

...THE TOLEDO OH CLIMATE SUMMARY FOR FEBRUARY 12 2016...

CLIMATE NORMAL PERIOD 1981 TO 2010
CLIMATE RECORD PERIOD 1873 TO 2016


WEATHER ITEM   OBSERVED TIME   RECORD YEAR NORMAL DEPARTURE LAST
                VALUE   (LST)  VALUE       VALUE  FROM      YEAR
                                                  NORMAL
..................................................................
TEMPERATURE (F)
 YESTERDAY
  MAXIMUM         24    338 PM  61    1984  35    -11       28
  MINIMUM          8    336 AM -14    2014  20    -12        1
  AVERAGE         16                        28    -12       15

PRECIPITATION (IN)
  YESTERDAY        0.01                      0.08  -0.07     0.01
  MONTH TO DATE    0.44                      0.84  -0.40     1.15
  SINCE DEC 1      4.89                      5.57  -0.68     4.29
  SINCE JAN 1      1.91                      2.89  -0.98     3.20

SNOWFALL (IN)
  YESTERDAY        0.3                       0.4   -0.1      0.2
  MONTH TO DATE    1.2                       4.4   -3.2     16.8
  SINCE DEC 1      7.1                      23.4  -16.3     29.0
  SINCE JUL 1     10.6                      25.5  -14.9     31.8
  SNOW DEPTH       0

DEGREE DAYS
 HEATING
  YESTERDAY       49                        38     11       50
  MONTH TO DATE  418                       462    -44      536
  SINCE DEC 1   2340                      2778   -438     2891
  SINCE JUL 1   3350                      4011   -661     4329

 COOLING
  YESTERDAY        0                         0      0        0
  MONTH TO DATE    0                         0      0        0
  SINCE DEC 1      0                         0      0        0
  SINCE JAN 1      0                         0      0        0
..................................................................


WIND (MPH)
  HIGHEST WIND SPEED    26   HIGHEST WIND DIRECTION     W (270)
  HIGHEST GUST SPEED    35   HIGHEST GUST DIRECTION    NW (300)
  AVERAGE WIND SPEED    12.3


SKY COVER
  POSSIBLE SUNSHINE  MM
  AVERAGE SKY COVER 0.6


WEATHER CONDITIONS
 THE FOLLOWING WEATHER WAS RECORDED YESTERDAY.
  SNOW
  LIGHT SNOW
  FOG
  HAZE


RELATIVE HUMIDITY (PERCENT)
 HIGHEST    84           600 AM
 LOWEST     57          1100 AM
 AVERAGE    71

..........................................................


THE TOLEDO OH CLIMATE NORMALS FOR TODAY
                         NORMAL    RECORD    YEAR
 MAXIMUM TEMPERATURE (F)   35        66      1938
 MINIMUM TEMPERATURE (F)   20       -12      1905


SUNRISE AND SUNSET
FEBRUARY 13 2016......SUNRISE   734 AM EST   SUNSET   606 PM EST
FEBRUARY 14 2016......SUNRISE   732 AM EST   SUNSET   607 PM EST


-  INDICATES NEGATIVE NUMBERS.
R  INDICATES RECORD WAS SET OR TIED.
MM INDICATES DATA IS MISSING.
T  INDICATES TRACE AMOUNT.




$$
