000
CDUS41 KCLE 280530
CLITOL


CLIMATE REPORT
NATIONAL WEATHER SERVICE CLEVELAND OH
1230 AM EST FRI NOV 28 2014


...................................

...THE TOLEDO OH CLIMATE SUMMARY FOR NOVEMBER 27 2014...

CLIMATE NORMAL PERIOD 1981 TO 2010
CLIMATE RECORD PERIOD 1873 TO 2014


WEATHER ITEM   OBSERVED TIME   RECORD YEAR NORMAL DEPARTURE LAST
                VALUE   (LST)  VALUE       VALUE  FROM      YEAR
                                                  NORMAL
..................................................................
TEMPERATURE (F)
 YESTERDAY
  MAXIMUM         33    354 PM  69    1990  44    -11       30
  MINIMUM         23   1159 PM   7    1930  29     -6       19
  AVERAGE         28                        36     -8       25

PRECIPITATION (IN)
  YESTERDAY        T                         0.10  -0.10      T
  MONTH TO DATE    1.81                      2.56  -0.75     1.36
  SINCE SEP 1      9.40                      7.94   1.46     6.97
  SINCE JAN 1     30.59                     31.26  -0.67    33.76

SNOWFALL (IN)
  YESTERDAY        T                         0.1   -0.1       T
  MONTH TO DATE    2.6                       1.5    1.1      0.5
  SINCE SEP 1      2.6                       1.7    0.9      0.5
  SINCE JUL 1      2.6                       1.7    0.9      0.5
  SNOW DEPTH       0

DEGREE DAYS
 HEATING
  YESTERDAY       37                        29      8       40
  MONTH TO DATE  807                       620    187      704
  SINCE SEP 1   1344                      1132    212     1212
  SINCE JUL 1   1358                      1146    212     1241

 COOLING
  YESTERDAY        0                         0      0        0
  MONTH TO DATE    0                         0      0        0
  SINCE SEP 1     56                        91    -35      111
  SINCE JAN 1    654                       793   -139      793
..................................................................


WIND (MPH)
  HIGHEST WIND SPEED    20   HIGHEST WIND DIRECTION     W (290)
  HIGHEST GUST SPEED    28   HIGHEST GUST DIRECTION    NW (300)
  AVERAGE WIND SPEED     9.8


SKY COVER
  POSSIBLE SUNSHINE  MM
  AVERAGE SKY COVER 1.0


WEATHER CONDITIONS
 THE FOLLOWING WEATHER WAS RECORDED YESTERDAY.
  LIGHT SNOW
  HAZE


RELATIVE HUMIDITY (PERCENT)
 HIGHEST    92           600 PM
 LOWEST     63          1000 AM
 AVERAGE    78

..........................................................


THE TOLEDO OH CLIMATE NORMALS FOR TODAY
                         NORMAL    RECORD    YEAR
 MAXIMUM TEMPERATURE (F)   43        68      2005
                                             1990
 MINIMUM TEMPERATURE (F)   29         6      1955


SUNRISE AND SUNSET
NOVEMBER 28 2014......SUNRISE   739 AM EST   SUNSET   507 PM EST
NOVEMBER 29 2014......SUNRISE   740 AM EST   SUNSET   507 PM EST


-  INDICATES NEGATIVE NUMBERS.
R  INDICATES RECORD WAS SET OR TIED.
MM INDICATES DATA IS MISSING.
T  INDICATES TRACE AMOUNT.




$$
