000
CDUS43 KTOP 210632
CLITOP


CLIMATE REPORT
NATIONAL WEATHER SERVICE TOPEKA KS
132 AM CDT MON APR 21 2014


...................................

...THE TOPEKA KS CLIMATE SUMMARY FOR APRIL 20 2014...

CLIMATE NORMAL PERIOD 1981 TO 2010
CLIMATE RECORD PERIOD 1887 TO 2014


WEATHER ITEM   OBSERVED TIME   RECORD YEAR NORMAL DEPARTURE LAST
                VALUE   (LST)  VALUE       VALUE  FROM      YEAR
                                                  NORMAL
..................................................................
TEMPERATURE (F)
 YESTERDAY
  MAXIMUM         80   1220 PM  94    1902  68     12       59
  MINIMUM         59    546 AM  24    1953  45     14       28
  AVERAGE         70                        57     13       44

PRECIPITATION (IN)
  YESTERDAY        0.01          1.39 1904   0.12  -0.11      T
  MONTH TO DATE    1.30                      2.18  -0.88     2.16
  SINCE MAR 1      2.03                      4.67  -2.64     4.17
  SINCE JAN 1      3.69                      6.85  -3.16     6.61

SNOWFALL (IN)
  YESTERDAY        0.0           0.2  1918   0.0    0.0      0.0
  MONTH TO DATE    0.1                       0.3   -0.2       T
  SINCE JAN 1     23.1                      11.3   11.8     23.9
  SINCE JUL 1     27.4                      17.8    9.6     29.3
  SNOW DEPTH       0

DEGREE DAYS
 HEATING
  YESTERDAY        0                         9     -9       21
  MONTH TO DATE  257                       244     13      328
  SINCE MAR 1    967                       872     95     1092
  SINCE JUL 1   5289                      4839    450     4649

 COOLING
  YESTERDAY        5                         1      4        0
  MONTH TO DATE   10                        13     -3        0
  SINCE MAR 1     10                        16     -6        0
  SINCE JAN 1     10                        16     -6        0
..................................................................


WIND (MPH)
  HIGHEST WIND SPEED    21   HIGHEST WIND DIRECTION     S (190)
  HIGHEST GUST SPEED    27   HIGHEST GUST DIRECTION     S (190)
  AVERAGE WIND SPEED     9.0


SKY COVER
  AVERAGE SKY COVER 0.3


WEATHER CONDITIONS
 THE FOLLOWING WEATHER WAS RECORDED YESTERDAY.
  LIGHT RAIN


RELATIVE HUMIDITY (PERCENT)
 HIGHEST    78          1100 PM
 LOWEST     42          1200 PM
 AVERAGE    60

..........................................................


THE TOPEKA KS CLIMATE NORMALS FOR TODAY
                         NORMAL    RECORD    YEAR
 MAXIMUM TEMPERATURE (F)   68        89      1989
 MINIMUM TEMPERATURE (F)   46        24      1966


SUNRISE AND SUNSET
APRIL 21 2014.........SUNRISE   637 AM CDT   SUNSET   806 PM CDT
APRIL 22 2014.........SUNRISE   636 AM CDT   SUNSET   807 PM CDT


-  INDICATES NEGATIVE NUMBERS.
R  INDICATES RECORD WAS SET OR TIED.
MM INDICATES DATA IS MISSING.
T  INDICATES TRACE AMOUNT.




$$
