000
CDUS43 KTOP 010634
CLITOP


CLIMATE REPORT
NATIONAL WEATHER SERVICE TOPEKA KS
133 AM CDT MON SEP 1 2014


...................................

...THE TOPEKA KS CLIMATE SUMMARY FOR AUGUST 31 2014...

CLIMATE NORMAL PERIOD 1981 TO 2010
CLIMATE RECORD PERIOD 1887 TO 2014


WEATHER ITEM   OBSERVED TIME   RECORD YEAR NORMAL DEPARTURE LAST
                VALUE   (LST)  VALUE       VALUE  FROM      YEAR
                                                  NORMAL
..................................................................
TEMPERATURE (F)
 YESTERDAY
  MAXIMUM         97    330 PM 107    2000  86     11       96
                                      1947
  MINIMUM         68   1159 PM  47    1967  63      5       73
                                      1915
  AVERAGE         83                        74      9       85

PRECIPITATION (IN)
  YESTERDAY        0.94          3.88 1977   0.13   0.81     0.02
  MONTH TO DATE    5.19                      4.24   0.95     5.21
  SINCE JUN 1     12.37                     13.46  -1.09    10.14
  SINCE JAN 1     19.84                     26.57  -6.73    24.47

SNOWFALL (IN)
  YESTERDAY        0.0           T    1974   0.0    0.0      0.0
  MONTH TO DATE    T                         0.0    0.0      0.0
  SINCE JAN 1     23.1                      11.3   11.8     24.2
  SINCE JUL 1      T                         0.0    0.0      0.0
  SNOW DEPTH       0

DEGREE DAYS
 HEATING
  YESTERDAY        0                         0      0        0
  MONTH TO DATE    0                         0      0        0
  SINCE JUN 1      0                        10    -10        5
  SINCE JUL 1      0                         2     -2        0

 COOLING
  YESTERDAY       18                        10      8       20
  MONTH TO DATE  487                       386    101      388
  SINCE JUN 1   1193                      1102     91     1149
  SINCE JAN 1   1410                      1228    182     1294
..................................................................


WIND (MPH)
  HIGHEST WIND SPEED    26   HIGHEST WIND DIRECTION     W (290)
  HIGHEST GUST SPEED    37   HIGHEST GUST DIRECTION     W (290)
  AVERAGE WIND SPEED    11.1


SKY COVER
  AVERAGE SKY COVER 0.1


WEATHER CONDITIONS
 THE FOLLOWING WEATHER WAS RECORDED YESTERDAY.
  THUNDERSTORM
  HEAVY RAIN
  RAIN
  LIGHT RAIN
  FOG


RELATIVE HUMIDITY (PERCENT)
 HIGHEST    93          1100 PM
 LOWEST     33           300 PM
 AVERAGE    63

..........................................................


THE TOPEKA KS CLIMATE NORMALS FOR TODAY
                         NORMAL    RECORD    YEAR
 MAXIMUM TEMPERATURE (F)   86       106      2011
 MINIMUM TEMPERATURE (F)   62        44      1949


SUNRISE AND SUNSET
SEPTEMBER  1 2014.....SUNRISE   651 AM CDT   SUNSET   753 PM CDT
SEPTEMBER  2 2014.....SUNRISE   652 AM CDT   SUNSET   751 PM CDT


-  INDICATES NEGATIVE NUMBERS.
R  INDICATES RECORD WAS SET OR TIED.
MM INDICATES DATA IS MISSING.
T  INDICATES TRACE AMOUNT.




$$
