000
CDUS45 KCYS 300735
CLITOR


CLIMATE REPORT
NATIONAL WEATHER SERVICE CHEYENNE WY
134 AM MDT WED JUL 30 2014


...................................

...THE TORRINGTON WY AIRPORT CLIMATE SUMMARY FOR JULY 29 2014...

CLIMATE NORMAL PERIOD 1981 TO 2010
CLIMATE RECORD PERIOD 1998 TO 2014


WEATHER ITEM   OBSERVED TIME   RECORD YEAR NORMAL DEPARTURE LAST
                VALUE   (LST)  VALUE       VALUE  FROM      YEAR
                                                  NORMAL
..................................................................
TEMPERATURE (F)
 YESTERDAY
  MAXIMUM         84    158 PM 102    2006  91     -7       79
  MINIMUM         56    500 AM  50    2004  59     -3       58
  AVERAGE         70                        74     -4       69

PRECIPITATION (IN)
  YESTERDAY        0.16          0.27 2004   0.06   0.10     0.06
  MONTH TO DATE    1.35                      1.68  -0.33     0.50
  SINCE JAN 1     11.46                      9.57   1.89     5.92

DEGREE DAYS
 HEATING
  YESTERDAY        0                         0      0        0
  MONTH TO DATE    7                         0      7        2
  SINCE JUN 1     85                        75     10       36
  SINCE JUL 1      7                         0      7        2

 COOLING
  YESTERDAY        5                        10     -5        4
  MONTH TO DATE  249                       263    -14      272
  SINCE JUN 1    311                       379    -68      432
  SINCE JAN 1    327                       397    -70      471
..................................................................


WIND (MPH)
  HIGHEST WIND SPEED    26   HIGHEST WIND DIRECTION    NE (60)
  HIGHEST GUST SPEED    32   HIGHEST GUST DIRECTION    NE (40)
  AVERAGE WIND SPEED     9.2


SKY COVER
  AVERAGE SKY COVER 0.4


WEATHER CONDITIONS
 THE FOLLOWING WEATHER WAS RECORDED YESTERDAY.
  LIGHT RAIN
  FOG


RELATIVE HUMIDITY (PERCENT)
 HIGHEST    93           400 AM
 LOWEST     46           200 PM
 AVERAGE    70

..........................................................


THE TORRINGTON WY AIRPORT CLIMATE NORMALS FOR TODAY
                         NORMAL    RECORD    YEAR
 MAXIMUM TEMPERATURE (F)   90       101      2006
 MINIMUM TEMPERATURE (F)   59        42      2009


SUNRISE AND SUNSET
JULY 30 2014..........SUNRISE   548 AM MDT   SUNSET   818 PM MDT
JULY 31 2014..........SUNRISE   549 AM MDT   SUNSET   816 PM MDT


-  INDICATES NEGATIVE NUMBERS.
R  INDICATES RECORD WAS SET OR TIED.
MM INDICATES DATA IS MISSING.
T  INDICATES TRACE AMOUNT.




$$
