000
CDUS45 KCYS 162129
CLITOR


CLIMATE REPORT
NATIONAL WEATHER SERVICE CHEYENNE WY
329 PM MDT TUE SEP 16 2014


...................................

...THE TORRINGTON WY AIRPORT CLIMATE SUMMARY FOR SEPTEMBER 16 2014...
VALID AS OF 0300 PM LOCAL TIME.

CLIMATE NORMAL PERIOD 1981 TO 2010
CLIMATE RECORD PERIOD 1998 TO 2014


WEATHER ITEM   OBSERVED TIME   RECORD YEAR NORMAL DEPARTURE LAST
                VALUE   (LST)  VALUE       VALUE  FROM      YEAR
                                                  NORMAL
..................................................................
TEMPERATURE (F)
 TODAY
  MAXIMUM         86    122 PM  97    2000  77      9       74
  MINIMUM         46    624 AM  37    2005  44      2       52
  AVERAGE         66                        61      5       63

PRECIPITATION (IN)
  TODAY            0.00          0.05 2007   0.04  -0.04     0.01
  MONTH TO DATE    0.47                      0.72  -0.25     1.59
  SINCE JAN 1     14.63                     11.68   2.95     8.40

DEGREE DAYS
 HEATING
  TODAY            0                         6     -6        2
  MONTH TO DATE  114                        56     58       17
  SINCE SEP 1    114                        56     58       17
  SINCE JUL 1    129                        78     51       19

 COOLING
  TODAY            1                         1      0        0
  MONTH TO DATE   16                        38    -22      109
  SINCE SEP 1     16                        38    -22      109
  SINCE JAN 1    553                       671   -118      882
..................................................................


WIND (MPH)
  HIGHEST WIND SPEED    16   HIGHEST WIND DIRECTION     E (70)
  HIGHEST GUST SPEED    18   HIGHEST GUST DIRECTION     E (70)
  AVERAGE WIND SPEED     6.3


SKY COVER
  AVERAGE SKY COVER 0.0


WEATHER CONDITIONS
 THE FOLLOWING WEATHER WAS RECORDED TODAY.
  FOG


RELATIVE HUMIDITY (PERCENT)
 HIGHEST   100           400 AM
 LOWEST     22           200 PM
 AVERAGE    61

..........................................................


THE TORRINGTON WY AIRPORT CLIMATE NORMALS FOR TOMORROW
                         NORMAL    RECORD    YEAR
 MAXIMUM TEMPERATURE (F)   77        97      2000
 MINIMUM TEMPERATURE (F)   44        32      2006


SUNRISE AND SUNSET
SEPTEMBER 16 2014.....SUNRISE   638 AM MDT   SUNSET   704 PM MDT
SEPTEMBER 17 2014.....SUNRISE   639 AM MDT   SUNSET   703 PM MDT


-  INDICATES NEGATIVE NUMBERS.
R  INDICATES RECORD WAS SET OR TIED.
MM INDICATES DATA IS MISSING.
T  INDICATES TRACE AMOUNT.




$$
