000
CDUS42 KTBW 092235
CLITPA


CLIMATE REPORT
NATIONAL WEATHER SERVICE TAMPA BAY FL
532 PM EST FRI DEC 9 2016


...................................

...THE TAMPA CLIMATE SUMMARY FOR DECEMBER 9 2016...
VALID TODAY AS OF 0500 PM LOCAL TIME.

CLIMATE NORMAL PERIOD 1981 TO 2010
CLIMATE RECORD PERIOD 1890 TO 2016


WEATHER ITEM   OBSERVED TIME   RECORD YEAR NORMAL DEPARTURE LAST
                VALUE   (LST)  VALUE       VALUE  FROM      YEAR
                                                  NORMAL
..................................................................
TEMPERATURE (F)
 TODAY
  MAXIMUM         63    400 PM  86    1972  73    -10       78
  MINIMUM         51   1031 AM  34    1984  56     -5       63
  AVERAGE         57                        64     -7       71

PRECIPITATION (IN)
  TODAY            0.04          3.89 2002   0.07  -0.03     0.01
  MONTH TO DATE    0.37                      0.67  -0.30     0.03
  SINCE DEC 1      0.37                      0.67  -0.30     0.03
  SINCE JAN 1     52.50                     44.50   8.00    63.04

DEGREE DAYS
 HEATING
  TODAY            8                         4      4        0
  MONTH TO DATE    9                        29    -20        0
  SINCE DEC 1      9                        29    -20        0
  SINCE JUL 1     24                        73    -49        5

 COOLING
  TODAY            0                         3     -3        6
  MONTH TO DATE   50                        28     22       61
  SINCE DEC 1     50                        28     22       61
  SINCE JAN 1   4023                      3558    465     4277
..................................................................


WIND (MPH)
  RESULTANT WIND SPEED   9   RESULTANT WIND DIRECTION  NE (30)
  HIGHEST WIND SPEED    16   HIGHEST WIND DIRECTION     N (20)
  HIGHEST GUST SPEED    22   HIGHEST GUST DIRECTION     N (10)
  AVERAGE WIND SPEED     8.8


SKY COVER
  POSSIBLE SUNSHINE  MM
  AVERAGE SKY COVER 0.8


WEATHER CONDITIONS
 THE FOLLOWING WEATHER WAS RECORDED TODAY.
  LIGHT RAIN


RELATIVE HUMIDITY (PERCENT)
 HIGHEST    83           600 AM
 LOWEST     39           300 PM

..........................................................


THE TAMPA CLIMATE NORMALS FOR TOMORROW
                         NORMAL    RECORD    YEAR
 MAXIMUM TEMPERATURE (F)   73        85      1986
 MINIMUM TEMPERATURE (F)   55        34      1917


SUNRISE AND SUNSET
DECEMBER  9 2016......SUNRISE   710 AM EST   SUNSET   535 PM EST
DECEMBER 10 2016......SUNRISE   711 AM EST   SUNSET   535 PM EST


-  INDICATES NEGATIVE NUMBERS.
R  INDICATES RECORD WAS SET OR TIED.
MM INDICATES DATA IS MISSING.
T  INDICATES TRACE AMOUNT.




$$


&&
------------------------------------------------------------------
******************** SUPPLEMENTAL DATA ***************************

...RUSKIN                HIGH 64    LOW 51    PCPN 0.00
...SARASOTA/BRADENTON    HIGH 63    LOW 52    PCPN 0.03
...LAKELAND*             HIGH 67    LOW 49    PCPN TRACE
...ST. PETERSBURG        HIGH  M    LOW  M    PCPN M
...GULF WATER TEMPERATURE AT CLEARWATER BEACH 66 DEGREES

*LAKELAND DATA IS FROM 4:30 PM THURSDAY TO 4:30 PM FRIDAY
AND MAY REFLECT YESTERDAYS RAINFALL AND HIGH TEMPERATURE.
