000
CDUS42 KTBW 032123
CLITPA


CLIMATE REPORT
NATIONAL WEATHER SERVICE TAMPA BAY FL
521 PM EDT TUE MAY 3 2016


...................................

...THE TAMPA CLIMATE SUMMARY FOR MAY 3 2016...
VALID TODAY AS OF 0500 PM LOCAL TIME.

CLIMATE NORMAL PERIOD 1981 TO 2010
CLIMATE RECORD PERIOD 1890 TO 2016


WEATHER ITEM   OBSERVED TIME   RECORD YEAR NORMAL DEPARTURE LAST
                VALUE   (LST)  VALUE       VALUE  FROM      YEAR
                                                  NORMAL
..................................................................
TEMPERATURE (F)
 TODAY
  MAXIMUM         88    205 PM  94    1953  85      3       86
  MINIMUM         76    629 AM  54    1925  67      9       65
  AVERAGE         82                        76      6       76

PRECIPITATION (IN)
  TODAY            0.00          3.44 1923   0.05  -0.05     0.00
  MONTH TO DATE    0.00                      0.15  -0.15     0.00
  SINCE MAR 1      3.43                      5.21  -1.78     5.85
  SINCE JAN 1     12.14                     10.25   1.89    14.15

DEGREE DAYS
 HEATING
  TODAY            0                         0      0        0
  MONTH TO DATE    0                         0      0        0
  SINCE MAR 1     15                        67    -52       12
  SINCE JUL 1    323                       538   -215      467

 COOLING
  TODAY           17                        11      6       11
  MONTH TO DATE   51                        32     19       28
  SINCE MAR 1    560                       379    181      693
  SINCE JAN 1    638                       492    146      760
..................................................................


WIND (MPH)
  RESULTANT WIND SPEED   7   RESULTANT WIND DIRECTION  SW (210)
  HIGHEST WIND SPEED    15   HIGHEST WIND DIRECTION    SW (240)
  HIGHEST GUST SPEED    22   HIGHEST GUST DIRECTION     W (260)
  AVERAGE WIND SPEED     8.5


SKY COVER
  POSSIBLE SUNSHINE  MM
  AVERAGE SKY COVER 0.6


WEATHER CONDITIONS
 THE FOLLOWING WEATHER WAS RECORDED TODAY.
  NO SIGNIFICANT WEATHER WAS OBSERVED.


RELATIVE HUMIDITY (PERCENT)
 HIGHEST    94           600 AM
 LOWEST     55          1200 PM

..........................................................


THE TAMPA CLIMATE NORMALS FOR TOMORROW
                         NORMAL    RECORD    YEAR
 MAXIMUM TEMPERATURE (F)   85        94      1935
 MINIMUM TEMPERATURE (F)   67        52      1921


SUNRISE AND SUNSET
MAY  3 2016...........SUNRISE   648 AM EDT   SUNSET   806 PM EDT
MAY  4 2016...........SUNRISE   648 AM EDT   SUNSET   807 PM EDT


-  INDICATES NEGATIVE NUMBERS.
R  INDICATES RECORD WAS SET OR TIED.
MM INDICATES DATA IS MISSING.
T  INDICATES TRACE AMOUNT.




$$


&&
------------------------------------------------------------------
******************** SUPPLEMENTAL DATA ***************************

...RUSKIN                HIGH 88    LOW 71    PCPN 0.00
...SARASOTA/BRADENTON    HIGH 87    LOW 75    PCPN 0.00
...LAKELAND              HIGH 92    LOW 72    PCPN 0.02
...ST. PETERSBURG        HIGH 84    LOW 76    PCPN 0.00
...GULF WATER TEMPERATURE AT CLEARWATER BEACH 82 DEGREES
