000
CDUS42 KTBW 262116
CLITPA


CLIMATE REPORT
NATIONAL WEATHER SERVICE TAMPA BAY FL
512 PM EDT TUE MAY 26 2015


...................................

...THE TAMPA CLIMATE SUMMARY FOR MAY 26 2015...
VALID TODAY AS OF 0500 PM LOCAL TIME.

CLIMATE NORMAL PERIOD 1981 TO 2010
CLIMATE RECORD PERIOD 1890 TO 2015


WEATHER ITEM   OBSERVED TIME   RECORD YEAR NORMAL DEPARTURE LAST
                VALUE   (LST)  VALUE       VALUE  FROM      YEAR
                                                  NORMAL
..................................................................
TEMPERATURE (F)
 TODAY
  MAXIMUM         94    208 PM  98    1975  89      5       89
  MINIMUM         78    723 AM  60    1979  72      6       71
                                      1967
  AVERAGE         86                        80      6       80

PRECIPITATION (IN)
  TODAY            0.00          2.80 1894   0.09  -0.09     0.02
  MONTH TO DATE    3.18                      1.61   1.57     4.83
  SINCE MAR 1      9.03                      6.67   2.36    10.67
  SINCE JAN 1     17.33                     11.71   5.62    15.62

DEGREE DAYS
 HEATING
  TODAY            0                         0      0        0
  MONTH TO DATE    0                         0      0        0
  SINCE MAR 1     12                        67    -55       48
  SINCE JUL 1    467                       538    -71      444

 COOLING
  TODAY           21                        15      6       15
  MONTH TO DATE  409                       338     71      333
  SINCE MAR 1   1074                       685    389      646
  SINCE JAN 1   1141                       798    343      750
..................................................................


WIND (MPH)
  RESULTANT WIND SPEED   7   RESULTANT WIND DIRECTION  SE (150)
  HIGHEST WIND SPEED    15   HIGHEST WIND DIRECTION    SW (210)
  HIGHEST GUST SPEED    19   HIGHEST GUST DIRECTION    SE (130)
  AVERAGE WIND SPEED     8.9


SKY COVER
  POSSIBLE SUNSHINE  MM
  AVERAGE SKY COVER 0.7


WEATHER CONDITIONS
 THE FOLLOWING WEATHER WAS RECORDED TODAY.
  NO SIGNIFICANT WEATHER WAS OBSERVED.


RELATIVE HUMIDITY (PERCENT)
 HIGHEST    79           200 AM
 LOWEST     44           200 PM

..........................................................


THE TAMPA CLIMATE NORMALS FOR TOMORROW
                         NORMAL    RECORD    YEAR
 MAXIMUM TEMPERATURE (F)   89        96      1989
                                             1953
 MINIMUM TEMPERATURE (F)   72        57      1979


SUNRISE AND SUNSET
MAY 26 2015...........SUNRISE   636 AM EDT   SUNSET   819 PM EDT
MAY 27 2015...........SUNRISE   635 AM EDT   SUNSET   819 PM EDT


-  INDICATES NEGATIVE NUMBERS.
R  INDICATES RECORD WAS SET OR TIED.
MM INDICATES DATA IS MISSING.
T  INDICATES TRACE AMOUNT.




$$


&&
------------------------------------------------------------------
******************** SUPPLEMENTAL DATA ***************************

...RUSKIN                HIGH 93    LOW 75    PCPN 0.00
...SARASOTA/BRADENTON    HIGH 90    LOW 74    PCPN T
...LAKELAND              HIGH MM    LOW MM    PCPN MM
...ST. PETERSBURG        HIGH 91    LOW 78    PCPN 0.00
...GULF WATER TEMPERATURE AT CLEARWATER BEACH 85
