000
CDUS42 KTBW 132227
CLITPA


CLIMATE REPORT
NATIONAL WEATHER SERVICE TAMPA BAY FL
526 PM EST SAT FEB 13 2016


...................................

...THE TAMPA CLIMATE SUMMARY FOR FEBRUARY 13 2016...
VALID TODAY AS OF 0500 PM LOCAL TIME.

CLIMATE NORMAL PERIOD 1981 TO 2010
CLIMATE RECORD PERIOD 1890 TO 2016


WEATHER ITEM   OBSERVED TIME   RECORD YEAR NORMAL DEPARTURE LAST
                VALUE   (LST)  VALUE       VALUE  FROM      YEAR
                                                  NORMAL
..................................................................
TEMPERATURE (F)
 TODAY
  MAXIMUM         72    130 PM  85    1959  72      0       58
  MINIMUM         59    326 AM  26    1899  54      5       44
  AVERAGE         66                        63      3       51

PRECIPITATION (IN)
  TODAY            0.00          1.44 1947   0.11  -0.11     0.00
  MONTH TO DATE    1.31                      1.33  -0.02     2.80
  SINCE DEC 1      7.98                      6.03   1.95     6.12
  SINCE JAN 1      7.49                      3.56   3.93     4.55

DEGREE DAYS
 HEATING
  TODAY            0                         4     -4       14
  MONTH TO DATE   81                        59     22       68
  SINCE DEC 1    260                       380   -120      284
  SINCE JUL 1    265                       424   -159      372

 COOLING
  TODAY            1                         2     -1        0
  MONTH TO DATE   30                        26      4        1
  SINCE DEC 1    335                       156    179      152
  SINCE JAN 1     60                        76    -16       57
..................................................................


WIND (MPH)
  RESULTANT WIND SPEED   6   RESULTANT WIND DIRECTION  NW (310)
  HIGHEST WIND SPEED    16   HIGHEST WIND DIRECTION     W (290)
  HIGHEST GUST SPEED    32   HIGHEST GUST DIRECTION     W (270)
  AVERAGE WIND SPEED     7.9


SKY COVER
  POSSIBLE SUNSHINE  MM
  AVERAGE SKY COVER 0.2


WEATHER CONDITIONS
 THE FOLLOWING WEATHER WAS RECORDED TODAY.
  NO SIGNIFICANT WEATHER WAS OBSERVED.


RELATIVE HUMIDITY (PERCENT)
 HIGHEST    97           700 AM
 LOWEST     33           100 PM

..........................................................


THE TAMPA CLIMATE NORMALS FOR TOMORROW
                         NORMAL    RECORD    YEAR
 MAXIMUM TEMPERATURE (F)   72        86      1989
 MINIMUM TEMPERATURE (F)   54        22      1899


SUNRISE AND SUNSET
FEBRUARY 13 2016......SUNRISE   710 AM EST   SUNSET   619 PM EST
FEBRUARY 14 2016......SUNRISE   709 AM EST   SUNSET   620 PM EST


-  INDICATES NEGATIVE NUMBERS.
R  INDICATES RECORD WAS SET OR TIED.
MM INDICATES DATA IS MISSING.
T  INDICATES TRACE AMOUNT.




$$


&&
------------------------------------------------------------------
******************** SUPPLEMENTAL DATA ***************************

...RUSKIN                HIGH 71    LOW 53    PCPN 0.00
...SARASOTA/BRADENTON    HIGH 72    LOW 57    PCPN 0.00
...LAKELAND              HIGH 72    LOW 57    PCPN 0.00
...ST. PETERSBURG        HIGH 68    LOW 58    PCPN 0.00

...GULF WATER TEMPERATURE AT CLEARWATER BEACH 59 DEGREES
