760
CDUS42 KTBW 230829
CLITPA


CLIMATE REPORT
NATIONAL WEATHER SERVICE TAMPA BAY FL
427 AM EDT SUN APR 23 2017


...................................

...THE TAMPA CLIMATE SUMMARY FOR APRIL 22 2017...

CLIMATE NORMAL PERIOD 1981 TO 2010
CLIMATE RECORD PERIOD 1890 TO 2017


WEATHER ITEM   OBSERVED TIME   RECORD YEAR NORMAL DEPARTURE LAST
                VALUE   (LST)  VALUE       VALUE  FROM      YEAR
                                                  NORMAL
..................................................................
TEMPERATURE (F)
 YESTERDAY
  MAXIMUM         86    106 PM  91    1970  82      4       85
  MINIMUM         69    222 AM  49    1993  64      5       70
                                      1953
                                      1950
  AVERAGE         78                        73      5       78

PRECIPITATION (IN)
  YESTERDAY        0.00          1.07 1958   0.06  -0.06     0.07
  MONTH TO DATE    0.59                      1.56  -0.97     1.51
  SINCE MAR 1      1.58                      4.59  -3.01     3.27
  SINCE JAN 1      4.54                      9.63  -5.09    11.98

DEGREE DAYS
 HEATING
  YESTERDAY        0                         0      0        0
  MONTH TO DATE    0                         9     -9        0
  SINCE MAR 1     28                        65    -37       15
  SINCE JUL 1    164                       536   -372      323

 COOLING
  YESTERDAY       13                         8      5       13
  MONTH TO DATE  246                       146    100      185
  SINCE MAR 1    437                       272    165      400
  SINCE JAN 1    690                       385    305      478
..................................................................


WIND (MPH)
  RESULTANT WIND SPEED   3   RESULTANT WIND DIRECTION   S (170)
  HIGHEST WIND SPEED    16   HIGHEST WIND DIRECTION     S (190)
  HIGHEST GUST SPEED    20   HIGHEST GUST DIRECTION     S (190)
  AVERAGE WIND SPEED     5.7


SKY COVER
  POSSIBLE SUNSHINE  MM
  AVERAGE SKY COVER 0.6


WEATHER CONDITIONS
 THE FOLLOWING WEATHER WAS RECORDED YESTERDAY.
  THUNDERSTORM


RELATIVE HUMIDITY (PERCENT)
 HIGHEST    79          1200 AM
 LOWEST     51           100 PM
 AVERAGE    65

..........................................................


THE TAMPA CLIMATE NORMALS FOR TODAY
                         NORMAL    RECORD    YEAR
 MAXIMUM TEMPERATURE (F)   82        91      1964
 MINIMUM TEMPERATURE (F)   64        45      1993


SUNRISE AND SUNSET
APRIL 23 2017.........SUNRISE   657 AM EDT   SUNSET   800 PM EDT
APRIL 24 2017.........SUNRISE   656 AM EDT   SUNSET   801 PM EDT


-  INDICATES NEGATIVE NUMBERS.
R  INDICATES RECORD WAS SET OR TIED.
MM INDICATES DATA IS MISSING.
T  INDICATES TRACE AMOUNT.




$$


&&
------------------------------------------------------------------
******************** SUPPLEMENTAL DATA ***************************

...RUSKIN                HIGH 82    LOW 62    PCPN 0.01
...SARASOTA/BRADENTON    HIGH 84    LOW 63    PCPN TRACE
...ST. PETERSBURG        HIGH 82    LOW 71    PCPN TRACE
...GULF WATER TEMPERATURE AT CLEARWATER BEACH 77 DEGREES.
