000
CDUS42 KTBW 042116
CLITPA


CLIMATE REPORT
NATIONAL WEATHER SERVICE TAMPA BAY FL
514 PM EDT SAT JUL 4 2015


...................................

...THE TAMPA CLIMATE SUMMARY FOR JULY 4 2015...
VALID TODAY AS OF 0500 PM LOCAL TIME.

CLIMATE NORMAL PERIOD 1981 TO 2010
CLIMATE RECORD PERIOD 1890 TO 2015


WEATHER ITEM   OBSERVED TIME   RECORD YEAR NORMAL DEPARTURE LAST
                VALUE   (LST)  VALUE       VALUE  FROM      YEAR
                                                  NORMAL
..................................................................
TEMPERATURE (F)
 TODAY
  MAXIMUM         91    217 PM  96    1998  90      1       89
  MINIMUM         77    553 AM  65    1901  76      1       77
  AVERAGE         84                        83      1       83

PRECIPITATION (IN)
  TODAY            0.00          3.53 1936   0.25  -0.25     0.40
  MONTH TO DATE    T                         1.01  -1.01     1.95
  SINCE JUN 1      6.23                      7.69  -1.46     3.72
  SINCE JAN 1     27.12                     19.89   7.23    23.05

DEGREE DAYS
 HEATING
  TODAY            0                         0      0        0
  MONTH TO DATE    0                         0      0        0
  SINCE JUN 1      0                         0      0        0
  SINCE JUL 1      0                         0      0        0

 COOLING
  TODAY           19                        18      1       18
  MONTH TO DATE   81                        72      9       74
  SINCE JUN 1    624                       588     36      600
  SINCE JAN 1   1845                      1465    380     1423
..................................................................


WIND (MPH)
  RESULTANT WIND SPEED   3   RESULTANT WIND DIRECTION  SW (220)
  HIGHEST WIND SPEED    15   HIGHEST WIND DIRECTION     W (250)
  HIGHEST GUST SPEED    19   HIGHEST GUST DIRECTION     W (260)
  AVERAGE WIND SPEED     4.5


SKY COVER
  POSSIBLE SUNSHINE  MM
  AVERAGE SKY COVER 0.4


WEATHER CONDITIONS
 THE FOLLOWING WEATHER WAS RECORDED TODAY.
  THUNDERSTORM


RELATIVE HUMIDITY (PERCENT)
 HIGHEST    76           600 AM
 LOWEST     47           200 PM

..........................................................


THE TAMPA CLIMATE NORMALS FOR TOMORROW
                         NORMAL    RECORD    YEAR
 MAXIMUM TEMPERATURE (F)   90        96      1995
                                             1932
 MINIMUM TEMPERATURE (F)   76        67      1908


SUNRISE AND SUNSET
JULY  4 2015..........SUNRISE   638 AM EDT   SUNSET   830 PM EDT
JULY  5 2015..........SUNRISE   639 AM EDT   SUNSET   830 PM EDT


-  INDICATES NEGATIVE NUMBERS.
R  INDICATES RECORD WAS SET OR TIED.
MM INDICATES DATA IS MISSING.
T  INDICATES TRACE AMOUNT.




$$


&&
------------------------------------------------------------------
******************** SUPPLEMENTAL DATA ***************************

...RUSKIN                HIGH 93    LOW 71    PCPN 0.00
...SARASOTA/BRADENTON    HIGH 92    LOW 72    PCPN 0.00
...LAKELAND              HIGH MM    LOW MM    PCPN 0.00
...ST. PETERSBURG        HIGH 92    LOW 78    PCPN 0.00
...GULF WATER TEMPERATURE AT CLEARWATER BEACH 88
