000
CDUS42 KTBW 030829
CLITPA


CLIMATE REPORT
NATIONAL WEATHER SERVICE TAMPA BAY FL
426 AM EDT MON AUG 3 2015


...................................

...THE TAMPA CLIMATE SUMMARY FOR AUGUST 2 2015...

CLIMATE NORMAL PERIOD 1981 TO 2010
CLIMATE RECORD PERIOD 1890 TO 2015


WEATHER ITEM   OBSERVED TIME   RECORD YEAR NORMAL DEPARTURE LAST
                VALUE   (LST)  VALUE       VALUE  FROM      YEAR
                                                  NORMAL
..................................................................
TEMPERATURE (F)
 YESTERDAY
  MAXIMUM         83    236 PM  96    1908  90     -7       92
  MINIMUM         73   1200 AM  67    1930  76     -3       74
  AVERAGE         78                        83     -5       83

PRECIPITATION (IN)
  YESTERDAY        0.14          4.52 1915   0.24  -0.10     1.12
  MONTH TO DATE    4.03                      0.48   3.55     1.12
  SINCE JUN 1     22.10                     14.23   7.87    15.57
  SINCE JAN 1     42.99                     26.43  16.56    34.90

DEGREE DAYS
 HEATING
  YESTERDAY        0                         0      0        0
  MONTH TO DATE    0                         0      0        0
  SINCE JUN 1      0                         0      0        0
  SINCE JUL 1      0                         0      0        0

 COOLING
  YESTERDAY       13                        18     -5       18
  MONTH TO DATE   28                        36     -8       38
  SINCE JUN 1   1144                      1110     34     1128
  SINCE JAN 1   2365                      1987    378     1951
..................................................................


WIND (MPH)
  RESULTANT WIND SPEED  11   RESULTANT WIND DIRECTION  SW (210)
  HIGHEST WIND SPEED    25   HIGHEST WIND DIRECTION    SW (230)
  HIGHEST GUST SPEED    34   HIGHEST GUST DIRECTION     W (250)
  AVERAGE WIND SPEED    12.1


SKY COVER
  POSSIBLE SUNSHINE  MM
  AVERAGE SKY COVER 0.8


WEATHER CONDITIONS
 THE FOLLOWING WEATHER WAS RECORDED YESTERDAY.
  LIGHT RAIN
  FOG
  HAZE


RELATIVE HUMIDITY (PERCENT)
 HIGHEST    88           700 AM
 LOWEST     69           300 PM
 AVERAGE    79

..........................................................


THE TAMPA CLIMATE NORMALS FOR TODAY
                         NORMAL    RECORD    YEAR
 MAXIMUM TEMPERATURE (F)   90        95      2010
                                             1970
                                             1960
 MINIMUM TEMPERATURE (F)   76        69      1930
                                             1890


SUNRISE AND SUNSET
AUGUST  3 2015........SUNRISE   654 AM EDT   SUNSET   819 PM EDT
AUGUST  4 2015........SUNRISE   654 AM EDT   SUNSET   818 PM EDT


-  INDICATES NEGATIVE NUMBERS.
R  INDICATES RECORD WAS SET OR TIED.
MM INDICATES DATA IS MISSING.
T  INDICATES TRACE AMOUNT.




$$


&&
------------------------------------------------------------------
******************** SUPPLEMENTAL DATA ***************************

...RUSKIN                HIGH 81    LOW 71    PCPN 0.24
...SARASOTA/BRADENTON    HIGH 85    LOW 75    PCPN 0.06
...ST. PETERSBURG        HIGH 85    LOW 76    PCPN 0.71
...GULF WATER TEMPERATURE AT CLEARWATER BEACH 81
