000
CDUS45 KLKN 230951
CLITPH


CLIMATE REPORT
NATIONAL WEATHER SERVICE ELKO NV
250 AM PDT THU MAR 23 2017


...................................

...THE TONOPAH AIRPORT NV CLIMATE SUMMARY FOR MARCH 22 2017...

CLIMATE NORMAL PERIOD 1981 TO 2010
CLIMATE RECORD PERIOD 1954 TO 2017


WEATHER ITEM   OBSERVED TIME   RECORD YEAR NORMAL DEPARTURE LAST
                VALUE   (LST)  VALUE       VALUE  FROM      YEAR
                                                  NORMAL
..................................................................
TEMPERATURE (F)
 YESTERDAY
  MAXIMUM         60    122 PM  76    2004  58      2       48
                                      1960
  MINIMUM         37   1021 PM  17    2011  30      7       31
  AVERAGE         49                        44      5       40

PRECIPITATION (IN)
  YESTERDAY        0.01          0.55 1978   0.02  -0.01      T
  MONTH TO DATE    0.08                      0.44  -0.36     0.38
  SINCE OCT 1      1.59                      2.54  -0.95     4.83
  SINCE JAN 1      1.06                      1.45  -0.39     1.45

DEGREE DAYS
 HEATING
  YESTERDAY       16                        21     -5       25
  MONTH TO DATE  355                       504   -149      400
  SINCE MAR 1    355                       504   -149      400
  SINCE JUL 1   4220                      4546   -326     4327

 COOLING
  YESTERDAY        0                         0      0        0
  MONTH TO DATE    0                         0      0        0
  SINCE MAR 1      0                         0      0        0
  SINCE JAN 1      0                         0      0        0
..................................................................


WIND (MPH)
  HIGHEST WIND SPEED    30   HIGHEST WIND DIRECTION     N (340)
  HIGHEST GUST SPEED    38   HIGHEST GUST DIRECTION     N (340)
  AVERAGE WIND SPEED    12.3



WEATHER CONDITIONS
 THE FOLLOWING WEATHER WAS RECORDED YESTERDAY.
  LIGHT RAIN


RELATIVE HUMIDITY (PERCENT)
 HIGHEST    85          1000 PM
 LOWEST     70           500 PM
 AVERAGE    78

..........................................................


THE TONOPAH AIRPORT NV CLIMATE NORMALS FOR TODAY
                         NORMAL    RECORD    YEAR
 MAXIMUM TEMPERATURE (F)   59        76      1998
 MINIMUM TEMPERATURE (F)   30        16      1994


SUNRISE AND SUNSET
MARCH 23 2017.........SUNRISE   647 AM PDT   SUNSET   703 PM PDT
MARCH 24 2017.........SUNRISE   645 AM PDT   SUNSET   704 PM PDT


-  INDICATES NEGATIVE NUMBERS.
R  INDICATES RECORD WAS SET OR TIED.
MM INDICATES DATA IS MISSING.
T  INDICATES TRACE AMOUNT.




$$
