000
CDUS45 KLKN 280033
CLITPH


CLIMATE REPORT
NATIONAL WEATHER SERVICE ELKO NV
531 PM PDT WED MAY 27 2015


...................................

...THE TONOPAH AIRPORT NV CLIMATE SUMMARY FOR MAY 27 2015...
VALID TODAY AS OF 500 PM LOCAL TIME.

CLIMATE NORMAL PERIOD 1981 TO 2010
CLIMATE RECORD PERIOD 1954 TO 2015


WEATHER ITEM   OBSERVED TIME   RECORD YEAR NORMAL DEPARTURE LAST
                VALUE   (LST)  VALUE       VALUE  FROM      YEAR
                                                  NORMAL
..................................................................
TEMPERATURE (F)
 TODAY
  MAXIMUM         82    325 PM  94    2003  78      4       93
  MINIMUM         51    455 AM  29    1998  46      5       51
  AVERAGE         67                        62      5       72

PRECIPITATION (IN)
  TODAY            T             0.48 1996   0.02  -0.02     0.00
  MONTH TO DATE    1.24                      0.46   0.78     0.05
  SINCE OCT 1      2.29                      3.55  -1.26     1.38
  SINCE JAN 1      1.81                      2.46  -0.65     0.92

DEGREE DAYS
 HEATING
  TODAY            0                         5     -5        0
  MONTH TO DATE  241                       204     37      169
  SINCE MAR 1   1127                      1355   -228     1163
  SINCE JUL 1   4249                      5397  -1148     4936

 COOLING
  TODAY            2                         2      0        7
  MONTH TO DATE    2                        16    -14       25
  SINCE MAR 1      2                        17    -15       25
  SINCE JAN 1      2                        17    -15       25
..................................................................


WIND (MPH)
  HIGHEST WIND SPEED    18   HIGHEST WIND DIRECTION     W (250)
  HIGHEST GUST SPEED    24   HIGHEST GUST DIRECTION     W (290)



WEATHER CONDITIONS
 THE FOLLOWING WEATHER WAS RECORDED TODAY.
  LIGHT RAIN


RELATIVE HUMIDITY (PERCENT)
 HIGHEST    68           500 AM
 LOWEST     13           300 PM
 AVERAGE    41

..........................................................


THE TONOPAH AIRPORT NV CLIMATE NORMALS FOR TOMORROW
                         NORMAL    RECORD    YEAR
 MAXIMUM TEMPERATURE (F)   78        96      2003
 MINIMUM TEMPERATURE (F)   46        30      1971


SUNRISE AND SUNSET
MAY 27 2015...........SUNRISE   530 AM PDT   SUNSET   802 PM PDT
MAY 28 2015...........SUNRISE   529 AM PDT   SUNSET   802 PM PDT


-  INDICATES NEGATIVE NUMBERS.
R  INDICATES RECORD WAS SET OR TIED.
MM INDICATES DATA IS MISSING.
T  INDICATES TRACE AMOUNT.




$$
