000
CDUS45 KLKN 010933
CLITPH


CLIMATE REPORT
NATIONAL WEATHER SERVICE ELKO NV
232 AM PDT FRI AUG 1 2014


...................................

...THE TONOPAH AIRPORT NV CLIMATE SUMMARY FOR JULY 31 2014...

CLIMATE NORMAL PERIOD 1981 TO 2010
CLIMATE RECORD PERIOD 1954 TO 2014


WEATHER ITEM   OBSERVED TIME   RECORD YEAR NORMAL DEPARTURE LAST
                VALUE   (LST)  VALUE       VALUE  FROM      YEAR
                                                  NORMAL
..................................................................
TEMPERATURE (F)
 YESTERDAY
  MAXIMUM         91    344 PM 102    2000  92     -1       92
  MINIMUM         61    456 AM  48    1974  58      3       60
  AVERAGE         76                        75      1       76

PRECIPITATION (IN)
  YESTERDAY        0.00          1.03 1976   0.02  -0.02     0.00
  MONTH TO DATE    1.33                      0.45   0.88     0.91
  SINCE OCT 1      2.71                      4.35  -1.64     3.08
  SINCE JAN 1      2.25                      3.26  -1.01     1.86

DEGREE DAYS
 HEATING
  YESTERDAY        0                         0      0        0
  MONTH TO DATE    0                         0      0        0
  SINCE JUN 1     15                        52    -37        3
  SINCE JUL 1      0                         2     -2        0

 COOLING
  YESTERDAY       11                        10      1       11
  MONTH TO DATE  402                       303     99      399
  SINCE JUN 1    618                       448    170      651
  SINCE JAN 1    652                       475    177      674
..................................................................


WIND (MPH)
  HIGHEST WIND SPEED    14   HIGHEST WIND DIRECTION     N (20)
  HIGHEST GUST SPEED    16   HIGHEST GUST DIRECTION     N (20)
  AVERAGE WIND SPEED     5.3



WEATHER CONDITIONS
 THE FOLLOWING WEATHER WAS RECORDED YESTERDAY.
  NO SIGNIFICANT WEATHER WAS OBSERVED.


RELATIVE HUMIDITY (PERCENT)
 HIGHEST    69           500 AM
 LOWEST     16           400 PM
 AVERAGE    43

..........................................................


THE TONOPAH AIRPORT NV CLIMATE NORMALS FOR TODAY
                         NORMAL    RECORD    YEAR
 MAXIMUM TEMPERATURE (F)   92       102      1977
 MINIMUM TEMPERATURE (F)   58        47      1985


SUNRISE AND SUNSET
AUGUST  1 2014........SUNRISE   551 AM PDT   SUNSET   757 PM PDT
AUGUST  2 2014........SUNRISE   552 AM PDT   SUNSET   756 PM PDT


-  INDICATES NEGATIVE NUMBERS.
R  INDICATES RECORD WAS SET OR TIED.
MM INDICATES DATA IS MISSING.
T  INDICATES TRACE AMOUNT.




$$
