000
CDUS45 KLKN 220928
CLITPH


CLIMATE REPORT
NATIONAL WEATHER SERVICE ELKO NV
227 AM PDT MON SEP 22 2014


...................................

...THE TONOPAH AIRPORT NV CLIMATE SUMMARY FOR SEPTEMBER 21 2014...

CLIMATE NORMAL PERIOD 1981 TO 2010
CLIMATE RECORD PERIOD 1954 TO 2014


WEATHER ITEM   OBSERVED TIME   RECORD YEAR NORMAL DEPARTURE LAST
                VALUE   (LST)  VALUE       VALUE  FROM      YEAR
                                                  NORMAL
..................................................................
TEMPERATURE (F)
 YESTERDAY
  MAXIMUM         75    437 PM  89    1987  79     -4       78
  MINIMUM         52    523 AM  30    1968  46      6       45
  AVERAGE         64                        63      1       62

PRECIPITATION (IN)
  YESTERDAY        0.02          0.45 2007   0.01   0.01      T
  MONTH TO DATE    0.65                      0.27   0.38     1.38
  SINCE OCT 1      4.13                      5.13  -1.00     5.25
  SINCE JAN 1      3.67                      4.04  -0.37     4.03

DEGREE DAYS
 HEATING
  YESTERDAY        1                         4     -3        3
  MONTH TO DATE    1                        40    -39        8
  SINCE SEP 1      1                        40    -39        8
  SINCE JUL 1      1                        46    -45        8

 COOLING
  YESTERDAY        0                         1     -1        0
  MONTH TO DATE  128                        62     66      121
  SINCE SEP 1    128                        62     66      121
  SINCE JAN 1    991                       775    216     1042
..................................................................


WIND (MPH)
  HIGHEST WIND SPEED    25   HIGHEST WIND DIRECTION    NE (30)
  HIGHEST GUST SPEED    31   HIGHEST GUST DIRECTION    NE (30)
  AVERAGE WIND SPEED     9.7



WEATHER CONDITIONS
 THE FOLLOWING WEATHER WAS RECORDED YESTERDAY.
  THUNDERSTORM
  LIGHT RAIN


RELATIVE HUMIDITY (PERCENT)
 HIGHEST    83           300 AM
 LOWEST     27           300 PM
 AVERAGE    55

..........................................................


THE TONOPAH AIRPORT NV CLIMATE NORMALS FOR TODAY
                         NORMAL    RECORD    YEAR
 MAXIMUM TEMPERATURE (F)   78        88      1992
 MINIMUM TEMPERATURE (F)   46        33      1986


SUNRISE AND SUNSET
SEPTEMBER 22 2014.....SUNRISE   636 AM PDT   SUNSET   645 PM PDT
SEPTEMBER 23 2014.....SUNRISE   637 AM PDT   SUNSET   644 PM PDT


-  INDICATES NEGATIVE NUMBERS.
R  INDICATES RECORD WAS SET OR TIED.
MM INDICATES DATA IS MISSING.
T  INDICATES TRACE AMOUNT.




$$
