000
CDUS45 KLKN 290930
CLITPH


CLIMATE REPORT
NATIONAL WEATHER SERVICE ELKO NV
227 AM PDT MON MAY 29 2017


...................................

...THE TONOPAH AIRPORT NV CLIMATE SUMMARY FOR MAY 28 2017...

CLIMATE NORMAL PERIOD 1981 TO 2010
CLIMATE RECORD PERIOD 1954 TO 2017


WEATHER ITEM   OBSERVED TIME   RECORD YEAR NORMAL DEPARTURE LAST
                VALUE   (LST)  VALUE       VALUE  FROM      YEAR
                                                  NORMAL
..................................................................
TEMPERATURE (F)
 YESTERDAY
  MAXIMUM         82    312 PM  96    2003  78      4       78
  MINIMUM         50    519 AM  30    1971  46      4       48
  AVERAGE         66                        62      4       63

PRECIPITATION (IN)
  YESTERDAY        0.00          0.93 1990   0.02  -0.02     0.01
  MONTH TO DATE    0.79                      0.48   0.31     0.32
  SINCE OCT 1      2.78                      3.57  -0.79     5.55
  SINCE JAN 1      2.25                      2.48  -0.23     2.17

DEGREE DAYS
 HEATING
  YESTERDAY        0                         4     -4        2
  MONTH TO DATE  160                       208    -48      231
  SINCE MAR 1   1113                      1359   -246     1210
  SINCE JUL 1   4978                      5401   -423     5137

 COOLING
  YESTERDAY        1                         2     -1        0
  MONTH TO DATE   22                        18      4        1
  SINCE MAR 1     22                        19      3        1
  SINCE JAN 1     22                        19      3        1
..................................................................


WIND (MPH)
  HIGHEST WIND SPEED    15   HIGHEST WIND DIRECTION     N (10)
  HIGHEST GUST SPEED    19   HIGHEST GUST DIRECTION     N (20)
  AVERAGE WIND SPEED     7.7



WEATHER CONDITIONS
 THE FOLLOWING WEATHER WAS RECORDED YESTERDAY.
  NO SIGNIFICANT WEATHER WAS OBSERVED.


RELATIVE HUMIDITY (PERCENT)
 HIGHEST    30           400 AM
 LOWEST      9           200 PM
 AVERAGE    20

..........................................................


THE TONOPAH AIRPORT NV CLIMATE NORMALS FOR TODAY
                         NORMAL    RECORD    YEAR
 MAXIMUM TEMPERATURE (F)   79        94      2003
                                             2000
 MINIMUM TEMPERATURE (F)   47        32      2011


SUNRISE AND SUNSET
MAY 29 2017...........SUNRISE   528 AM PDT   SUNSET   804 PM PDT
MAY 30 2017...........SUNRISE   528 AM PDT   SUNSET   804 PM PDT


-  INDICATES NEGATIVE NUMBERS.
R  INDICATES RECORD WAS SET OR TIED.
MM INDICATES DATA IS MISSING.
T  INDICATES TRACE AMOUNT.




$$
