000
CDUS45 KLKN 230928
CLITPH


CLIMATE REPORT
NATIONAL WEATHER SERVICE ELKO NV
127 AM PST FRI FEB 23 2018


...................................

...THE TONOPAH AIRPORT NV CLIMATE SUMMARY FOR FEBRUARY 22 2018...

CLIMATE NORMAL PERIOD 1981 TO 2010
CLIMATE RECORD PERIOD 1954 TO 2018


WEATHER ITEM   OBSERVED TIME   RECORD YEAR NORMAL DEPARTURE LAST
                VALUE   (LST)  VALUE       VALUE  FROM      YEAR
                                                  NORMAL
..................................................................
TEMPERATURE (F)
 YESTERDAY
  MAXIMUM         34   1210 PM  67    1995  51    -17       43
  MINIMUM         12    549 AM  11    1962  26    -14       27
  AVERAGE         23                        38    -15       35

PRECIPITATION (IN)
  YESTERDAY        T             0.36 2005   0.03  -0.03     0.00
  MONTH TO DATE    0.02                      0.40  -0.38     0.61
  SINCE OCT 1      0.48                      1.98  -1.50     1.50
  SINCE JAN 1      0.47                      0.89  -0.42     0.97

DEGREE DAYS
 HEATING
  YESTERDAY       42                        27     15       30
  MONTH TO DATE  592                       635    -43      506
  SINCE DEC 1   2281                      2669   -388     2640
  SINCE JUL 1   3357                      3886   -529     3657

 COOLING
  YESTERDAY        0                         0      0        0
  MONTH TO DATE    0                         0      0        0
  SINCE DEC 1      0                         0      0        0
  SINCE JAN 1      0                         0      0        0
..................................................................


WIND (MPH)
  HIGHEST WIND SPEED    22   HIGHEST WIND DIRECTION    NW (320)
  HIGHEST GUST SPEED    27   HIGHEST GUST DIRECTION    NW (310)
  AVERAGE WIND SPEED     6.2



WEATHER CONDITIONS
 THE FOLLOWING WEATHER WAS RECORDED YESTERDAY.
  LIGHT SNOW
  FOG


RELATIVE HUMIDITY (PERCENT)
 HIGHEST    84           900 PM
 LOWEST     28          1100 AM
 AVERAGE    56

..........................................................


THE TONOPAH AIRPORT NV CLIMATE NORMALS FOR TODAY
                         NORMAL    RECORD    YEAR
 MAXIMUM TEMPERATURE (F)   51        67      2002
                                             1989
 MINIMUM TEMPERATURE (F)   26        10      2007
                                             1996


SUNRISE AND SUNSET
FEBRUARY 23 2018......SUNRISE   628 AM PST   SUNSET   536 PM PST
FEBRUARY 24 2018......SUNRISE   627 AM PST   SUNSET   537 PM PST


-  INDICATES NEGATIVE NUMBERS.
R  INDICATES RECORD WAS SET OR TIED.
MM INDICATES DATA IS MISSING.
T  INDICATES TRACE AMOUNT.




$$
