155
CDUS45 KLKN 210959
CLITPH


CLIMATE REPORT
NATIONAL WEATHER SERVICE ELKO NV
158 AM PST TUE FEB 21 2017


...................................

...THE TONOPAH AIRPORT NV CLIMATE SUMMARY FOR FEBRUARY 20 2017...

CLIMATE NORMAL PERIOD 1981 TO 2010
CLIMATE RECORD PERIOD 1954 TO 2017


WEATHER ITEM   OBSERVED TIME   RECORD YEAR NORMAL DEPARTURE LAST
                VALUE   (LST)  VALUE       VALUE  FROM      YEAR
                                                  NORMAL
..................................................................
TEMPERATURE (F)
 YESTERDAY
  MAXIMUM         49    458 PM  69    1995  51     -2       61
  MINIMUM         41   1159 PM   9    1962  25     16       30
  AVERAGE         45                        38      7       46

PRECIPITATION (IN)
  YESTERDAY        T             0.21 2000   0.02  -0.02     0.00
  MONTH TO DATE    0.61                      0.35   0.26     0.10
  SINCE OCT 1      1.50                      1.93  -0.43     4.45
  SINCE JAN 1      0.97                      0.84   0.13     1.07

DEGREE DAYS
 HEATING
  YESTERDAY       20                        27     -7       19
  MONTH TO DATE  456                       581   -125      616
  SINCE DEC 1   2590                      2615    -25     2688
  SINCE JUL 1   3607                      3832   -225     3762

 COOLING
  YESTERDAY        0                         0      0        0
  MONTH TO DATE    0                         0      0        0
  SINCE DEC 1      0                         0      0        0
  SINCE JAN 1      0                         0      0        0
..................................................................


WIND (MPH)
  HIGHEST WIND SPEED    32   HIGHEST WIND DIRECTION    SW (210)
  HIGHEST GUST SPEED    40   HIGHEST GUST DIRECTION    SW (210)
  AVERAGE WIND SPEED    16.4



WEATHER CONDITIONS
 THE FOLLOWING WEATHER WAS RECORDED YESTERDAY.
  LIGHT RAIN
  FOG


RELATIVE HUMIDITY (PERCENT)
 HIGHEST    96           100 PM
 LOWEST     71           500 PM
 AVERAGE    84

..........................................................


THE TONOPAH AIRPORT NV CLIMATE NORMALS FOR TODAY
                         NORMAL    RECORD    YEAR
 MAXIMUM TEMPERATURE (F)   51        69      1982
 MINIMUM TEMPERATURE (F)   25         8      1969
                                             1962


SUNRISE AND SUNSET
FEBRUARY 21 2017......SUNRISE   630 AM PST   SUNSET   534 PM PST
FEBRUARY 22 2017......SUNRISE   629 AM PST   SUNSET   535 PM PST


-  INDICATES NEGATIVE NUMBERS.
R  INDICATES RECORD WAS SET OR TIED.
MM INDICATES DATA IS MISSING.
T  INDICATES TRACE AMOUNT.




$$
