000
CDUS45 KLKN 260937
CLITPH


CLIMATE REPORT
NATIONAL WEATHER SERVICE ELKO NV
233 AM PDT WED JUL 26 2017


...................................

...THE TONOPAH AIRPORT NV CLIMATE SUMMARY FOR JULY 25 2017...

CLIMATE NORMAL PERIOD 1981 TO 2010
CLIMATE RECORD PERIOD 1954 TO 2017


WEATHER ITEM   OBSERVED TIME   RECORD YEAR NORMAL DEPARTURE LAST
                VALUE   (LST)  VALUE       VALUE  FROM      YEAR
                                                  NORMAL
..................................................................
TEMPERATURE (F)
 YESTERDAY
  MAXIMUM         85   1217 PM 102    1980  93     -8       99
  MINIMUM         61    946 PM  45    1983  58      3       61
  AVERAGE         73                        75     -2       80

PRECIPITATION (IN)
  YESTERDAY        0.24          1.27 1982   0.02   0.22     0.00
  MONTH TO DATE    0.40                      0.34   0.06     0.08
  SINCE OCT 1      3.18                      4.24  -1.06     5.74
  SINCE JAN 1      2.65                      3.15  -0.50     2.36

DEGREE DAYS
 HEATING
  YESTERDAY        0                         0      0        0
  MONTH TO DATE    0                         0      0        0
  SINCE JUN 1     31                        50    -19       10
  SINCE JUL 1      0                         0      0        0

 COOLING
  YESTERDAY        8                        10     -2       15
  MONTH TO DATE  374                       238    136      273
  SINCE JUN 1    661                       383    278      543
  SINCE JAN 1    694                       410    284      551
..................................................................


WIND (MPH)
  HIGHEST WIND SPEED    29   HIGHEST WIND DIRECTION     W (260)
  HIGHEST GUST SPEED    36   HIGHEST GUST DIRECTION     W (250)
  AVERAGE WIND SPEED     6.7



WEATHER CONDITIONS
 THE FOLLOWING WEATHER WAS RECORDED YESTERDAY.
  THUNDERSTORM
  HEAVY RAIN
  LIGHT RAIN
  FOG


RELATIVE HUMIDITY (PERCENT)
 HIGHEST    90           100 AM
 LOWEST     39           100 PM
 AVERAGE    65

..........................................................


THE TONOPAH AIRPORT NV CLIMATE NORMALS FOR TODAY
                         NORMAL    RECORD    YEAR
 MAXIMUM TEMPERATURE (F)   93       101      1980
 MINIMUM TEMPERATURE (F)   58        43      1983


SUNRISE AND SUNSET
JULY 26 2017..........SUNRISE   547 AM PDT   SUNSET   803 PM PDT
JULY 27 2017..........SUNRISE   547 AM PDT   SUNSET   802 PM PDT


-  INDICATES NEGATIVE NUMBERS.
R  INDICATES RECORD WAS SET OR TIED.
MM INDICATES DATA IS MISSING.
T  INDICATES TRACE AMOUNT.




$$
