000
CDUS45 KLKN 261227
CLITPH


CLIMATE REPORT
NATIONAL WEATHER SERVICE ELKO NV
527 AM PDT TUE SEP 6  2017


...................................

...THE TONOPAH AIRPORT NV CLIMATE SUMMARY FOR SEPTEMBER 25 2017...

CLIMATE NORMAL PERIOD 1981 TO 2010
CLIMATE RECORD PERIOD 1954 TO 2017


WEATHER ITEM   OBSERVED TIME   RECORD YEAR NORMAL DEPARTURE LAST
                VALUE   (LST)  VALUE       VALUE  FROM      YEAR
                                                  NORMAL
..................................................................
TEMPERATURE (F)
 YESTERDAY
  MAXIMUM         67    346 PM  89    2015  77    -10       81
                                      2009
                                      2003
  MINIMUM         37    548 AM  31    1986  45     -8       49
  AVERAGE         52                        61     -9       65

PRECIPITATION (IN)
  YESTERDAY        0.00          0.34 1997   0.01  -0.01     0.00
  MONTH TO DATE    0.09                      0.32  -0.23     1.21
  SINCE OCT 1      4.04                      5.18  -1.14     6.95
  SINCE JAN 1      3.51                      4.09  -0.58     3.57

DEGREE DAYS
 HEATING
  YESTERDAY       13                         5      8        0
  MONTH TO DATE  101                        57     44       66
  SINCE SEP 1    101                        57     44       66
  SINCE JUL 1    101                        63     38       66

 COOLING
  YESTERDAY        0                         1     -1        0
  MONTH TO DATE  117                        66     51       58
  SINCE SEP 1    117                        66     51       58
  SINCE JAN 1   1222                       779    443     1021
..................................................................


WIND (MPH)
  HIGHEST WIND SPEED    18   HIGHEST WIND DIRECTION     N (360)
  HIGHEST GUST SPEED    24   HIGHEST GUST DIRECTION     N (20)
  AVERAGE WIND SPEED    10.0



WEATHER CONDITIONS
 THE FOLLOWING WEATHER WAS RECORDED YESTERDAY.
  NO SIGNIFICANT WEATHER WAS OBSERVED.


RELATIVE HUMIDITY (PERCENT)
 HIGHEST   100           300 AM
 LOWEST     34           400 PM
 AVERAGE    67

..........................................................


THE TONOPAH AIRPORT NV CLIMATE NORMALS FOR TODAY
                         NORMAL    RECORD    YEAR
 MAXIMUM TEMPERATURE (F)   77        89      2010
                                             2009
 MINIMUM TEMPERATURE (F)   45        25      1986


SUNRISE AND SUNSET
SEPTEMBER 26 2017.....SUNRISE   640 AM PDT   SUNSET   639 PM PDT
SEPTEMBER 27 2017.....SUNRISE   641 AM PDT   SUNSET   637 PM PDT


-  INDICATES NEGATIVE NUMBERS.
R  INDICATES RECORD WAS SET OR TIED.
MM INDICATES DATA IS MISSING.
T  INDICATES TRACE AMOUNT.




$$
