000
CDUS45 KLKN 210934
CLITPH


CLIMATE REPORT
NATIONAL WEATHER SERVICE ELKO NV
131 AM PST SAT JAN 21 2017


...................................

...THE TONOPAH AIRPORT NV CLIMATE SUMMARY FOR JANUARY 20 2017...

CLIMATE NORMAL PERIOD 1981 TO 2010
CLIMATE RECORD PERIOD 1954 TO 2017


WEATHER ITEM   OBSERVED TIME   RECORD YEAR NORMAL DEPARTURE LAST
                VALUE   (LST)  VALUE       VALUE  FROM      YEAR
                                                  NORMAL
..................................................................
TEMPERATURE (F)
 YESTERDAY
  MAXIMUM         37    128 PM  62    1971  45     -8       43
  MINIMUM         30   1159 PM  -6    1955  21      9       25
  AVERAGE         34                        33      1       34

PRECIPITATION (IN)
  YESTERDAY        0.03          0.35 1982   0.02   0.01     0.00
  MONTH TO DATE    0.20                      0.31  -0.11     0.49
  SINCE OCT 1      0.73                      1.40  -0.67     3.87
  SINCE JAN 1      0.20                      0.31  -0.11     0.49

DEGREE DAYS
 HEATING
  YESTERDAY       31                        32     -1       31
  MONTH TO DATE  653                       659     -6      714
  SINCE DEC 1   1694                      1687      7     1756
  SINCE JUL 1   2711                      2904   -193     2830

 COOLING
  YESTERDAY        0                         0      0        0
  MONTH TO DATE    0                         0      0        0
  SINCE DEC 1      0                         0      0        0
  SINCE JAN 1      0                         0      0        0
..................................................................


WIND (MPH)
  HIGHEST WIND SPEED    29   HIGHEST WIND DIRECTION     S (170)
  HIGHEST GUST SPEED    35   HIGHEST GUST DIRECTION     S (170)
  AVERAGE WIND SPEED    12.1



WEATHER CONDITIONS
 THE FOLLOWING WEATHER WAS RECORDED YESTERDAY.
  SNOW
  LIGHT SNOW
  FOG


RELATIVE HUMIDITY (PERCENT)
 HIGHEST   100           900 AM
 LOWEST     82           100 PM
 AVERAGE    91

..........................................................


THE TONOPAH AIRPORT NV CLIMATE NORMALS FOR TODAY
                         NORMAL    RECORD    YEAR
 MAXIMUM TEMPERATURE (F)   45        60      2005
                                             1981
 MINIMUM TEMPERATURE (F)   21        -8      1962


SUNRISE AND SUNSET
JANUARY 21 2017.......SUNRISE   700 AM PST   SUNSET   500 PM PST
JANUARY 22 2017.......SUNRISE   700 AM PST   SUNSET   501 PM PST


-  INDICATES NEGATIVE NUMBERS.
R  INDICATES RECORD WAS SET OR TIED.
MM INDICATES DATA IS MISSING.
T  INDICATES TRACE AMOUNT.




$$
