000
CDUS45 KLKN 030929
CLITPH


CLIMATE REPORT
NATIONAL WEATHER SERVICE ELKO NV
229 AM PDT FRI JUL 3 2015


...................................

...THE TONOPAH AIRPORT NV CLIMATE SUMMARY FOR JULY 2 2015...

CLIMATE NORMAL PERIOD 1981 TO 2010
CLIMATE RECORD PERIOD 1954 TO 2015


WEATHER ITEM   OBSERVED TIME   RECORD YEAR NORMAL DEPARTURE LAST
                VALUE   (LST)  VALUE       VALUE  FROM      YEAR
                                                  NORMAL
..................................................................
TEMPERATURE (F)
 YESTERDAY
  MAXIMUM         92    132 PM 102    2013  90      2       99
  MINIMUM         69    505 AM  44    1975  56     13       63
  AVERAGE         81                        73      8       81

PRECIPITATION (IN)
  YESTERDAY        0.03R         T    2009   0.01   0.02     0.00
                                      2009
                                      2013
  MONTH TO DATE    0.06                      0.01   0.05      T
  SINCE OCT 1      2.61                      3.91  -1.30     1.38
  SINCE JAN 1      2.13                      2.82  -0.69     0.92

DEGREE DAYS
 HEATING
  YESTERDAY        0                         0      0        0
  MONTH TO DATE    0                         0      0        0
  SINCE JUN 1      6                        50    -44       15
  SINCE JUL 1      0                         0      0        0

 COOLING
  YESTERDAY       16                         8      8       16
  MONTH TO DATE   33                        16     17       34
  SINCE JUN 1    324                       161    163      250
  SINCE JAN 1    347                       188    159      284
..................................................................


WIND (MPH)
  HIGHEST WIND SPEED    25   HIGHEST WIND DIRECTION     E (100)
  HIGHEST GUST SPEED    31   HIGHEST GUST DIRECTION     E (100)
  AVERAGE WIND SPEED     7.2



WEATHER CONDITIONS
 THE FOLLOWING WEATHER WAS RECORDED YESTERDAY.
  THUNDERSTORM
  LIGHT RAIN


RELATIVE HUMIDITY (PERCENT)
 HIGHEST    57          1200 AM
 LOWEST     20           200 PM
 AVERAGE    39

..........................................................


THE TONOPAH AIRPORT NV CLIMATE NORMALS FOR TODAY
                         NORMAL    RECORD    YEAR
 MAXIMUM TEMPERATURE (F)   90       102      2013
 MINIMUM TEMPERATURE (F)   56        42      1979


SUNRISE AND SUNSET
JULY  3 2015..........SUNRISE   530 AM PDT   SUNSET   815 PM PDT
JULY  4 2015..........SUNRISE   531 AM PDT   SUNSET   815 PM PDT


-  INDICATES NEGATIVE NUMBERS.
R  INDICATES RECORD WAS SET OR TIED.
MM INDICATES DATA IS MISSING.
T  INDICATES TRACE AMOUNT.




$$
