000
CDUS45 KLKN 260026
CLITPH


CLIMATE REPORT
NATIONAL WEATHER SERVICE ELKO NV
526 PM PDT SAT OCT 25 2014


...................................

...THE TONOPAH AIRPORT NV CLIMATE SUMMARY FOR OCTOBER 25 2014...
VALID TODAY AS OF 0500 PM LOCAL TIME.

CLIMATE NORMAL PERIOD 1981 TO 2010
CLIMATE RECORD PERIOD 1954 TO 2014


WEATHER ITEM   OBSERVED TIME   RECORD YEAR NORMAL DEPARTURE LAST
                VALUE   (LST)  VALUE       VALUE  FROM      YEAR
                                                  NORMAL
..................................................................
TEMPERATURE (F)
 TODAY
  MAXIMUM         73    208 PM  82    1959  64      9       72
  MINIMUM         49    333 AM  22    1975  34     15       37
                                      1956
  AVERAGE         61                        49     12       55

PRECIPITATION (IN)
  TODAY            0.00          0.03 2005   0.02  -0.02     0.00
  MONTH TO DATE    0.00                      0.27  -0.27     0.05
  SINCE OCT 1      0.00                      0.27  -0.27     0.05
  SINCE JAN 1      3.71                      4.42  -0.71     4.08

DEGREE DAYS
 HEATING
  TODAY            4                        16    -12       10
  MONTH TO DATE  146                       278   -132      337
  SINCE SEP 1    189                       363   -174      434
  SINCE JUL 1    189                       369   -180      434

 COOLING
  TODAY            0                         0      0        0
  MONTH TO DATE    0                         0      0        0
  SINCE SEP 1    141                        68     73      121
  SINCE JAN 1   1004                       781    223     1042
..................................................................


WIND (MPH)
  HIGHEST WIND SPEED    32   HIGHEST WIND DIRECTION     S (200)
  HIGHEST GUST SPEED    40   HIGHEST GUST DIRECTION     S (200)



WEATHER CONDITIONS
 THE FOLLOWING WEATHER WAS RECORDED TODAY.
  NO SIGNIFICANT WEATHER WAS OBSERVED.


RELATIVE HUMIDITY (PERCENT)
 HIGHEST    44           600 AM
 LOWEST     15           200 PM
 AVERAGE    30

..........................................................


THE TONOPAH AIRPORT NV CLIMATE NORMALS FOR TOMORROW
                         NORMAL    RECORD    YEAR
 MAXIMUM TEMPERATURE (F)   64        78      1988
                                             1959
 MINIMUM TEMPERATURE (F)   34        21      1997


SUNRISE AND SUNSET
OCTOBER 25 2014.......SUNRISE   707 AM PDT   SUNSET   557 PM PDT
OCTOBER 26 2014.......SUNRISE   708 AM PDT   SUNSET   556 PM PDT


-  INDICATES NEGATIVE NUMBERS.
R  INDICATES RECORD WAS SET OR TIED.
MM INDICATES DATA IS MISSING.
T  INDICATES TRACE AMOUNT.




$$
