000
CDUS45 KLKN 280040
CLITPH


CLIMATE REPORT
NATIONAL WEATHER SERVICE ELKO NV
438 PM PST FRI FEB 27 2015


...................................

...THE TONOPAH AIRPORT NV CLIMATE SUMMARY FOR FEBRUARY 27 2015...
VALID TODAY AS OF 0400 PM LOCAL TIME.

CLIMATE NORMAL PERIOD 1981 TO 2010
CLIMATE RECORD PERIOD 1954 TO 2015


WEATHER ITEM   OBSERVED TIME   RECORD YEAR NORMAL DEPARTURE LAST
                VALUE   (LST)  VALUE       VALUE  FROM      YEAR
                                                  NORMAL
..................................................................
TEMPERATURE (F)
 TODAY
  MAXIMUM         50    155 PM  74    1986  52     -2       54
  MINIMUM         29    443 AM   1    1962  27      2       33
  AVERAGE         40                        40      0       44

PRECIPITATION (IN)
  TODAY            T             0.21 2014   0.02  -0.02     0.21
  MONTH TO DATE    0.01                      0.50  -0.49     0.21
  SINCE OCT 1      0.66                      2.08  -1.42     0.78
  SINCE JAN 1      0.18                      0.99  -0.81     0.32

DEGREE DAYS
 HEATING
  TODAY           25                        26     -1       21
  MONTH TO DATE  524                       765   -241      674
  SINCE DEC 1   2180                      2799   -619     2520
  SINCE JUL 1   3093                      4016   -923     3747

 COOLING
  TODAY            0                         0      0        0
  MONTH TO DATE    0                         0      0        0
  SINCE DEC 1      0                         0      0        0
  SINCE JAN 1      0                         0      0        0
..................................................................


WIND (MPH)
  HIGHEST WIND SPEED    21   HIGHEST WIND DIRECTION    SW (210)
  HIGHEST GUST SPEED    26   HIGHEST GUST DIRECTION    SW (210)



WEATHER CONDITIONS
 THE FOLLOWING WEATHER WAS RECORDED TODAY.
  NO SIGNIFICANT WEATHER WAS OBSERVED.


RELATIVE HUMIDITY (PERCENT)
 HIGHEST    51           700 AM
 LOWEST     29           200 PM
 AVERAGE    40

..........................................................


THE TONOPAH AIRPORT NV CLIMATE NORMALS FOR TOMORROW
                         NORMAL    RECORD    YEAR
 MAXIMUM TEMPERATURE (F)   53        71      1986
 MINIMUM TEMPERATURE (F)   27         5      1962


SUNRISE AND SUNSET
FEBRUARY 27 2015......SUNRISE   623 AM PST   SUNSET   540 PM PST
FEBRUARY 28 2015......SUNRISE   622 AM PST   SUNSET   541 PM PST


-  INDICATES NEGATIVE NUMBERS.
R  INDICATES RECORD WAS SET OR TIED.
MM INDICATES DATA IS MISSING.
T  INDICATES TRACE AMOUNT.




$$
