000
CDUS45 KLKN 250928
CLITPH


CLIMATE REPORT
NATIONAL WEATHER SERVICE ELKO NV
127 AM PST SAT NOV 5  2017


...................................

...THE TONOPAH AIRPORT NV CLIMATE SUMMARY FOR NOVEMBER 24 2017...

CLIMATE NORMAL PERIOD 1981 TO 2010
CLIMATE RECORD PERIOD 1954 TO 2017


WEATHER ITEM   OBSERVED TIME   RECORD YEAR NORMAL DEPARTURE LAST
                VALUE   (LST)  VALUE       VALUE  FROM      YEAR
                                                  NORMAL
..................................................................
TEMPERATURE (F)
 YESTERDAY
  MAXIMUM         70R   206 PM  68    1954  50     20       49
  MINIMUM         33    649 AM  13    2010  24      9       17
                                      1999
                                      1992
  AVERAGE         52                        36     16       33

PRECIPITATION (IN)
  YESTERDAY        0.00          0.16 1984   0.02  -0.02     0.00
                                      1983
  MONTH TO DATE    0.00                      0.36  -0.36     0.06
  SINCE OCT 1      0.00                      0.70  -0.70     0.06
  SINCE JAN 1      3.51                      4.85  -1.34     3.63

DEGREE DAYS
 HEATING
  YESTERDAY       13                        28    -15       32
  MONTH TO DATE  473                       567    -94      441
  SINCE SEP 1    955                      1033    -78      822
  SINCE JUL 1    955                      1039    -84      822

 COOLING
  YESTERDAY        0                         0      0        0
  MONTH TO DATE    0                         0      0        0
  SINCE SEP 1    117                        70     47       59
  SINCE JAN 1   1222                       783    439     1022
..................................................................


WIND (MPH)
  HIGHEST WIND SPEED    20   HIGHEST WIND DIRECTION     N (360)
  HIGHEST GUST SPEED    24   HIGHEST GUST DIRECTION     N (360)
  AVERAGE WIND SPEED     8.5



WEATHER CONDITIONS
 THE FOLLOWING WEATHER WAS RECORDED YESTERDAY.
  NO SIGNIFICANT WEATHER WAS OBSERVED.


RELATIVE HUMIDITY (PERCENT)
 HIGHEST    69           700 AM
 LOWEST     11           100 PM
 AVERAGE    40

..........................................................


THE TONOPAH AIRPORT NV CLIMATE NORMALS FOR TODAY
                         NORMAL    RECORD    YEAR
 MAXIMUM TEMPERATURE (F)   49        67      1954
 MINIMUM TEMPERATURE (F)   23         8      2010


SUNRISE AND SUNSET
NOVEMBER 25 2017......SUNRISE   640 AM PST   SUNSET   431 PM PST
NOVEMBER 26 2017......SUNRISE   641 AM PST   SUNSET   430 PM PST


-  INDICATES NEGATIVE NUMBERS.
R  INDICATES RECORD WAS SET OR TIED.
MM INDICATES DATA IS MISSING.
T  INDICATES TRACE AMOUNT.




$$
