000
CDUS45 KLKN 220930
CLITPH


CLIMATE REPORT
NATIONAL WEATHER SERVICE ELKO NV
230 AM PDT WED OCT 22 2014


...................................

...THE TONOPAH AIRPORT NV CLIMATE SUMMARY FOR OCTOBER 21 2014...

CLIMATE NORMAL PERIOD 1981 TO 2010
CLIMATE RECORD PERIOD 1954 TO 2014


WEATHER ITEM   OBSERVED TIME   RECORD YEAR NORMAL DEPARTURE LAST
                VALUE   (LST)  VALUE       VALUE  FROM      YEAR
                                                  NORMAL
..................................................................
TEMPERATURE (F)
 YESTERDAY
  MAXIMUM         67    143 PM  83    2003  66      1       70
  MINIMUM         41    602 AM  18    1996  36      5       39
  AVERAGE         54                        51      3       55

PRECIPITATION (IN)
  YESTERDAY        0.00          0.15 1985   0.01  -0.01     0.00
  MONTH TO DATE    0.00                      0.22  -0.22     0.05
  SINCE OCT 1      0.00                      0.22  -0.22     0.05
  SINCE JAN 1      3.71                      4.37  -0.66     4.08

DEGREE DAYS
 HEATING
  YESTERDAY       11                        14     -3       10
  MONTH TO DATE  114                       217   -103      295
  SINCE SEP 1    157                       302   -145      392
  SINCE JUL 1    157                       308   -151      392

 COOLING
  YESTERDAY        0                         0      0        0
  MONTH TO DATE    0                         0      0        0
  SINCE SEP 1    141                        68     73      121
  SINCE JAN 1   1004                       781    223     1042
..................................................................


WIND (MPH)
  HIGHEST WIND SPEED    22   HIGHEST WIND DIRECTION    NW (330)
  HIGHEST GUST SPEED    27   HIGHEST GUST DIRECTION    NW (330)
  AVERAGE WIND SPEED    10.8



WEATHER CONDITIONS
 THE FOLLOWING WEATHER WAS RECORDED YESTERDAY.
  NO SIGNIFICANT WEATHER WAS OBSERVED.


RELATIVE HUMIDITY (PERCENT)
 HIGHEST    53           300 AM
 LOWEST      8           400 PM
 AVERAGE    31

..........................................................


THE TONOPAH AIRPORT NV CLIMATE NORMALS FOR TODAY
                         NORMAL    RECORD    YEAR
 MAXIMUM TEMPERATURE (F)   66        83      2003
 MINIMUM TEMPERATURE (F)   35        18      1996


SUNRISE AND SUNSET
OCTOBER 22 2014.......SUNRISE   704 AM PDT   SUNSET   601 PM PDT
OCTOBER 23 2014.......SUNRISE   705 AM PDT   SUNSET   600 PM PDT


-  INDICATES NEGATIVE NUMBERS.
R  INDICATES RECORD WAS SET OR TIED.
MM INDICATES DATA IS MISSING.
T  INDICATES TRACE AMOUNT.




$$
