000
CDUS45 KLKN 010929
CLITPH


CLIMATE REPORT
NATIONAL WEATHER SERVICE ELKO NV
128 AM PST SUN FEB 1 2015


...................................

...THE TONOPAH AIRPORT NV CLIMATE SUMMARY FOR JANUARY 31 2015...

CLIMATE NORMAL PERIOD 1981 TO 2010
CLIMATE RECORD PERIOD 1954 TO 2015


WEATHER ITEM   OBSERVED TIME   RECORD YEAR NORMAL DEPARTURE LAST
                VALUE   (LST)  VALUE       VALUE  FROM      YEAR
                                                  NORMAL
..................................................................
TEMPERATURE (F)
 YESTERDAY
  MAXIMUM         53    309 PM  65    2003  46      7       37
  MINIMUM         34   1150 PM   6    1985  22     12       20
                                      1957
  AVERAGE         44                        34     10       29

PRECIPITATION (IN)
  YESTERDAY        T             0.21 1979   0.02  -0.02     0.01
  MONTH TO DATE    0.17                      0.49  -0.32     0.11
  SINCE OCT 1      0.65                      1.58  -0.93     0.57
  SINCE JAN 1      0.17                      0.49  -0.32     0.11

DEGREE DAYS
 HEATING
  YESTERDAY       21                        31    -10       36
  MONTH TO DATE  766                      1006   -240      795
  SINCE DEC 1   1656                      2034   -378     1846
  SINCE JUL 1   2569                      3251   -682     3073

 COOLING
  YESTERDAY        0                         0      0        0
  MONTH TO DATE    0                         0      0        0
  SINCE DEC 1      0                         0      0        0
  SINCE JAN 1      0                         0      0        0
..................................................................


WIND (MPH)
  HIGHEST WIND SPEED    31   HIGHEST WIND DIRECTION    NW (320)
  HIGHEST GUST SPEED    40   HIGHEST GUST DIRECTION    NW (310)
  AVERAGE WIND SPEED    19.1



WEATHER CONDITIONS
 THE FOLLOWING WEATHER WAS RECORDED YESTERDAY.
  LIGHT RAIN


RELATIVE HUMIDITY (PERCENT)
 HIGHEST    76           300 AM
 LOWEST     30           300 PM
 AVERAGE    53

..........................................................


THE TONOPAH AIRPORT NV CLIMATE NORMALS FOR TODAY
                         NORMAL    RECORD    YEAR
 MAXIMUM TEMPERATURE (F)   46        65      1995
 MINIMUM TEMPERATURE (F)   22         6      1985
                                             1972


SUNRISE AND SUNSET
FEBRUARY  1 2015......SUNRISE   653 AM PST   SUNSET   511 PM PST
FEBRUARY  2 2015......SUNRISE   652 AM PST   SUNSET   512 PM PST


-  INDICATES NEGATIVE NUMBERS.
R  INDICATES RECORD WAS SET OR TIED.
MM INDICATES DATA IS MISSING.
T  INDICATES TRACE AMOUNT.




$$
