000
CDUS44 KMRX 230820
CLITRI


CLIMATE REPORT
NATIONAL WEATHER SERVICE MORRISTOWN TN
319 AM EST THU NOV 23 2017


...................................

...THE TRI-CITIES      ASOS CLIMATE SUMMARY FOR NOVEMBER 22 2017...

CLIMATE NORMAL PERIOD 1981 TO 2010
CLIMATE RECORD PERIOD 1934 TO 2017


WEATHER ITEM   OBSERVED TIME   RECORD YEAR NORMAL DEPARTURE LAST
                VALUE   (LST)  VALUE       VALUE  FROM      YEAR
                                                  NORMAL
..................................................................
TEMPERATURE (F)
 YESTERDAY
  MAXIMUM         54    325 PM  73    1999  56     -2       56
                                      1979
  MINIMUM         29   1156 PM  11    2008  33     -4       18
  AVERAGE         42                        44     -2       37

PRECIPITATION (IN)
  YESTERDAY        0.00          0.75 1989   0.11  -0.11     0.00
  MONTH TO DATE    1.00                      2.19  -1.19     0.16
  SINCE SEP 1      6.44                      7.28  -0.84     3.47
  SINCE JAN 1     41.25                     36.73   4.52    27.63

SNOWFALL (IN)
  YESTERDAY        0.0                       0.0    0.0      0.0
  MONTH TO DATE    0.0                       0.1   -0.1      0.0
  SINCE SEP 1      0.0                       0.2   -0.2      0.0
  SINCE JUL 1      0.0                       0.2   -0.2      0.0
  SNOW DEPTH       0

DEGREE DAYS
 HEATING
  YESTERDAY       23                        21      2       28
  MONTH TO DATE  337                       374    -37      344
  SINCE SEP 1    603                       708   -105      489
  SINCE JUL 1    603                       709   -106      489

 COOLING
  YESTERDAY        0                         0      0        0
  MONTH TO DATE    1                         0      1        2
  SINCE SEP 1    188                       128     60      259
  SINCE JAN 1   1142                       980    162     1492
..................................................................


WIND (MPH)
  HIGHEST WIND SPEED    13   HIGHEST WIND DIRECTION     N (350)
  HIGHEST GUST SPEED    15   HIGHEST GUST DIRECTION     N (350)
  AVERAGE WIND SPEED     2.7


SKY COVER
  POSSIBLE SUNSHINE  MM
  AVERAGE SKY COVER 0.4


WEATHER CONDITIONS
 THE FOLLOWING WEATHER WAS RECORDED YESTERDAY.
  NO SIGNIFICANT WEATHER WAS OBSERVED.


RELATIVE HUMIDITY (PERCENT)
 HIGHEST   100           200 AM
 LOWEST     45           300 PM
 AVERAGE    73

..........................................................


THE TRI-CITIES      ASOS CLIMATE NORMALS FOR TODAY
                         NORMAL    RECORD    YEAR
 MAXIMUM TEMPERATURE (F)   56        73      1983
 MINIMUM TEMPERATURE (F)   33        13      1937


SUNRISE AND SUNSET
NOVEMBER 23 2017......SUNRISE   715 AM EST   SUNSET   516 PM EST
NOVEMBER 24 2017......SUNRISE   716 AM EST   SUNSET   516 PM EST


-  INDICATES NEGATIVE NUMBERS.
R  INDICATES RECORD WAS SET OR TIED.
MM INDICATES DATA IS MISSING.
T  INDICATES TRACE AMOUNT.




$$
