000
CDUS44 KMRX 240900
CLITRI


CLIMATE REPORT
NATIONAL WEATHER SERVICE MORRISTOWN TN
400 AM EST TUE JAN 24 2017


...................................

...THE TRI-CITIES      ASOS CLIMATE SUMMARY FOR JANUARY 23 2017...

CLIMATE NORMAL PERIOD 1981 TO 2010
CLIMATE RECORD PERIOD 1934 TO 2017


WEATHER ITEM   OBSERVED TIME   RECORD YEAR NORMAL DEPARTURE LAST
                VALUE   (LST)  VALUE       VALUE  FROM      YEAR
                                                  NORMAL
..................................................................
TEMPERATURE (F)
 YESTERDAY
  MAXIMUM         55   1201 AM  74    1938  45     10       26
  MINIMUM         41   1032 AM   1    1963  25     16       21
  AVERAGE         48                        35     13       24

PRECIPITATION (IN)
  YESTERDAY        0.37          1.52 2002   0.12   0.25     0.02
  MONTH TO DATE    2.26                      2.49  -0.23     2.46
  SINCE DEC 1      7.62                      5.86   1.76     7.73
  SINCE JAN 1      2.26                      2.49  -0.23     2.46

SNOWFALL (IN)
  YESTERDAY        0.0                       0.1   -0.1      0.5
  MONTH TO DATE    3.7                       3.5    0.2      9.8
  SINCE DEC 1      3.7                       5.9   -2.2      9.8
  SINCE JUL 1      3.7                       6.2   -2.5      9.8
  SNOW DEPTH       0

DEGREE DAYS
 HEATING
  YESTERDAY       17                        30    -13       41
  MONTH TO DATE  431                       690   -259      759
  SINCE DEC 1   1209                      1533   -324     1202
  SINCE JUL 1   1828                      2419   -591     1845

 COOLING
  YESTERDAY        0                         0      0        0
  MONTH TO DATE    0                         0      0        0
  SINCE DEC 1      0                         0      0        0
  SINCE JAN 1      0                         0      0        0
..................................................................


WIND (MPH)
  HIGHEST WIND SPEED    18   HIGHEST WIND DIRECTION     W (270)
  HIGHEST GUST SPEED    25   HIGHEST GUST DIRECTION     W (270)
  AVERAGE WIND SPEED     7.9


SKY COVER
  POSSIBLE SUNSHINE  MM
  AVERAGE SKY COVER 0.9


WEATHER CONDITIONS
 THE FOLLOWING WEATHER WAS RECORDED YESTERDAY.
  RAIN
  LIGHT RAIN
  FOG


RELATIVE HUMIDITY (PERCENT)
 HIGHEST   100           800 AM
 LOWEST     86           900 PM
 AVERAGE    93

..........................................................


THE TRI-CITIES      ASOS CLIMATE NORMALS FOR TODAY
                         NORMAL    RECORD    YEAR
 MAXIMUM TEMPERATURE (F)   46        78      1972
 MINIMUM TEMPERATURE (F)   25        -8      1963


SUNRISE AND SUNSET
JANUARY 24 2017.......SUNRISE   736 AM EST   SUNSET   547 PM EST
JANUARY 25 2017.......SUNRISE   736 AM EST   SUNSET   548 PM EST


-  INDICATES NEGATIVE NUMBERS.
R  INDICATES RECORD WAS SET OR TIED.
MM INDICATES DATA IS MISSING.
T  INDICATES TRACE AMOUNT.




$$
