000
CDUS44 KMRX 232122
CLITRI


CLIMATE REPORT
NATIONAL WEATHER SERVICE MORRISTOWN TN
522 PM EDT SUN JUL 23 2017


...................................

...THE TRI-CITIES      ASOS CLIMATE SUMMARY FOR JULY 23 2017...
VALID TODAY AS OF 0500 PM LOCAL TIME.

CLIMATE NORMAL PERIOD 1981 TO 2010
CLIMATE RECORD PERIOD 1934 TO 2017


WEATHER ITEM   OBSERVED TIME   RECORD YEAR NORMAL DEPARTURE LAST
                VALUE   (LST)  VALUE       VALUE  FROM      YEAR
                                                  NORMAL
..................................................................
TEMPERATURE (F)
 TODAY
  MAXIMUM         86    129 PM  99    1952  86      0       98
  MINIMUM         72    513 AM  45    1947  64      8       68
  AVERAGE         79                        75      4       83

PRECIPITATION (IN)
  TODAY            0.04          2.06 1951   0.15  -0.11     0.00
  MONTH TO DATE    1.33                      3.47  -2.14     1.58
  SINCE JUN 1      3.39                      7.37  -3.98     3.71
  SINCE JAN 1     25.58                     24.76   0.82    19.62

SNOWFALL (IN)
  TODAY            0.0                       0.0    0.0      0.0
  MONTH TO DATE    0.0                       0.0    0.0      0.0
  SINCE JUN 1      0.0                       0.0    0.0      0.0
  SINCE JUL 1      0.0                       0.0    0.0      0.0
  SNOW DEPTH       0

DEGREE DAYS
 HEATING
  TODAY            0                         0      0        0
  MONTH TO DATE    0                         0      0        0
  SINCE JUN 1      2                        11     -9        0
  SINCE JUL 1      0                         0      0        0

 COOLING
  TODAY           14                        10      4       18
  MONTH TO DATE  283                       227     56      298
  SINCE JUN 1    475                       433     42      578
  SINCE JAN 1    595                       506     89      674
..................................................................


WIND (MPH)
  HIGHEST WIND SPEED    17   HIGHEST WIND DIRECTION    NW (310)
  HIGHEST GUST SPEED    23   HIGHEST GUST DIRECTION     W (290)
  AVERAGE WIND SPEED     2.5


SKY COVER
  POSSIBLE SUNSHINE  MM
  AVERAGE SKY COVER 0.8


WEATHER CONDITIONS
 THE FOLLOWING WEATHER WAS RECORDED TODAY.
  THUNDERSTORM
  LIGHT RAIN
  FOG


RELATIVE HUMIDITY (PERCENT)
 HIGHEST   100           400 AM
 LOWEST     65          1200 PM
 AVERAGE    83

..........................................................


THE TRI-CITIES      ASOS CLIMATE NORMALS FOR TOMORROW
                         NORMAL    RECORD    YEAR
 MAXIMUM TEMPERATURE (F)   85        97      2016
                                             2010
                                             1987
 MINIMUM TEMPERATURE (F)   64        51      1947


SUNRISE AND SUNSET
JULY 23 2017..........SUNRISE   629 AM EDT   SUNSET   843 PM EDT
JULY 24 2017..........SUNRISE   630 AM EDT   SUNSET   842 PM EDT


-  INDICATES NEGATIVE NUMBERS.
R  INDICATES RECORD WAS SET OR TIED.
MM INDICATES DATA IS MISSING.
T  INDICATES TRACE AMOUNT.




$$
