000
CDUS44 KMRX 290833
CLITRI


CLIMATE REPORT
NATIONAL WEATHER SERVICE MORRISTOWN TN
432 AM EDT FRI APR 29 2016


...................................

...THE TRI-CITIES      ASOS CLIMATE SUMMARY FOR APRIL 28 2016...

CLIMATE NORMAL PERIOD 1981 TO 2010
CLIMATE RECORD PERIOD 1934 TO 2016


WEATHER ITEM   OBSERVED TIME   RECORD YEAR NORMAL DEPARTURE LAST
                VALUE   (LST)  VALUE       VALUE  FROM      YEAR
                                                  NORMAL
..................................................................
TEMPERATURE (F)
 YESTERDAY
  MAXIMUM         80    441 PM  88    1957  71      9       69
  MINIMUM         58   1159 PM  32    2005  46     12       35
                                      2004
                                      1976
  AVERAGE         69                        59     10       52

PRECIPITATION (IN)
  YESTERDAY        0.56          1.15 1970   0.11   0.45     0.00
  MONTH TO DATE    2.98                      3.10  -0.12     4.89
  SINCE MAR 1      3.92                      6.54  -2.62     8.79
  SINCE JAN 1     11.32                     13.36  -2.04    14.12

SNOWFALL (IN)
  YESTERDAY        0.0                       0.1   -0.1      0.0
  MONTH TO DATE    0.0                       1.1   -1.1      0.0
  SINCE MAR 1      T                         2.5   -2.5       T
  SINCE JUL 1     18.4                      13.3    5.1     15.5
  SNOW DEPTH       0

DEGREE DAYS
 HEATING
  YESTERDAY        0                         7     -7       13
  MONTH TO DATE  245                       291    -46      188
  SINCE MAR 1    634                       859   -225      691
  SINCE JUL 1   3454                      4241   -787     4318

 COOLING
  YESTERDAY        4                         1      3        0
  MONTH TO DATE   17                         7     10       10
  SINCE MAR 1     23                         8     15       10
  SINCE JAN 1     23                         8     15       10
..................................................................


WIND (MPH)
  HIGHEST WIND SPEED    21   HIGHEST WIND DIRECTION    SW (240)
  HIGHEST GUST SPEED    26   HIGHEST GUST DIRECTION    SW (230)
  AVERAGE WIND SPEED     6.7


SKY COVER
  POSSIBLE SUNSHINE  MM
  AVERAGE SKY COVER 0.5


WEATHER CONDITIONS
 THE FOLLOWING WEATHER WAS RECORDED YESTERDAY.
  THUNDERSTORM
  HEAVY RAIN
  RAIN
  LIGHT RAIN
  FOG


RELATIVE HUMIDITY (PERCENT)
 HIGHEST   100           300 AM
 LOWEST     39           400 PM
 AVERAGE    70

..........................................................


THE TRI-CITIES      ASOS CLIMATE NORMALS FOR TODAY
                         NORMAL    RECORD    YEAR
 MAXIMUM TEMPERATURE (F)   72        86      1996
 MINIMUM TEMPERATURE (F)   46        30      1967


SUNRISE AND SUNSET
APRIL 29 2016.........SUNRISE   638 AM EDT   SUNSET   816 PM EDT
APRIL 30 2016.........SUNRISE   637 AM EDT   SUNSET   817 PM EDT


-  INDICATES NEGATIVE NUMBERS.
R  INDICATES RECORD WAS SET OR TIED.
MM INDICATES DATA IS MISSING.
T  INDICATES TRACE AMOUNT.




$$
