000
CDUS46 KSGX 300017
CLITRM


CLIMATE REPORT
NATIONAL WEATHER SERVICE SAN DIEGO, CA
517 PM PDT SUN MAR 29 2015


...................................

...THE THERMAL AIRPORT CA CLIMATE SUMMARY FOR MARCH 29 2015...
VALID TODAY AS OF 0500 PM LOCAL TIME.

CLIMATE NORMAL PERIOD 1981 TO 2010
CLIMATE RECORD PERIOD 1950 TO 2015


WEATHER ITEM   OBSERVED TIME   RECORD YEAR NORMAL DEPARTURE LAST
                VALUE   (LST)  VALUE       VALUE  FROM      YEAR
                                                  NORMAL
..................................................................
TEMPERATURE (F)
 TODAY
  MAXIMUM         98R   318 PM  98    1971  84     14       87
  MINIMUM         57    504 AM  34    1998  49      8       47
  AVERAGE         78                        66     12       67

PRECIPITATION (IN)
  TODAY            0.00          T    2006   0.00   0.00     0.00
  MONTH TO DATE    0.31                      0.37  -0.06      T
  SINCE OCT 1      0.77                      2.51  -1.74     0.16
  SINCE JAN 1      0.62                      1.70  -1.08     0.08

SNOWFALL (IN)
  TODAY            0.0
  MONTH TO DATE    0.0
  SINCE MAR 1      0.0
  SINCE JUL 1      0.0
  SNOW DEPTH       0

DEGREE DAYS
 HEATING
  TODAY            0                         2     -2        0
  MONTH TO DATE   44                        91    -47       23
  SINCE MAR 1     44                        91    -47       23
  SINCE JUL 1    749                      1156   -407      812

 COOLING
  TODAY           13                         3     10        2
  MONTH TO DATE  163                        56    107       95
  SINCE MAR 1    163                        56    107       95
  SINCE JAN 1    185                        68    117      105
..................................................................


WIND (MPH)
  RESULTANT WIND SPEED   2   RESULTANT WIND DIRECTION  NE (60)
  HIGHEST WIND SPEED    15   HIGHEST WIND DIRECTION    SE (130)
  HIGHEST GUST SPEED    20   HIGHEST GUST DIRECTION    SE (120)
  AVERAGE WIND SPEED     7.1


SKY COVER
  POSSIBLE SUNSHINE  MM
  AVERAGE SKY COVER 0.0


WEATHER CONDITIONS
 THE FOLLOWING WEATHER WAS RECORDED TODAY.
  NO SIGNIFICANT WEATHER WAS OBSERVED.


RELATIVE HUMIDITY (PERCENT)
 HIGHEST    39           600 AM
 LOWEST      5           300 PM
 AVERAGE    22

..........................................................


THE THERMAL AIRPORT CA CLIMATE NORMALS FOR TOMORROW
                         NORMAL    RECORD    YEAR
 MAXIMUM TEMPERATURE (F)   84        98      1969
 MINIMUM TEMPERATURE (F)   49        39      1998


SUNRISE AND SUNSET
MARCH 29 2015.........SUNRISE   636 AM PDT   SUNSET   703 PM PDT
MARCH 30 2015.........SUNRISE   635 AM PDT   SUNSET   704 PM PDT


-  INDICATES NEGATIVE NUMBERS.
R  INDICATES RECORD WAS SET OR TIED.
MM INDICATES DATA IS MISSING.
T  INDICATES TRACE AMOUNT.




$$
