000
CDUS46 KSGX 221524
CLITRM


CLIMATE REPORT
NATIONAL WEATHER SERVICE SAN DIEGO, CA
724 AM PST SUN JAN 22 2017


...................................

...THE THERMAL AIRPORT CA CLIMATE SUMMARY FOR JANUARY 21 2017...

CLIMATE NORMAL PERIOD 1981 TO 2010
CLIMATE RECORD PERIOD 1950 TO 2017


WEATHER ITEM   OBSERVED TIME   RECORD YEAR NORMAL DEPARTURE LAST
                VALUE   (LST)  VALUE       VALUE  FROM      YEAR
                                                  NORMAL
..................................................................
TEMPERATURE (F)
 YESTERDAY
  MAXIMUM         66    232 PM  86    1975  72     -6       75
  MINIMUM         45    423 AM  25    1987  38      7       41
  AVERAGE         56                        55      1       58

PRECIPITATION (IN)
  YESTERDAY        T             1.15 2010   0.02  -0.02     0.00
  MONTH TO DATE    1.10                      0.47   0.63     1.15
  SINCE OCT 1      2.78                      1.28   1.50     1.58
  SINCE JAN 1      1.10                      0.47   0.63     1.15

DEGREE DAYS
 HEATING
  YESTERDAY        9                        10     -1        7
  MONTH TO DATE  208                       225    -17      249
  SINCE DEC 1    514                       596    -82      645
  SINCE JUL 1    632                       763   -131      844

 COOLING
  YESTERDAY        0                         0      0        0
  MONTH TO DATE    0                         0      0        0
  SINCE DEC 1      2                         1      1        0
  SINCE JAN 1      0                         0      0        0
..................................................................


WIND (MPH)
  RESULTANT WIND SPEED   7   RESULTANT WIND DIRECTION   N (340)
  HIGHEST WIND SPEED    17   HIGHEST WIND DIRECTION    NW (330)
  HIGHEST GUST SPEED    22   HIGHEST GUST DIRECTION     N (340)
  AVERAGE WIND SPEED     7.9


SKY COVER
  POSSIBLE SUNSHINE  MM
  AVERAGE SKY COVER 0.1


WEATHER CONDITIONS
 THE FOLLOWING WEATHER WAS RECORDED YESTERDAY.
  LIGHT RAIN


RELATIVE HUMIDITY (PERCENT)
 HIGHEST   100           200 AM
 LOWEST     37           200 PM
 AVERAGE    69

..........................................................


THE THERMAL AIRPORT CA CLIMATE NORMALS FOR TODAY
                         NORMAL    RECORD    YEAR
 MAXIMUM TEMPERATURE (F)   72        84      2014
                                             1968
 MINIMUM TEMPERATURE (F)   38        26      1966


SUNRISE AND SUNSET
JANUARY 22 2017.......SUNRISE   647 AM PST   SUNSET   506 PM PST
JANUARY 23 2017.......SUNRISE   646 AM PST   SUNSET   507 PM PST


-  INDICATES NEGATIVE NUMBERS.
R  INDICATES RECORD WAS SET OR TIED.
MM INDICATES DATA IS MISSING.
T  INDICATES TRACE AMOUNT.




$$
