000
CDUS46 KSGX 301418
CLITRM


CLIMATE REPORT
NATIONAL WEATHER SERVICE SAN DIEGO, CA
717 AM PDT SUN AUG 30 2015


...................................

...THE THERMAL AIRPORT CA CLIMATE SUMMARY FOR AUGUST 29 2015...

CLIMATE NORMAL PERIOD 1981 TO 2010
CLIMATE RECORD PERIOD 1950 TO 2015


WEATHER ITEM   OBSERVED TIME   RECORD YEAR NORMAL DEPARTURE LAST
                VALUE   (LST)  VALUE       VALUE  FROM      YEAR
                                                  NORMAL
..................................................................
TEMPERATURE (F)
 YESTERDAY
  MAXIMUM        114    254 PM 117    2007 105      9      114
                                      1984
  MINIMUM         86    607 AM  59    2002  72     14       78
  AVERAGE        100                        88     12       96

PRECIPITATION (IN)
  YESTERDAY        0.00          0.24 2000   0.01  -0.01     0.00
  MONTH TO DATE    0.00                      0.18  -0.18     0.32
  SINCE OCT 1      1.72                      2.95  -1.23     0.48
  SINCE JAN 1      1.57                      2.14  -0.57     0.40

DEGREE DAYS
 HEATING
  YESTERDAY        0                         0      0        0
  MONTH TO DATE    0                         0      0        0
  SINCE JUN 1      0                         0      0        0
  SINCE JUL 1      0                         0      0        0

 COOLING
  YESTERDAY       35                        23     12       31
  MONTH TO DATE  829                       720    109      724
  SINCE JUN 1   2307                      2114    193     2324
  SINCE JAN 1   3061                      2787    274     3146
..................................................................


WIND (MPH)
  RESULTANT WIND SPEED   5   RESULTANT WIND DIRECTION   N (340)
  HIGHEST WIND SPEED    21   HIGHEST WIND DIRECTION     N (340)
  HIGHEST GUST SPEED    28   HIGHEST GUST DIRECTION     N (340)
  AVERAGE WIND SPEED     8.9


SKY COVER
  POSSIBLE SUNSHINE  MM
  AVERAGE SKY COVER 0.0


WEATHER CONDITIONS
 THE FOLLOWING WEATHER WAS RECORDED YESTERDAY.
  NO SIGNIFICANT WEATHER WAS OBSERVED.


RELATIVE HUMIDITY (PERCENT)
 HIGHEST    26           700 AM
 LOWEST     12          1000 AM
 AVERAGE    19

..........................................................


THE THERMAL AIRPORT CA CLIMATE NORMALS FOR TODAY
                         NORMAL    RECORD    YEAR
 MAXIMUM TEMPERATURE (F)  105       117      1984
 MINIMUM TEMPERATURE (F)   72        62      2002


SUNRISE AND SUNSET
AUGUST 30 2015........SUNRISE   617 AM PDT   SUNSET   713 PM PDT
AUGUST 31 2015........SUNRISE   618 AM PDT   SUNSET   712 PM PDT


-  INDICATES NEGATIVE NUMBERS.
R  INDICATES RECORD WAS SET OR TIED.
MM INDICATES DATA IS MISSING.
T  INDICATES TRACE AMOUNT.




$$
