000
CDUS46 KSGX 250022
CLITRM


CLIMATE REPORT
NATIONAL WEATHER SERVICE SAN DIEGO, CA
421 PM PST FRI FEB 24 2017


...................................

...THE THERMAL AIRPORT CA CLIMATE SUMMARY FOR FEBRUARY 24 2017...
VALID TODAY AS OF 0400 PM LOCAL TIME.

CLIMATE NORMAL PERIOD 1981 TO 2010
CLIMATE RECORD PERIOD 1950 TO 2017


WEATHER ITEM   OBSERVED TIME   RECORD YEAR NORMAL DEPARTURE LAST
                VALUE   (LST)  VALUE       VALUE  FROM      YEAR
                                                  NORMAL
..................................................................
TEMPERATURE (F)
 TODAY
  MAXIMUM         68    317 PM  95    1986  77     -9       81
  MINIMUM         38    639 AM  31    1996  43     -5       37
  AVERAGE         53                        60     -7       59

PRECIPITATION (IN)
  TODAY            0.00          0.16 1987   0.03  -0.03     0.00
  MONTH TO DATE    0.37                      0.57  -0.20     0.00
  SINCE OCT 1      3.36                      2.05   1.31     1.63
  SINCE JAN 1      1.68                      1.24   0.44     1.20

DEGREE DAYS
 HEATING
  TODAY           12                         6      6        6
  MONTH TO DATE   82                       184   -102       99
  SINCE DEC 1    710                       877   -167      823
  SINCE JUL 1    828                      1044   -216     1022

 COOLING
  TODAY            0                         1     -1        0
  MONTH TO DATE   32                         4     28       52
  SINCE DEC 1     34                         7     27       52
  SINCE JAN 1     32                         6     26       52
..................................................................


WIND (MPH)
  RESULTANT WIND SPEED   2   RESULTANT WIND DIRECTION   N (360)
  HIGHEST WIND SPEED    13   HIGHEST WIND DIRECTION    SE (130)
  HIGHEST GUST SPEED    16   HIGHEST GUST DIRECTION    SE (140)
  AVERAGE WIND SPEED     3.5


SKY COVER
  POSSIBLE SUNSHINE  MM
  AVERAGE SKY COVER 0.0


WEATHER CONDITIONS
 THE FOLLOWING WEATHER WAS RECORDED TODAY.
  NO SIGNIFICANT WEATHER WAS OBSERVED.


RELATIVE HUMIDITY (PERCENT)
 HIGHEST    76           600 AM
 LOWEST     18           200 PM
 AVERAGE    47

..........................................................


THE THERMAL AIRPORT CA CLIMATE NORMALS FOR TOMORROW
                         NORMAL    RECORD    YEAR
 MAXIMUM TEMPERATURE (F)   77        95      1986
 MINIMUM TEMPERATURE (F)   44        31      2013
                                             2007
                                             1960


SUNRISE AND SUNSET
FEBRUARY 24 2017......SUNRISE   619 AM PST   SUNSET   537 PM PST
FEBRUARY 25 2017......SUNRISE   617 AM PST   SUNSET   538 PM PST


-  INDICATES NEGATIVE NUMBERS.
R  INDICATES RECORD WAS SET OR TIED.
MM INDICATES DATA IS MISSING.
T  INDICATES TRACE AMOUNT.




$$
