000
CDUS46 KSGX 221417
CLITRM


CLIMATE REPORT
NATIONAL WEATHER SERVICE SAN DIEGO, CA
717 AM PDT WED OCT 22 2014


...................................

...THE THERMAL AIRPORT CA CLIMATE SUMMARY FOR OCTOBER 21 2014...

CLIMATE NORMAL PERIOD 1981 TO 2010
CLIMATE RECORD PERIOD 1950 TO 2014


WEATHER ITEM   OBSERVED TIME   RECORD YEAR NORMAL DEPARTURE LAST
                VALUE   (LST)  VALUE       VALUE  FROM      YEAR
                                                  NORMAL
..................................................................
TEMPERATURE (F)
 YESTERDAY
  MAXIMUM         94    157 PM 106    2003  89      5       89
  MINIMUM         62   1135 PM  44    1971  53      9       48
  AVERAGE         78                        71      7       69

PRECIPITATION (IN)
  YESTERDAY        0.00          0.04 2004   0.01  -0.01     0.00
  MONTH TO DATE    T                         0.16  -0.16      T
  SINCE JUL 1      0.45                      0.73  -0.28     1.39
  SINCE JAN 1      0.53                      2.55  -2.02     1.83

SNOWFALL (IN)
  YESTERDAY        0.0
  MONTH TO DATE    0.0
  SINCE JAN 1      0.0
  SINCE JUL 1      0.0
  SNOW DEPTH       0

DEGREE DAYS
 HEATING
  YESTERDAY        0                         0      0        0
  MONTH TO DATE    0                         0      0        5
  SINCE SEP 1      0                         0      0        5
  SINCE JUL 1      0                         0      0        5

 COOLING
  YESTERDAY       13                         6      7        4
  MONTH TO DATE  273                       205     68      113
  SINCE SEP 1    956                       770    186      725
  SINCE JAN 1   4153                      3603    550     4009
..................................................................


WIND (MPH)
  RESULTANT WIND SPEED   1   RESULTANT WIND DIRECTION   N (360)
  HIGHEST WIND SPEED    10   HIGHEST WIND DIRECTION     N (340)
  HIGHEST GUST SPEED    14   HIGHEST GUST DIRECTION    SE (130)
  AVERAGE WIND SPEED     3.6


SKY COVER
  POSSIBLE SUNSHINE  MM
  AVERAGE SKY COVER 0.0


WEATHER CONDITIONS
 THE FOLLOWING WEATHER WAS RECORDED YESTERDAY.
  HAZE


RELATIVE HUMIDITY (PERCENT)
 HIGHEST    67           600 AM
 LOWEST     18           100 PM
 AVERAGE    43

..........................................................


THE THERMAL AIRPORT CA CLIMATE NORMALS FOR TODAY
                         NORMAL    RECORD    YEAR
 MAXIMUM TEMPERATURE (F)   89       103      2003
 MINIMUM TEMPERATURE (F)   53        39      1996


SUNRISE AND SUNSET
OCTOBER 22 2014.......SUNRISE   655 AM PDT   SUNSET   603 PM PDT
OCTOBER 23 2014.......SUNRISE   656 AM PDT   SUNSET   602 PM PDT


-  INDICATES NEGATIVE NUMBERS.
R  INDICATES RECORD WAS SET OR TIED.
MM INDICATES DATA IS MISSING.
T  INDICATES TRACE AMOUNT.




$$
