000
CDUS46 KSGX 190119
CLITRM


CLIMATE REPORT
NATIONAL WEATHER SERVICE SAN DIEGO, CA
518 PM PST SAT NOV 18 2017


...................................

...THE THERMAL AIRPORT CA CLIMATE SUMMARY FOR NOVEMBER 18 2017...
VALID TODAY AS OF 0500 PM LOCAL TIME.

CLIMATE NORMAL PERIOD 1981 TO 2010
CLIMATE RECORD PERIOD 1950 TO 2017


WEATHER ITEM   OBSERVED TIME   RECORD YEAR NORMAL DEPARTURE LAST
                VALUE   (LST)  VALUE       VALUE  FROM      YEAR
                                                  NORMAL
..................................................................
TEMPERATURE (F)
 TODAY
  MAXIMUM         81    116 PM  89    2008  78      3       76
  MINIMUM         59    622 AM  26    1958  42     17       36
  AVERAGE         70                        60     10       56

PRECIPITATION (IN)
  TODAY            0.00          0.14 1964   0.01  -0.01     0.00
  MONTH TO DATE    0.00                      0.12  -0.12     0.00
  SINCE OCT 1      0.00                      0.35  -0.35     0.31
  SINCE JAN 1      3.36                      2.74   0.62     2.15

DEGREE DAYS
 HEATING
  TODAY            0                         6     -6        9
  MONTH TO DATE    0                        60    -60       15
  SINCE SEP 1      0                        71    -71       15
  SINCE JUL 1      0                        71    -71       15

 COOLING
  TODAY            5                         1      4        0
  MONTH TO DATE   49                        33     16       94
  SINCE SEP 1    979                       853    126      997
  SINCE JAN 1   4448                      3686    762     4334
..................................................................


WIND (MPH)
  RESULTANT WIND SPEED   4   RESULTANT WIND DIRECTION   N (350)
  HIGHEST WIND SPEED    13   HIGHEST WIND DIRECTION    NW (320)
  HIGHEST GUST SPEED    18   HIGHEST GUST DIRECTION    NW (330)
  AVERAGE WIND SPEED     5.6


SKY COVER
  POSSIBLE SUNSHINE  MM
  AVERAGE SKY COVER 0.0


WEATHER CONDITIONS
 THE FOLLOWING WEATHER WAS RECORDED TODAY.
  NO SIGNIFICANT WEATHER WAS OBSERVED.


RELATIVE HUMIDITY (PERCENT)
 HIGHEST    67           400 AM
 LOWEST     11           100 PM
 AVERAGE    39

..........................................................


THE THERMAL AIRPORT CA CLIMATE NORMALS FOR TOMORROW
                         NORMAL    RECORD    YEAR
 MAXIMUM TEMPERATURE (F)   77        91      1989
 MINIMUM TEMPERATURE (F)   41        28      2000


SUNRISE AND SUNSET
NOVEMBER 18 2017......SUNRISE   620 AM PST   SUNSET   440 PM PST
NOVEMBER 19 2017......SUNRISE   620 AM PST   SUNSET   440 PM PST


-  INDICATES NEGATIVE NUMBERS.
R  INDICATES RECORD WAS SET OR TIED.
MM INDICATES DATA IS MISSING.
T  INDICATES TRACE AMOUNT.




$$
