000
CDUS46 KSGX 240017
CLITRM


CLIMATE REPORT
NATIONAL WEATHER SERVICE SAN DIEGO, CA
517 PM PDT SAT SEP 23 2017


...................................

...THE THERMAL AIRPORT CA CLIMATE SUMMARY FOR SEPTEMBER 23 2017...
VALID TODAY AS OF 0500 PM LOCAL TIME.

CLIMATE NORMAL PERIOD 1981 TO 2010
CLIMATE RECORD PERIOD 1950 TO 2017


WEATHER ITEM   OBSERVED TIME   RECORD YEAR NORMAL DEPARTURE LAST
                VALUE   (LST)  VALUE       VALUE  FROM      YEAR
                                                  NORMAL
..................................................................
TEMPERATURE (F)
 TODAY
  MAXIMUM         88    350 PM 111    1966  99    -11       90
  MINIMUM         67    602 AM  53    2006  64      3       58
                                      2004
  AVERAGE         78                        82     -4       74

PRECIPITATION (IN)
  TODAY            0.00          1.78 1976   0.01  -0.01     0.00
  MONTH TO DATE    1.28                      0.19   1.09     0.29
  SINCE OCT 1      5.04                      3.15   1.89     2.27
  SINCE JAN 1      3.36                      2.34   1.02     1.84

DEGREE DAYS
 HEATING
  TODAY            0                         0      0        0
  MONTH TO DATE    0                         0      0        0
  SINCE SEP 1      0                         0      0        0
  SINCE JUL 1      0                         0      0        0

 COOLING
  TODAY           13                        16     -3        9
  MONTH TO DATE  504                       462     42      437
  SINCE SEP 1    504                       462     42      437
  SINCE JAN 1   3973                      3295    678     3774
..................................................................


WIND (MPH)
  RESULTANT WIND SPEED  11   RESULTANT WIND DIRECTION  NW (320)
  HIGHEST WIND SPEED    18   HIGHEST WIND DIRECTION    NW (330)
  HIGHEST GUST SPEED    24   HIGHEST GUST DIRECTION    NW (330)
  AVERAGE WIND SPEED    11.7


SKY COVER
  POSSIBLE SUNSHINE  MM
  AVERAGE SKY COVER 0.0


WEATHER CONDITIONS
 THE FOLLOWING WEATHER WAS RECORDED TODAY.
  NO SIGNIFICANT WEATHER WAS OBSERVED.


RELATIVE HUMIDITY (PERCENT)
 HIGHEST    53           200 AM
 LOWEST     12          1200 PM
 AVERAGE    33

..........................................................


THE THERMAL AIRPORT CA CLIMATE NORMALS FOR TOMORROW
                         NORMAL    RECORD    YEAR
 MAXIMUM TEMPERATURE (F)   99       108      2015
                                             1982
 MINIMUM TEMPERATURE (F)   63        50      2006


SUNRISE AND SUNSET
SEPTEMBER 23 2017.....SUNRISE   634 AM PDT   SUNSET   639 PM PDT
SEPTEMBER 24 2017.....SUNRISE   634 AM PDT   SUNSET   638 PM PDT


-  INDICATES NEGATIVE NUMBERS.
R  INDICATES RECORD WAS SET OR TIED.
MM INDICATES DATA IS MISSING.
T  INDICATES TRACE AMOUNT.




$$
