000
CDUS46 KSGX 291417
CLITRM


CLIMATE REPORT
NATIONAL WEATHER SERVICE SAN DIEGO, CA
717 AM PDT FRI APR 29 2016


...................................

...THE THERMAL AIRPORT CA CLIMATE SUMMARY FOR APRIL 28 2016...

CLIMATE NORMAL PERIOD 1981 TO 2010
CLIMATE RECORD PERIOD 1950 TO 2016


WEATHER ITEM   OBSERVED TIME   RECORD YEAR NORMAL DEPARTURE LAST
                VALUE   (LST)  VALUE       VALUE  FROM      YEAR
                                                  NORMAL
..................................................................
TEMPERATURE (F)
 YESTERDAY
  MAXIMUM         82    246 PM 107    2013  91     -9       99
  MINIMUM         59    411 AM  41    1970  57      2       54
  AVERAGE         71                        74     -3       77

PRECIPITATION (IN)
  YESTERDAY        0.00          T    2005   0.00   0.00     0.00
  MONTH TO DATE    0.35                      0.06   0.29      T
  SINCE OCT 1      1.98                      2.58  -0.60     0.77
  SINCE JAN 1      1.55                      1.77  -0.22     0.62

DEGREE DAYS
 HEATING
  YESTERDAY        0                         0      0        0
  MONTH TO DATE    0                        19    -19        0
  SINCE MAR 1     22                       111    -89       44
  SINCE JUL 1   1047                      1176   -129      749

 COOLING
  YESTERDAY        6                         9     -3       12
  MONTH TO DATE  232                       165     67      179
  SINCE MAR 1    360                       227    133      364
  SINCE JAN 1    425                       239    186      386
..................................................................


WIND (MPH)
  RESULTANT WIND SPEED  15   RESULTANT WIND DIRECTION   N (340)
  HIGHEST WIND SPEED    28   HIGHEST WIND DIRECTION    NW (310)
  HIGHEST GUST SPEED    39   HIGHEST GUST DIRECTION    NW (300)
  AVERAGE WIND SPEED    15.4


SKY COVER
  POSSIBLE SUNSHINE  MM
  AVERAGE SKY COVER 0.1


WEATHER CONDITIONS
 THE FOLLOWING WEATHER WAS RECORDED YESTERDAY.
  HAZE


RELATIVE HUMIDITY (PERCENT)
 HIGHEST    46           500 AM
 LOWEST     20           200 PM
 AVERAGE    33

..........................................................


THE THERMAL AIRPORT CA CLIMATE NORMALS FOR TODAY
                         NORMAL    RECORD    YEAR
 MAXIMUM TEMPERATURE (F)   91       106      2013
 MINIMUM TEMPERATURE (F)   57        38      1999


SUNRISE AND SUNSET
APRIL 29 2016.........SUNRISE   558 AM PDT   SUNSET   727 PM PDT
APRIL 30 2016.........SUNRISE   557 AM PDT   SUNSET   727 PM PDT


-  INDICATES NEGATIVE NUMBERS.
R  INDICATES RECORD WAS SET OR TIED.
MM INDICATES DATA IS MISSING.
T  INDICATES TRACE AMOUNT.




$$
