000
CDUS46 KPQR 021143
CLITTD


CLIMATE REPORT
NATIONAL WEATHER SERVICE PORTLAND OREGON
442 AM PDT THU OCT 2 2014


...................................

...THE TROUTDALE OR CLIMATE SUMMARY FOR OCTOBER 1 2014...

CLIMATE NORMAL PERIOD 1981 TO 2010
CLIMATE RECORD PERIOD 9999 TO 9999


WEATHER ITEM   OBSERVED TIME   NORMAL DEPARTURE LAST
                VALUE   (LST)  VALUE  FROM      YEAR
                                      NORMAL
......................................................
TEMPERATURE (F)
 YESTERDAY
  MAXIMUM         65    401 PM  71     -6       60
  MINIMUM         44    526 AM  47     -3       43
  AVERAGE         55            59     -4       52

PRECIPITATION (IN)
  YESTERDAY        0.00          0.08  -0.08     0.50
  MONTH TO DATE    0.00          0.08  -0.08     0.50
  SINCE OCT 1      0.00          0.08  -0.08     0.50
  SINCE JAN 1     22.70         28.65  -5.95    21.42

DEGREE DAYS
 HEATING
  YESTERDAY       10             7      3       13
  MONTH TO DATE   10             7      3       13

 COOLING
  YESTERDAY        0             0      0        0
  MONTH TO DATE    0             0      0        0
......................................................


WIND (MPH)
  HIGHEST WIND SPEED     8   HIGHEST WIND DIRECTION     S (160)
  HIGHEST GUST SPEED    10   HIGHEST GUST DIRECTION    SW (240)
  AVERAGE WIND SPEED     1.4


SKY COVER
  POSSIBLE SUNSHINE  MM
  AVERAGE SKY COVER 0.6


WEATHER CONDITIONS
 THE FOLLOWING WEATHER WAS RECORDED YESTERDAY.
  FOG
  FOG W/VISIBILITY <= 1/4 MILE


RELATIVE HUMIDITY (PERCENT)
 HIGHEST   100           100 AM
 LOWEST     48           100 PM
 AVERAGE    74

..........................................................


THE TROUTDALE OR CLIMATE NORMALS FOR TODAY
                         NORMAL    RECORD    YEAR
 MAXIMUM TEMPERATURE (F)   70        88      1988
 MINIMUM TEMPERATURE (F)   46        34      1999


SUNRISE AND SUNSET
OCTOBER  2 2014.......SUNRISE   709 AM PDT   SUNSET   648 PM PDT
OCTOBER  3 2014.......SUNRISE   711 AM PDT   SUNSET   646 PM PDT


-  INDICATES NEGATIVE NUMBERS.
R  INDICATES RECORD WAS SET OR TIED.
MM INDICATES DATA IS MISSING.
T  INDICATES TRACE AMOUNT.




$$
