000
CDUS46 KPQR 081145
CLITTD


CLIMATE REPORT
NATIONAL WEATHER SERVICE PORTLAND OREGON
344 AM PST THU DEC 8 2016


...................................

...THE TROUTDALE OR CLIMATE SUMMARY FOR DECEMBER 7 2016...

CLIMATE NORMAL PERIOD 1981 TO 2010
CLIMATE RECORD PERIOD 1948 TO 2016


WEATHER ITEM   OBSERVED TIME   RECORD YEAR NORMAL DEPARTURE LAST
                VALUE   (LST)  VALUE       VALUE  FROM      YEAR
                                                  NORMAL
..................................................................
TEMPERATURE (F)
 YESTERDAY
  MAXIMUM         38   1259 PM  62    2015  46     -8       62
  MINIMUM         27    641 AM  12    1956  34     -7       45
  AVERAGE         33                        40     -7       54

PRECIPITATION (IN)
  YESTERDAY        0.00                      0.22  -0.22     2.41
  MONTH TO DATE    0.29                      1.59  -1.30     3.95
  SINCE OCT 1     18.25                     12.82   5.43    12.74
  SINCE JAN 1     40.76                     41.39  -0.63    29.85

DEGREE DAYS
 HEATING
  YESTERDAY       32                        25      7       11
  MONTH TO DATE  167                       171     -4      142

 COOLING
  YESTERDAY        0                         0      0        0
  MONTH TO DATE    0                         0      0        0
..................................................................


WIND (MPH)
  HIGHEST WIND SPEED    33   HIGHEST WIND DIRECTION     E (90)
  HIGHEST GUST SPEED    44   HIGHEST GUST DIRECTION     E (90)
  AVERAGE WIND SPEED    15.1


SKY COVER
  POSSIBLE SUNSHINE  MM
  AVERAGE SKY COVER 0.0


WEATHER CONDITIONS
 THE FOLLOWING WEATHER WAS RECORDED YESTERDAY.
  FOG
  FOG W/VISIBILITY <= 1/4 MILE


RELATIVE HUMIDITY (PERCENT)
 HIGHEST    92           400 AM
 LOWEST     47           700 PM
 AVERAGE    70

..........................................................


THE TROUTDALE OR CLIMATE NORMALS FOR TODAY
                         NORMAL    RECORD    YEAR
 MAXIMUM TEMPERATURE (F)   45        64      2015
 MINIMUM TEMPERATURE (F)   34        12      1972


SUNRISE AND SUNSET
DECEMBER  8 2016......SUNRISE   738 AM PST   SUNSET   426 PM PST
DECEMBER  9 2016......SUNRISE   739 AM PST   SUNSET   426 PM PST


-  INDICATES NEGATIVE NUMBERS.
R  INDICATES RECORD WAS SET OR TIED.
MM INDICATES DATA IS MISSING.
T  INDICATES TRACE AMOUNT.




$$
