000
CDUS46 KPQR 271142
CLITTD


CLIMATE REPORT
NATIONAL WEATHER SERVICE PORTLAND OREGON
441 AM PDT WED JUL 27 2016


...................................

...THE TROUTDALE OR CLIMATE SUMMARY FOR JULY 26 2016...

CLIMATE NORMAL PERIOD 1981 TO 2010
CLIMATE RECORD PERIOD 1948 TO 2016


WEATHER ITEM   OBSERVED TIME   RECORD YEAR NORMAL DEPARTURE LAST
                VALUE   (LST)  VALUE       VALUE  FROM      YEAR
                                                  NORMAL
..................................................................
TEMPERATURE (F)
 YESTERDAY
  MAXIMUM         84    517 PM 102    1988  83      1       74
  MINIMUM         62   1156 PM  40    1989  55      7       55
  AVERAGE         73                        69      4       65

PRECIPITATION (IN)
  YESTERDAY        0.00                      0.02  -0.02     0.23
  MONTH TO DATE    0.76                      0.67   0.09     0.56
  SINCE OCT 1     40.05                     44.19  -4.14    29.53
  SINCE JAN 1     20.23                     25.79  -5.56    14.57

DEGREE DAYS
 HEATING
  YESTERDAY        0                         1     -1        0
  MONTH TO DATE    6                        31    -25        1

 COOLING
  YESTERDAY        8                         5      3        0
  MONTH TO DATE   87                        91     -4      223
..................................................................


WIND (MPH)
  HIGHEST WIND SPEED    10   HIGHEST WIND DIRECTION    NW (310)
  HIGHEST GUST SPEED    15   HIGHEST GUST DIRECTION    NW (320)
  AVERAGE WIND SPEED     3.7


SKY COVER
  POSSIBLE SUNSHINE  MM
  AVERAGE SKY COVER 0.4


WEATHER CONDITIONS
 THE FOLLOWING WEATHER WAS RECORDED YESTERDAY.
  NO SIGNIFICANT WEATHER WAS OBSERVED.


RELATIVE HUMIDITY (PERCENT)
 HIGHEST    84           100 AM
 LOWEST     40           500 PM
 AVERAGE    62

..........................................................


THE TROUTDALE OR CLIMATE NORMALS FOR TODAY
                         NORMAL    RECORD    YEAR
 MAXIMUM TEMPERATURE (F)   83       103      2009
 MINIMUM TEMPERATURE (F)   55        44      1959


SUNRISE AND SUNSET
JULY 27 2016..........SUNRISE   548 AM PDT   SUNSET   843 PM PDT
JULY 28 2016..........SUNRISE   550 AM PDT   SUNSET   842 PM PDT


-  INDICATES NEGATIVE NUMBERS.
R  INDICATES RECORD WAS SET OR TIED.
MM INDICATES DATA IS MISSING.
T  INDICATES TRACE AMOUNT.




$$
