000
CDUS46 KPQR 191146
CLITTD


CLIMATE REPORT
NATIONAL WEATHER SERVICE PORTLAND OREGON
345 AM PST FRI DEC 19 2014


...................................

...THE TROUTDALE OR CLIMATE SUMMARY FOR DECEMBER 18 2014...

CLIMATE NORMAL PERIOD 1981 TO 2010
CLIMATE RECORD PERIOD 9999 TO 9999


WEATHER ITEM   OBSERVED TIME   NORMAL DEPARTURE LAST
                VALUE   (LST)  VALUE  FROM      YEAR
                                      NORMAL
......................................................
TEMPERATURE (F)
 YESTERDAY
  MAXIMUM         48    740 PM  44      4       43
  MINIMUM         42    449 AM  33      9       30
  AVERAGE         45            38      7       37

PRECIPITATION (IN)
  YESTERDAY        0.22          0.23  -0.01     0.06
  MONTH TO DATE    2.08          4.07  -1.99     1.41
  SINCE OCT 1     12.74         15.30  -2.56     6.63
  SINCE JAN 1     35.44         43.87  -8.43    27.55

DEGREE DAYS
 HEATING
  YESTERDAY       20            27     -7       28
  MONTH TO DATE  380           458    -78      536

 COOLING
  YESTERDAY        0             0      0        0
  MONTH TO DATE    0             0      0        0
......................................................


WIND (MPH)
  HIGHEST WIND SPEED    28   HIGHEST WIND DIRECTION     E (90)
  HIGHEST GUST SPEED    35   HIGHEST GUST DIRECTION     E (90)
  AVERAGE WIND SPEED    17.5


SKY COVER
  POSSIBLE SUNSHINE  MM
  AVERAGE SKY COVER 1.0


WEATHER CONDITIONS
 THE FOLLOWING WEATHER WAS RECORDED YESTERDAY.
  RAIN
  LIGHT RAIN
  FOG


RELATIVE HUMIDITY (PERCENT)
 HIGHEST    86          1000 PM
 LOWEST     71           400 PM
 AVERAGE    79

..........................................................


THE TROUTDALE OR CLIMATE NORMALS FOR TODAY
                         NORMAL    RECORD    YEAR
 MAXIMUM TEMPERATURE (F)   44        59      1953
 MINIMUM TEMPERATURE (F)   33        10      1964


SUNRISE AND SUNSET
DECEMBER 19 2014......SUNRISE   746 AM PST   SUNSET   428 PM PST
DECEMBER 20 2014......SUNRISE   746 AM PST   SUNSET   428 PM PST


-  INDICATES NEGATIVE NUMBERS.
R  INDICATES RECORD WAS SET OR TIED.
MM INDICATES DATA IS MISSING.
T  INDICATES TRACE AMOUNT.




$$
