000
CDUS46 KPQR 061141
CLITTD


CLIMATE REPORT
NATIONAL WEATHER SERVICE PORTLAND OREGON
340 AM PST FRI MAR 6 2015


...................................

...THE TROUTDALE OR CLIMATE SUMMARY FOR MARCH 5 2015...

CLIMATE NORMAL PERIOD 1981 TO 2010
CLIMATE RECORD PERIOD 1948 TO 2015


WEATHER ITEM   OBSERVED TIME   RECORD YEAR NORMAL DEPARTURE LAST
                VALUE   (LST)  VALUE       VALUE  FROM      YEAR
                                                  NORMAL
..................................................................
TEMPERATURE (F)
 YESTERDAY
  MAXIMUM         61    439 PM  66    1986  54      7       60
  MINIMUM         29    535 AM  22    1960  37     -8       47
  AVERAGE         45                        45      0       54

PRECIPITATION (IN)
  YESTERDAY        0.00                      0.15  -0.15     0.77
  MONTH TO DATE    T                         0.78  -0.78     1.44
  SINCE OCT 1     20.84                     30.45  -9.61    15.09
  SINCE JAN 1      5.88                     12.05  -6.17     7.50

DEGREE DAYS
 HEATING
  YESTERDAY       20                        20      0       11
  MONTH TO DATE  100                       100      0       81

 COOLING
  YESTERDAY        0                         0      0        0
  MONTH TO DATE    0                         0      0        0
..................................................................


WIND (MPH)
  HIGHEST WIND SPEED     8   HIGHEST WIND DIRECTION     E (100)
  HIGHEST GUST SPEED    12   HIGHEST GUST DIRECTION    SW (220)
  AVERAGE WIND SPEED     1.8


SKY COVER
  POSSIBLE SUNSHINE  MM
  AVERAGE SKY COVER 0.0


WEATHER CONDITIONS
 THE FOLLOWING WEATHER WAS RECORDED YESTERDAY.
  NO SIGNIFICANT WEATHER WAS OBSERVED.


RELATIVE HUMIDITY (PERCENT)
 HIGHEST    85           500 AM
 LOWEST     31           300 PM
 AVERAGE    58

..........................................................


THE TROUTDALE OR CLIMATE NORMALS FOR TODAY
                         NORMAL    RECORD    YEAR
 MAXIMUM TEMPERATURE (F)   54        70      1965
 MINIMUM TEMPERATURE (F)   37        24      1960


SUNRISE AND SUNSET
MARCH  6 2015.........SUNRISE   639 AM PST   SUNSET   603 PM PST
MARCH  7 2015.........SUNRISE   637 AM PST   SUNSET   605 PM PST


-  INDICATES NEGATIVE NUMBERS.
R  INDICATES RECORD WAS SET OR TIED.
MM INDICATES DATA IS MISSING.
T  INDICATES TRACE AMOUNT.




$$
