000
CDUS46 KPQR 241150
CLITTD


CLIMATE REPORT
NATIONAL WEATHER SERVICE PORTLAND OREGON
449 AM PDT TUE MAY 24 2016


...................................

...THE TROUTDALE OR CLIMATE SUMMARY FOR MAY 23 2016...

CLIMATE NORMAL PERIOD 1981 TO 2010
CLIMATE RECORD PERIOD 1948 TO 2016


WEATHER ITEM   OBSERVED TIME   RECORD YEAR NORMAL DEPARTURE LAST
                VALUE   (LST)  VALUE       VALUE  FROM      YEAR
                                                  NORMAL
..................................................................
TEMPERATURE (F)
 YESTERDAY
  MAXIMUM         66    416 PM  92    1999  70     -4       62
  MINIMUM         53    601 AM  36    1950  48      5       54
  AVERAGE         60                        59      1       58

PRECIPITATION (IN)
  YESTERDAY        T                         0.09  -0.09     0.05
  MONTH TO DATE    1.72                      2.16  -0.44     0.82
  SINCE OCT 1     36.74                     40.32  -3.58    28.34
  SINCE JAN 1     16.92                     21.92  -5.00    13.38

DEGREE DAYS
 HEATING
  YESTERDAY        5                         7     -2        7
  MONTH TO DATE   89                       204   -115      139

 COOLING
  YESTERDAY        0                         1     -1        0
  MONTH TO DATE   23                         6     17        2
..................................................................


WIND (MPH)
  HIGHEST WIND SPEED    10   HIGHEST WIND DIRECTION    SW (240)
  HIGHEST GUST SPEED    15   HIGHEST GUST DIRECTION     W (250)
  AVERAGE WIND SPEED     3.4


SKY COVER
  POSSIBLE SUNSHINE  MM
  AVERAGE SKY COVER 0.7


WEATHER CONDITIONS
 THE FOLLOWING WEATHER WAS RECORDED YESTERDAY.
  LIGHT RAIN


RELATIVE HUMIDITY (PERCENT)
 HIGHEST    89           100 AM
 LOWEST     55          1000 AM
 AVERAGE    72

..........................................................


THE TROUTDALE OR CLIMATE NORMALS FOR TODAY
                         NORMAL    RECORD    YEAR
 MAXIMUM TEMPERATURE (F)   70        94      1999
 MINIMUM TEMPERATURE (F)   48        35      1964


SUNRISE AND SUNSET
MAY 24 2016...........SUNRISE   529 AM PDT   SUNSET   844 PM PDT
MAY 25 2016...........SUNRISE   529 AM PDT   SUNSET   845 PM PDT


-  INDICATES NEGATIVE NUMBERS.
R  INDICATES RECORD WAS SET OR TIED.
MM INDICATES DATA IS MISSING.
T  INDICATES TRACE AMOUNT.




$$
