000
CDUS41 KPHI 300626
CLITTN


CLIMATE REPORT
NATIONAL WEATHER SERVICE MOUNT HOLLY NJ
225 AM EDT TUE JUN 30 2015


...................................

...THE TRENTON NJ CLIMATE SUMMARY FOR JUNE 29 2015...

CLIMATE NORMAL PERIOD 1981 TO 2010
CLIMATE RECORD PERIOD 1865 TO 2015


WEATHER ITEM   OBSERVED TIME   RECORD YEAR NORMAL DEPARTURE LAST
                VALUE   (LST)  VALUE       VALUE  FROM      YEAR
                                                  NORMAL
..................................................................
TEMPERATURE (F)
 YESTERDAY
  MAXIMUM         78    500 PM 100    1934  84     -6       84
  MINIMUM         60    452 AM  50    1919  64     -4       63
  AVERAGE         69                        74     -5       74

PRECIPITATION (IN)
  YESTERDAY        0.00          2.33 1973   0.14  -0.14     0.00
  MONTH TO DATE    6.17                      4.28   1.89     2.24
  SINCE JUN 1      6.17                      4.28   1.89     2.24
  SINCE JAN 1     20.23                     21.80  -1.57    22.57

SNOWFALL (IN)
  YESTERDAY       MM            MM      MM  MM     MM       MM
  MONTH TO DATE   MM                        MM     MM       MM
  SINCE JUN 1     MM                        MM     MM       MM
  SINCE JUL 1     MM                        MM     MM       MM
  SNOW DEPTH      MM

DEGREE DAYS
 HEATING
  YESTERDAY        0                         0      0        0
  MONTH TO DATE   25                        22      3        3
  SINCE JUN 1     25                        22      3        3
  SINCE JUL 1   5398                      5158    240     5477

 COOLING
  YESTERDAY        4                         9     -5        9
  MONTH TO DATE  216                       181     35      190
  SINCE JUN 1    216                       181     35      190
  SINCE JAN 1    355                       238    117      234
..................................................................


WIND (MPH)
  HIGHEST WIND SPEED    15   HIGHEST WIND DIRECTION     W (260)
  HIGHEST GUST SPEED    20   HIGHEST GUST DIRECTION     W (260)
  AVERAGE WIND SPEED     6.5


SKY COVER
  POSSIBLE SUNSHINE  MM
  AVERAGE SKY COVER 0.2


WEATHER CONDITIONS
 THE FOLLOWING WEATHER WAS RECORDED YESTERDAY.
  NO SIGNIFICANT WEATHER WAS OBSERVED.


RELATIVE HUMIDITY (PERCENT)
 HIGHEST    78           300 AM
 LOWEST     45           500 PM
 AVERAGE    62

..........................................................


THE TRENTON NJ CLIMATE NORMALS FOR TODAY
                         NORMAL    RECORD    YEAR
 MAXIMUM TEMPERATURE (F)   84        98      1964
                                             1945
 MINIMUM TEMPERATURE (F)   64        52      1919


SUNRISE AND SUNSET
JUNE 30 2015..........SUNRISE   533 AM EDT   SUNSET   833 PM EDT
JULY  1 2015..........SUNRISE   533 AM EDT   SUNSET   833 PM EDT


-  INDICATES NEGATIVE NUMBERS.
R  INDICATES RECORD WAS SET OR TIED.
MM INDICATES DATA IS MISSING.
T  INDICATES TRACE AMOUNT.




$$
