000
CDUS41 KPHI 260633
CLITTN


CLIMATE REPORT
NATIONAL WEATHER SERVICE MOUNT HOLLY NJ
132 AM EST MON JAN 26 2015


...................................

...THE TRENTON NJ CLIMATE SUMMARY FOR JANUARY 25 2015...

CLIMATE NORMAL PERIOD 1981 TO 2010
CLIMATE RECORD PERIOD 1865 TO 2015


WEATHER ITEM   OBSERVED TIME   RECORD YEAR NORMAL DEPARTURE LAST
                VALUE   (LST)  VALUE       VALUE  FROM      YEAR
                                                  NORMAL
..................................................................
TEMPERATURE (F)
 YESTERDAY
  MAXIMUM         43   1256 PM  64    1967  39      4       25
  MINIMUM         30   1159 PM   0    1945  23      7       12
  AVERAGE         37                        31      6       19

PRECIPITATION (IN)
  YESTERDAY        T             1.62 2010   0.11  -0.11     0.15
  MONTH TO DATE    4.34                      2.56   1.78     3.24
  SINCE DEC 1      8.48                      6.26   2.22     7.68
  SINCE JAN 1      4.34                      2.56   1.78     3.24

SNOWFALL (IN)
  YESTERDAY       MM            MM      MM  MM     MM       MM
  MONTH TO DATE   MM                        MM     MM       MM
  SINCE DEC 1     MM                        MM     MM       MM
  SINCE JUL 1     MM                        MM     MM       MM
  SNOW DEPTH      MM

DEGREE DAYS
 HEATING
  YESTERDAY       28                        34     -6       46
  MONTH TO DATE  893                       849     44      939
  SINCE DEC 1   1691                      1768    -77     1839
  SINCE JUL 1   2661                      2744    -83     2826

 COOLING
  YESTERDAY        0                         0      0        0
  MONTH TO DATE    0                         0      0        0
  SINCE DEC 1      0                         0      0        0
  SINCE JAN 1      0                         0      0        0
..................................................................


WIND (MPH)
  HIGHEST WIND SPEED    18   HIGHEST WIND DIRECTION     W (280)
  HIGHEST GUST SPEED    27   HIGHEST GUST DIRECTION     W (280)
  AVERAGE WIND SPEED     8.5


SKY COVER
  POSSIBLE SUNSHINE  MM
  AVERAGE SKY COVER 0.7


WEATHER CONDITIONS
 THE FOLLOWING WEATHER WAS RECORDED YESTERDAY.
  LIGHT SNOW


RELATIVE HUMIDITY (PERCENT)
 HIGHEST    75           700 AM
 LOWEST     44           900 PM
 AVERAGE    60

..........................................................


THE TRENTON NJ CLIMATE NORMALS FOR TODAY
                         NORMAL    RECORD    YEAR
 MAXIMUM TEMPERATURE (F)   39        72      1950
 MINIMUM TEMPERATURE (F)   24         1      1905


SUNRISE AND SUNSET
JANUARY 26 2015.......SUNRISE   714 AM EST   SUNSET   510 PM EST
JANUARY 27 2015.......SUNRISE   713 AM EST   SUNSET   511 PM EST


-  INDICATES NEGATIVE NUMBERS.
R  INDICATES RECORD WAS SET OR TIED.
MM INDICATES DATA IS MISSING.
T  INDICATES TRACE AMOUNT.




$$
