000
CDUS41 KPHI 220630
CLITTN


CLIMATE REPORT
NATIONAL WEATHER SERVICE MOUNT HOLLY NJ
130 AM EST SUN JAN 22 2017


...................................

...THE TRENTON NJ CLIMATE SUMMARY FOR JANUARY 21 2017...

CLIMATE NORMAL PERIOD 1981 TO 2010
CLIMATE RECORD PERIOD 1865 TO 2017


WEATHER ITEM   OBSERVED TIME   RECORD YEAR NORMAL DEPARTURE LAST
                VALUE   (LST)  VALUE       VALUE  FROM      YEAR
                                                  NORMAL
..................................................................
TEMPERATURE (F)
 YESTERDAY
  MAXIMUM         46    605 PM  64    2006  39      7       35
                                      1959
  MINIMUM         41    634 AM -10    1985  23     18       24
  AVERAGE         44                        31     13       30

PRECIPITATION (IN)
  YESTERDAY        0.00          2.22 1979   0.09  -0.09     0.00
  MONTH TO DATE    1.96                      2.15  -0.19     1.84
  SINCE DEC 1      4.61                      5.85  -1.24     6.25
  SINCE JAN 1      1.96                      2.15  -0.19     1.84

DEGREE DAYS
 HEATING
  YESTERDAY       21                        34    -13       35
  MONTH TO DATE  620                       713    -93      688
  SINCE DEC 1   1494                      1632   -138     1175
  SINCE JUL 1   2304                      2608   -304     1921

 COOLING
  YESTERDAY        0                         0      0        0
  MONTH TO DATE    0                         0      0        0
  SINCE DEC 1      0                         0      0        2
  SINCE JAN 1      0                         0      0        0
..................................................................


WIND (MPH)
  HIGHEST WIND SPEED    10   HIGHEST WIND DIRECTION     W (270)
  HIGHEST GUST SPEED    13   HIGHEST GUST DIRECTION     W (270)
  AVERAGE WIND SPEED     2.7


SKY COVER
  POSSIBLE SUNSHINE  MM
  AVERAGE SKY COVER 1.0


WEATHER CONDITIONS
 THE FOLLOWING WEATHER WAS RECORDED YESTERDAY.
  FOG
  FOG W/VISIBILITY <= 1/4 MILE


RELATIVE HUMIDITY (PERCENT)
 HIGHEST   100          1200 AM
 LOWEST     92          1100 AM
 AVERAGE    96

..........................................................


THE TRENTON NJ CLIMATE NORMALS FOR TODAY
                         NORMAL    RECORD    YEAR
 MAXIMUM TEMPERATURE (F)   39        72      1906
 MINIMUM TEMPERATURE (F)   23       -13      1984


SUNRISE AND SUNSET
JANUARY 22 2017.......SUNRISE   716 AM EST   SUNSET   506 PM EST
JANUARY 23 2017.......SUNRISE   715 AM EST   SUNSET   507 PM EST


-  INDICATES NEGATIVE NUMBERS.
R  INDICATES RECORD WAS SET OR TIED.
MM INDICATES DATA IS MISSING.
T  INDICATES TRACE AMOUNT.




$$
