000
CDUS41 KPHI 010628
CLITTN


CLIMATE REPORT
NATIONAL WEATHER SERVICE MOUNT HOLLY NJ
228 AM EDT WED OCT 1 2014


...................................

...THE TRENTON NJ CLIMATE SUMMARY FOR SEPTEMBER 30 2014...

CLIMATE NORMAL PERIOD 1981 TO 2010
CLIMATE RECORD PERIOD 1865 TO 2014


WEATHER ITEM   OBSERVED TIME   RECORD YEAR NORMAL DEPARTURE LAST
                VALUE   (LST)  VALUE       VALUE  FROM      YEAR
                                                  NORMAL
..................................................................
TEMPERATURE (F)
 YESTERDAY
  MAXIMUM         77    139 PM  85    1986  71      6       74
                                      1953
                                      1921
  MINIMUM         60    627 AM  35    1912  50     10       47
  AVERAGE         69                        60      9       61

PRECIPITATION (IN)
  YESTERDAY        0.00          1.50 1924   0.16  -0.16     0.00
  MONTH TO DATE    1.05                      4.27  -3.22     1.61
  SINCE SEP 1      1.05                      4.27  -3.22     1.61
  SINCE JAN 1     32.51                     35.25  -2.74    33.96

SNOWFALL (IN)
  YESTERDAY       MM            MM      MM  MM     MM       MM
  MONTH TO DATE   MM                        MM     MM       MM
  SINCE SEP 1     MM                        MM     MM       MM
  SINCE JUL 1     MM                        MM     MM       MM
  SNOW DEPTH      MM

DEGREE DAYS
 HEATING
  YESTERDAY        0                         6     -6        4
  MONTH TO DATE   48                        61    -13       88
  SINCE SEP 1     48                        62    -14       88
  SINCE JUL 1     48                        65    -17       88

 COOLING
  YESTERDAY        4                         1      3        0
  MONTH TO DATE  133                        99     34       91
  SINCE SEP 1    133                        99     34       91
  SINCE JAN 1    916                       955    -39     1041
..................................................................


WIND (MPH)
  HIGHEST WIND SPEED    15   HIGHEST WIND DIRECTION     E (110)
  HIGHEST GUST SPEED    19   HIGHEST GUST DIRECTION     E (100)
  AVERAGE WIND SPEED     4.6


SKY COVER
  POSSIBLE SUNSHINE  MM
  AVERAGE SKY COVER 0.2


WEATHER CONDITIONS
 THE FOLLOWING WEATHER WAS RECORDED YESTERDAY.
  FOG


RELATIVE HUMIDITY (PERCENT)
 HIGHEST    93          1200 AM
 LOWEST     41           100 PM
 AVERAGE    67

..........................................................


THE TRENTON NJ CLIMATE NORMALS FOR TODAY
                         NORMAL    RECORD    YEAR
 MAXIMUM TEMPERATURE (F)   70        86      1927
                                             1897
 MINIMUM TEMPERATURE (F)   50        33      1993


SUNRISE AND SUNSET
OCTOBER  1 2014.......SUNRISE   656 AM EDT   SUNSET   642 PM EDT
OCTOBER  2 2014.......SUNRISE   657 AM EDT   SUNSET   640 PM EDT


-  INDICATES NEGATIVE NUMBERS.
R  INDICATES RECORD WAS SET OR TIED.
MM INDICATES DATA IS MISSING.
T  INDICATES TRACE AMOUNT.




$$
