000
CDUS41 KPHI 240547
CLITTN


CLIMATE REPORT
NATIONAL WEATHER SERVICE MOUNT HOLLY NJ
1246 AM EST WED JAN 24 2018


...................................

...THE TRENTON NJ CLIMATE SUMMARY FOR JANUARY 23 2018...

CLIMATE NORMAL PERIOD 1981 TO 2010
CLIMATE RECORD PERIOD 1865 TO 2018


WEATHER ITEM   OBSERVED TIME   RECORD YEAR NORMAL DEPARTURE LAST
                VALUE   (LST)  VALUE       VALUE  FROM      YEAR
                                                  NORMAL
..................................................................
TEMPERATURE (F)
 YESTERDAY
  MAXIMUM         61    326 PM  72    1906  39     22       45
  MINIMUM         38    304 AM  -3    1936  23     15       37
  AVERAGE         50                        31     19       41

PRECIPITATION (IN)
  YESTERDAY        0.15          2.30 1998   0.10   0.05     1.11
  MONTH TO DATE    1.70                      2.34  -0.64     3.15
  SINCE DEC 1      3.29                      6.04  -2.75     5.80
  SINCE JAN 1      1.70                      2.34  -0.64     3.15

DEGREE DAYS
 HEATING
  YESTERDAY       15                        34    -19       24
  MONTH TO DATE  821                       781     40      662
  SINCE DEC 1   1788                      1700     88     1536
  SINCE JUL 1   2574                      2676   -102     2346

 COOLING
  YESTERDAY        0                         0      0        0
  MONTH TO DATE    0                         0      0        0
  SINCE DEC 1      0                         0      0        0
  SINCE JAN 1      0                         0      0        0
..................................................................


WIND (MPH)
  HIGHEST WIND SPEED    23   HIGHEST WIND DIRECTION    NW (300)
  HIGHEST GUST SPEED    33   HIGHEST GUST DIRECTION     W (290)
  AVERAGE WIND SPEED     8.9


SKY COVER
  POSSIBLE SUNSHINE  MM
  AVERAGE SKY COVER 0.6


WEATHER CONDITIONS
 THE FOLLOWING WEATHER WAS RECORDED YESTERDAY.
  RAIN
  FOG


RELATIVE HUMIDITY (PERCENT)
 HIGHEST   100           600 AM
 LOWEST     50           800 PM
 AVERAGE    75

..........................................................


THE TRENTON NJ CLIMATE NORMALS FOR TODAY
                         NORMAL    RECORD    YEAR
 MAXIMUM TEMPERATURE (F)   39        70      1967
 MINIMUM TEMPERATURE (F)   23        -1      1907


SUNRISE AND SUNSET
JANUARY 24 2018.......SUNRISE   715 AM EST   SUNSET   508 PM EST
JANUARY 25 2018.......SUNRISE   714 AM EST   SUNSET   509 PM EST


-  INDICATES NEGATIVE NUMBERS.
R  INDICATES RECORD WAS SET OR TIED.
MM INDICATES DATA IS MISSING.
T  INDICATES TRACE AMOUNT.




$$
