000
CDUS41 KPHI 252128
CLITTN


CLIMATE REPORT
NATIONAL WEATHER SERVICE MOUNT HOLLY NJ
527 PM EDT SUN SEP 25 2016


...................................

...THE TRENTON NJ CLIMATE SUMMARY FOR SEPTEMBER 25 2016...
VALID TODAY AS OF 0500 PM LOCAL TIME.

CLIMATE NORMAL PERIOD 1981 TO 2010
CLIMATE RECORD PERIOD 1865 TO 2016


WEATHER ITEM   OBSERVED TIME   RECORD YEAR NORMAL DEPARTURE LAST
                VALUE   (LST)  VALUE       VALUE  FROM      YEAR
                                                  NORMAL
..................................................................
TEMPERATURE (F)
 TODAY
  MAXIMUM         71    359 PM  92    1970  73     -2       76
  MINIMUM         48    603 AM  36    1997  53     -5       60
  AVERAGE         60                        62     -2       68

PRECIPITATION (IN)
  TODAY            0.00          2.12 1940   0.15  -0.15     0.00
  MONTH TO DATE    1.73                      3.46  -1.73     1.99
  SINCE SEP 1      1.73                      3.46  -1.73     1.99
  SINCE JAN 1     26.53                     34.44  -7.91    28.11

SNOWFALL (IN)
  TODAY           MM            MM      MM  MM     MM       MM
  MONTH TO DATE   MM                        MM     MM       MM
  SINCE SEP 1     MM                        MM     MM       MM
  SINCE JUL 1     MM                        MM     MM       MM
  SNOW DEPTH      MM

DEGREE DAYS
 HEATING
  TODAY            5                         4      1        0
  MONTH TO DATE    6                        36    -30        3
  SINCE SEP 1      6                        36    -30        3
  SINCE JUL 1      6                        39    -33        3

 COOLING
  TODAY            0                         1     -1        3
  MONTH TO DATE  201                        94    107      181
  SINCE SEP 1    201                        94    107      181
  SINCE JAN 1   1352                       950    402     1242
..................................................................


WIND (MPH)
  HIGHEST WIND SPEED    14   HIGHEST WIND DIRECTION     N (20)
  HIGHEST GUST SPEED    17   HIGHEST GUST DIRECTION     N (350)
  AVERAGE WIND SPEED     6.3


SKY COVER
  POSSIBLE SUNSHINE  MM
  AVERAGE SKY COVER 0.0


WEATHER CONDITIONS
 THE FOLLOWING WEATHER WAS RECORDED TODAY.
  NO SIGNIFICANT WEATHER WAS OBSERVED.


RELATIVE HUMIDITY (PERCENT)
 HIGHEST    77           400 AM
 LOWEST     31           400 PM
 AVERAGE    54

..........................................................


THE TRENTON NJ CLIMATE NORMALS FOR TOMORROW
                         NORMAL    RECORD    YEAR
 MAXIMUM TEMPERATURE (F)   72        92      1895
 MINIMUM TEMPERATURE (F)   52        38      1983


SUNRISE AND SUNSET
SEPTEMBER 25 2016.....SUNRISE   650 AM EDT   SUNSET   651 PM EDT
SEPTEMBER 26 2016.....SUNRISE   651 AM EDT   SUNSET   649 PM EDT


-  INDICATES NEGATIVE NUMBERS.
R  INDICATES RECORD WAS SET OR TIED.
MM INDICATES DATA IS MISSING.
T  INDICATES TRACE AMOUNT.




$$
