000
CDUS41 KPHI 240544
CLITTN


CLIMATE REPORT
NATIONAL WEATHER SERVICE MOUNT HOLLY NJ
144 AM EDT SUN SEP 24 2017


...................................

...THE TRENTON NJ CLIMATE SUMMARY FOR SEPTEMBER 23 2017...

CLIMATE NORMAL PERIOD 1981 TO 2010
CLIMATE RECORD PERIOD 1865 TO 2017


WEATHER ITEM   OBSERVED TIME   RECORD YEAR NORMAL DEPARTURE LAST
                VALUE   (LST)  VALUE       VALUE  FROM      YEAR
                                                  NORMAL
..................................................................
TEMPERATURE (F)
 YESTERDAY
  MAXIMUM         88    358 PM  97    1895  73     15       88
  MINIMUM         64    424 AM  38    1904  53     11       56
  AVERAGE         76                        63     13       72

PRECIPITATION (IN)
  YESTERDAY        0.00          2.34 1975   0.15  -0.15     0.00
  MONTH TO DATE    1.86                      3.15  -1.29     1.73
  SINCE SEP 1      1.86                      3.15  -1.29     1.73
  SINCE JAN 1     33.03                     34.13  -1.10    26.53

DEGREE DAYS
 HEATING
  YESTERDAY        0                         3     -3        0
  MONTH TO DATE   20                        28     -8        0
  SINCE SEP 1     20                        28     -8        0
  SINCE JUL 1     21                        31    -10        0

 COOLING
  YESTERDAY       11                         2      9        7
  MONTH TO DATE  114                        91     23      201
  SINCE SEP 1    114                        91     23      201
  SINCE JAN 1   1034                       947     87     1352
..................................................................


WIND (MPH)
  HIGHEST WIND SPEED    15   HIGHEST WIND DIRECTION     N (360)
  HIGHEST GUST SPEED    20   HIGHEST GUST DIRECTION     N (360)
  AVERAGE WIND SPEED     6.4


SKY COVER
  POSSIBLE SUNSHINE  MM
  AVERAGE SKY COVER 0.0


WEATHER CONDITIONS
 THE FOLLOWING WEATHER WAS RECORDED YESTERDAY.
  NO SIGNIFICANT WEATHER WAS OBSERVED.


RELATIVE HUMIDITY (PERCENT)
 HIGHEST    81          1100 PM
 LOWEST     34           400 PM
 AVERAGE    58

..........................................................


THE TRENTON NJ CLIMATE NORMALS FOR TODAY
                         NORMAL    RECORD    YEAR
 MAXIMUM TEMPERATURE (F)   73        92      1970
 MINIMUM TEMPERATURE (F)   53        37      1963


SUNRISE AND SUNSET
SEPTEMBER 24 2017.....SUNRISE   649 AM EDT   SUNSET   653 PM EDT
SEPTEMBER 25 2017.....SUNRISE   650 AM EDT   SUNSET   651 PM EDT


-  INDICATES NEGATIVE NUMBERS.
R  INDICATES RECORD WAS SET OR TIED.
MM INDICATES DATA IS MISSING.
T  INDICATES TRACE AMOUNT.




$$
