000
CDUS44 KTSA 261413
CLITUL

CLIMATE REPORT
NATIONAL WEATHER SERVICE TULSA OK
912 AM CDT SAT JUL 26 2014


...................................

...THE TULSA OKLAHOMA CLIMATE SUMMARY FOR JULY 26 2014...
VALID AS OF 0900 AM LOCAL TIME.

CLIMATE NORMAL PERIOD 1981 TO 2010
CLIMATE RECORD PERIOD 1882 TO 2014


WEATHER ITEM   OBSERVED TIME   RECORD YEAR NORMAL DEPARTURE LAST
                VALUE   (LST)  VALUE       VALUE  FROM      YEAR
                                                  NORMAL
..................................................................
TEMPERATURE (F)
 TODAY
  MAXIMUM         83    759 AM 106    1978  94    -11       82
                                      1934
  MINIMUM         78    554 AM  60    2004  73      5       68
                                      1905
  AVERAGE         81                        84     -3       75

PRECIPITATION (IN)
  TODAY            0.00          1.81 1928   0.09  -0.09     0.81
  MONTH TO DATE    2.48                      2.89  -0.41     3.70
  SINCE JUN 1      7.15                      7.61  -0.46     5.39
  SINCE JAN 1     15.60                     24.11  -8.51    19.27

DEGREE DAYS
 COOLING
  TODAY           16                        19     -3       10
  MONTH TO DATE  351                       461   -110      439
  SINCE JUN 1    754                       840    -86      870
  SINCE JAN 1   1025                      1074    -49     1062
..................................................................


WIND (MPH)
  HIGHEST WIND SPEED    18   HIGHEST WIND DIRECTION     S (180)
  HIGHEST GUST SPEED    23   HIGHEST GUST DIRECTION     S (180)
  AVERAGE WIND SPEED    11.9


SKY COVER
  POSSIBLE SUNSHINE  MM
  AVERAGE SKY COVER 0.3


WEATHER CONDITIONS
 THE FOLLOWING WEATHER WAS RECORDED TODAY.
  NO SIGNIFICANT WEATHER WAS OBSERVED.


RELATIVE HUMIDITY (PERCENT)
 HIGHEST    79           500 AM
 LOWEST     69           800 AM
 AVERAGE    74

..........................................................


THE TULSA OKLAHOMA CLIMATE NORMALS FOR TOMORROW
                         NORMAL    RECORD    YEAR
 MAXIMUM TEMPERATURE (F)   94       107      2011
 MINIMUM TEMPERATURE (F)   73        59      1971


SUNRISE AND SUNSET
JULY 26 2014..........SUNRISE   626 AM CDT   SUNSET   834 PM CDT
JULY 27 2014..........SUNRISE   627 AM CDT   SUNSET   833 PM CDT


-  INDICATES NEGATIVE NUMBERS.
R  INDICATES RECORD WAS SET OR TIED.
MM INDICATES DATA IS MISSING.
T  INDICATES TRACE AMOUNT.




$$

&&
...........................................................

HOURLY TEMPERATURE DATA
 YESTERDAY
11AM NOON  1PM  2PM  3PM  4PM  5PM  6PM  7PM  8PM  9PM 10PM 11PM
  84   88   91   92   94   95   94   94   93   91   88   86   84

 TODAY
 MID  1AM  2AM  3AM  4AM  5AM  6AM  7AM  8AM  9AM
  83   82   81   80   80   80   79   78   80   82
...........................................................
ALL DATA MEASURED AT THE TULSA INTERNATIONAL AIRPORT...
EXCEPT SNOWFALL...WHICH IS MEASURED AT THE NWS OFFICE.
