000
CDUS44 KTSA 250648
CLITUL

CLIMATE REPORT
NATIONAL WEATHER SERVICE TULSA OK
1247 AM CST SAT FEB 25 2017


...................................

...THE TULSA OKLAHOMA CLIMATE SUMMARY FOR FEBRUARY 24 2017...

CLIMATE NORMAL PERIOD 1981 TO 2010
CLIMATE RECORD PERIOD 1882 TO 2017


WEATHER ITEM   OBSERVED TIME   RECORD YEAR NORMAL DEPARTURE LAST
                VALUE   (LST)  VALUE       VALUE  FROM      YEAR
                                                  NORMAL
..................................................................
TEMPERATURE (F)
 YESTERDAY
  MAXIMUM         74   1209 AM  85    1918  56     18       56
  MINIMUM         31   1159 PM   8    2003  34     -3       35
                                      1965
                                      1910
  AVERAGE         53                        45      8       46

PRECIPITATION (IN)
  YESTERDAY        0.00          0.92 2011   0.07  -0.07     0.00
  MONTH TO DATE    1.18                      1.53  -0.35     0.59
  SINCE DEC 1      5.04                      5.68  -0.64     9.80
  SINCE JAN 1      4.60                      3.19   1.41     1.20

SNOWFALL (IN)
  YESTERDAY        0.0                                       0.0
  MONTH TO DATE    0.0                                       0.0
  SINCE DEC 1      0.7                                       3.0
  SINCE JUL 1      0.7                                       3.0

DEGREE DAYS
 HEATING
  YESTERDAY       12                        20     -8       19
  MONTH TO DATE  330                       560   -230      405
  SINCE DEC 1   1819                      2197   -378     1792
  SINCE JUL 1   2158                      2833   -675     2267
..................................................................


WIND (MPH)
  HIGHEST WIND SPEED    28   HIGHEST WIND DIRECTION    NW (300)
  HIGHEST GUST SPEED    35   HIGHEST GUST DIRECTION    NW (300)
  AVERAGE WIND SPEED    16.0


SKY COVER
  POSSIBLE SUNSHINE  MM
  AVERAGE SKY COVER 0.2


WEATHER CONDITIONS
 THE FOLLOWING WEATHER WAS RECORDED YESTERDAY.
  NO SIGNIFICANT WEATHER WAS OBSERVED.


RELATIVE HUMIDITY (PERCENT)
 HIGHEST    83           500 AM
 LOWEST     38           200 PM
 AVERAGE    61

..........................................................


THE TULSA OKLAHOMA CLIMATE NORMALS FOR TODAY
                         NORMAL    RECORD    YEAR
 MAXIMUM TEMPERATURE (F)   56        82      1917
 MINIMUM TEMPERATURE (F)   34        10      1965


SUNRISE AND SUNSET
FEBRUARY 25 2017......SUNRISE   659 AM CST   SUNSET   615 PM CST
FEBRUARY 26 2017......SUNRISE   657 AM CST   SUNSET   616 PM CST


-  INDICATES NEGATIVE NUMBERS.
R  INDICATES RECORD WAS SET OR TIED.
MM INDICATES DATA IS MISSING.
T  INDICATES TRACE AMOUNT.




$$

&&
...........................................................

THE TULSA PRECIPITATION NORMALS FOR TODAY
                       NORMAL    RECORD      YEAR
  TODAY                 0.08      1.21       2013
  MONTH TO DATE         1.61
  YEAR TO DATE          3.27
...........................................................
ALL DATA MEASURED AT THE TULSA INTERNATIONAL AIRPORT...
EXCEPT SNOWFALL...WHICH IS MEASURED AT THE NWS OFFICE.
