000
CDUS44 KTSA 210707
CLITUL

CLIMATE REPORT
NATIONAL WEATHER SERVICE TULSA OK
1247 AM CST SAT JAN 21 2017


...................................

...THE TULSA OKLAHOMA CLIMATE SUMMARY FOR JANUARY 20 2017...

CLIMATE NORMAL PERIOD 1981 TO 2010
CLIMATE RECORD PERIOD 1882 TO 2017


WEATHER ITEM   OBSERVED TIME   RECORD YEAR NORMAL DEPARTURE LAST
                VALUE   (LST)  VALUE       VALUE  FROM      YEAR
                                                  NORMAL
..................................................................
TEMPERATURE (F)
 YESTERDAY
  MAXIMUM         70    303 PM  77    1986  48     22       34
  MINIMUM         49    537 AM  -3    1985  27     22       27
  AVERAGE         60                        38     22       31

PRECIPITATION (IN)
  YESTERDAY        0.00          1.63 1904   0.06  -0.06      T
  MONTH TO DATE    1.75                      1.05   0.70     0.61
  SINCE DEC 1      2.19                      3.54  -1.35     9.21
  SINCE JAN 1      1.75                      1.05   0.70     0.61

SNOWFALL (IN)
  YESTERDAY        0.0                                        T
  MONTH TO DATE    0.2                                       2.5
  SINCE DEC 1      0.7                                       3.0
  SINCE JUL 1      0.7                                       3.0

DEGREE DAYS
 HEATING
  YESTERDAY        5                        27    -22       34
  MONTH TO DATE  493                       555    -62      594
  SINCE DEC 1   1277                      1347    -70     1155
  SINCE JUL 1   1616                      1983   -367     1630
..................................................................


WIND (MPH)
  HIGHEST WIND SPEED    22   HIGHEST WIND DIRECTION    SW (240)
  HIGHEST GUST SPEED    35   HIGHEST GUST DIRECTION    SW (230)
  AVERAGE WIND SPEED    11.5


SKY COVER
  POSSIBLE SUNSHINE  MM
  AVERAGE SKY COVER 0.5


WEATHER CONDITIONS
 THE FOLLOWING WEATHER WAS RECORDED YESTERDAY.
  FOG


RELATIVE HUMIDITY (PERCENT)
 HIGHEST    93           100 AM
 LOWEST     24           500 PM
 AVERAGE    59

..........................................................


THE TULSA OKLAHOMA CLIMATE NORMALS FOR TODAY
                         NORMAL    RECORD    YEAR
 MAXIMUM TEMPERATURE (F)   48        75      1957
 MINIMUM TEMPERATURE (F)   27        -1      1918


SUNRISE AND SUNSET
JANUARY 21 2017.......SUNRISE   731 AM CST   SUNSET   539 PM CST
JANUARY 22 2017.......SUNRISE   731 AM CST   SUNSET   540 PM CST


-  INDICATES NEGATIVE NUMBERS.
R  INDICATES RECORD WAS SET OR TIED.
MM INDICATES DATA IS MISSING.
T  INDICATES TRACE AMOUNT.




$$

&&
...........................................................

THE TULSA PRECIPITATION NORMALS FOR TODAY
                       NORMAL    RECORD      YEAR
  TODAY                 0.05      2.20       1916
  MONTH TO DATE         1.10
  YEAR TO DATE          1.10
...........................................................
ALL DATA MEASURED AT THE TULSA INTERNATIONAL AIRPORT...
EXCEPT SNOWFALL...WHICH IS MEASURED AT THE NWS OFFICE.
