000
CDUS44 KTSA 280654
CLITUL

CLIMATE REPORT
NATIONAL WEATHER SERVICE TULSA OK
147 AM CDT THU MAY 28 2015


...................................

...THE TULSA OKLAHOMA CLIMATE SUMMARY FOR MAY 27 2015...

CLIMATE NORMAL PERIOD 1981 TO 2010
CLIMATE RECORD PERIOD 1882 TO 2015


WEATHER ITEM   OBSERVED TIME   RECORD YEAR NORMAL DEPARTURE LAST
                VALUE   (LST)  VALUE       VALUE  FROM      YEAR
                                                  NORMAL
..................................................................
TEMPERATURE (F)
 YESTERDAY
  MAXIMUM         87    304 PM  94    1911  82      5       73
  MINIMUM         65    456 AM  45    1961  62      3       64
                                      1907
  AVERAGE         76                        72      4       69

PRECIPITATION (IN)
  YESTERDAY        0.00          6.95 1984   0.19  -0.19     0.14
  MONTH TO DATE   12.09                      5.16   6.93     3.31
  SINCE MAR 1     19.90                     12.24   7.66     7.80
  SINCE JAN 1     22.22                     15.75   6.47     8.25

DEGREE DAYS
 COOLING
  YESTERDAY       11                         8      3        4
  MONTH TO DATE  118                       136    -18      192
  SINCE MAR 1    192                       200     -8      226
  SINCE JAN 1    192                       201     -9      226
..................................................................


WIND (MPH)
  HIGHEST WIND SPEED    16   HIGHEST WIND DIRECTION     S (170)
  HIGHEST GUST SPEED    19   HIGHEST GUST DIRECTION     S (170)
  AVERAGE WIND SPEED     6.9


SKY COVER
  POSSIBLE SUNSHINE  MM
  AVERAGE SKY COVER 0.7


WEATHER CONDITIONS
 THE FOLLOWING WEATHER WAS RECORDED YESTERDAY.
  NO SIGNIFICANT WEATHER WAS OBSERVED.


RELATIVE HUMIDITY (PERCENT)
 HIGHEST   100           500 AM
 LOWEST     51           300 PM
 AVERAGE    76

..........................................................


THE TULSA OKLAHOMA CLIMATE NORMALS FOR TODAY
                         NORMAL    RECORD    YEAR
 MAXIMUM TEMPERATURE (F)   82        94      2012
                                             1926
 MINIMUM TEMPERATURE (F)   63        45      1947
                                             1907


SUNRISE AND SUNSET
MAY 28 2015...........SUNRISE   609 AM CDT   SUNSET   833 PM CDT
MAY 29 2015...........SUNRISE   609 AM CDT   SUNSET   833 PM CDT


-  INDICATES NEGATIVE NUMBERS.
R  INDICATES RECORD WAS SET OR TIED.
MM INDICATES DATA IS MISSING.
T  INDICATES TRACE AMOUNT.




$$

&&
...........................................................

THE TULSA PRECIPITATION NORMALS FOR TODAY
                       NORMAL    RECORD      YEAR
  TODAY                 0.19      2.08       1905
  MONTH TO DATE         5.35
  YEAR TO DATE         15.94
...........................................................
ALL DATA MEASURED AT THE TULSA INTERNATIONAL AIRPORT...
EXCEPT SNOWFALL...WHICH IS MEASURED AT THE NWS OFFICE.
