000
CDUS44 KTSA 250653
CLITUL

CLIMATE REPORT
NATIONAL WEATHER SERVICE TULSA OK
1246 AM CST SUN FEB 25 2018


...................................

...THE TULSA OKLAHOMA CLIMATE SUMMARY FOR FEBRUARY 24 2018...

CLIMATE NORMAL PERIOD 1981 TO 2010
CLIMATE RECORD PERIOD 1882 TO 2018


WEATHER ITEM   OBSERVED TIME   RECORD YEAR NORMAL DEPARTURE LAST
                VALUE   (LST)  VALUE       VALUE  FROM      YEAR
                                                  NORMAL
..................................................................
TEMPERATURE (F)
 YESTERDAY
  MAXIMUM         56    339 PM  85    1918  56      0       74
  MINIMUM         34   1159 PM   8    2003  34      0       31
                                      1965
                                      1910
  AVERAGE         45                        45      0       53

PRECIPITATION (IN)
  YESTERDAY        0.46          0.92 2011   0.07   0.39     0.00
  MONTH TO DATE    4.54                      1.53   3.01     1.18
  SINCE DEC 1      6.23                      5.68   0.55     5.04
  SINCE JAN 1      4.80                      3.19   1.61     4.60

SNOWFALL (IN)
  YESTERDAY       MM                                         0.0
  MONTH TO DATE    T                                         0.0
  SINCE DEC 1      2.0                                       0.7
  SINCE JUL 1      2.0                                       0.7

DEGREE DAYS
 HEATING
  YESTERDAY       20                        20      0       12
  MONTH TO DATE  595                       560     35      330
  SINCE DEC 1   2158                      2197    -39     1819
  SINCE JUL 1   2660                      2833   -173     2158
..................................................................


WIND (MPH)
  HIGHEST WIND SPEED    23   HIGHEST WIND DIRECTION    NW (310)
  HIGHEST GUST SPEED    29   HIGHEST GUST DIRECTION    NW (310)
  AVERAGE WIND SPEED     7.0


SKY COVER
  POSSIBLE SUNSHINE  MM
  AVERAGE SKY COVER 0.5


WEATHER CONDITIONS
 THE FOLLOWING WEATHER WAS RECORDED YESTERDAY.
  THUNDERSTORM
  HEAVY RAIN
  RAIN
  LIGHT RAIN
  FOG
  FOG W/VISIBILITY <= 1/4 MILE


RELATIVE HUMIDITY (PERCENT)
 HIGHEST   100           400 AM
 LOWEST     66           400 PM
 AVERAGE    83

..........................................................


THE TULSA OKLAHOMA CLIMATE NORMALS FOR TODAY
                         NORMAL    RECORD    YEAR
 MAXIMUM TEMPERATURE (F)   56        82      1917
 MINIMUM TEMPERATURE (F)   34        10      1965


SUNRISE AND SUNSET
FEBRUARY 25 2018......SUNRISE   659 AM CST   SUNSET   615 PM CST
FEBRUARY 26 2018......SUNRISE   658 AM CST   SUNSET   616 PM CST


-  INDICATES NEGATIVE NUMBERS.
R  INDICATES RECORD WAS SET OR TIED.
MM INDICATES DATA IS MISSING.
T  INDICATES TRACE AMOUNT.




$$

&&
...........................................................

...........................................................
ALL DATA MEASURED AT THE TULSA INTERNATIONAL AIRPORT...
EXCEPT SNOWFALL...WHICH IS MEASURED AT THE NWS OFFICE.
