000
CDUS44 KTSA 250649
CLITUL

CLIMATE REPORT
NATIONAL WEATHER SERVICE TULSA OK
147 AM CDT SAT MAR 25 2017


...................................

...THE TULSA OKLAHOMA CLIMATE SUMMARY FOR MARCH 24 2017...

CLIMATE NORMAL PERIOD 1981 TO 2010
CLIMATE RECORD PERIOD 1882 TO 2017


WEATHER ITEM   OBSERVED TIME   RECORD YEAR NORMAL DEPARTURE LAST
                VALUE   (LST)  VALUE       VALUE  FROM      YEAR
                                                  NORMAL
..................................................................
TEMPERATURE (F)
 YESTERDAY
  MAXIMUM         73    210 AM  91    1929  65      8       61
  MINIMUM         60   1149 PM  19    1966  42     18       41
  AVERAGE         67                        54     13       51

PRECIPITATION (IN)
  YESTERDAY        0.07          2.00 1913   0.11  -0.04     0.00
  MONTH TO DATE    0.86                      2.49  -1.63     2.04
  SINCE MAR 1      0.86                      2.49  -1.63     2.04
  SINCE JAN 1      5.46                      6.00  -0.54     3.24

SNOWFALL (IN)
  YESTERDAY        0.0                                       0.0
  MONTH TO DATE    0.0                                       0.0
  SINCE MAR 1      0.0                                       0.0
  SINCE JUL 1      0.7                                       3.0

DEGREE DAYS
 HEATING
  YESTERDAY        0                        12    -12       14
  MONTH TO DATE  233                       362   -129      208
  SINCE MAR 1    233                       362   -129      208
  SINCE JUL 1   2454                      3273   -819     2540

 COOLING
  YESTERDAY        2                         1      1        0
  MONTH TO DATE   40                         3     37        3
  SINCE MAR 1     40                         3     37        3
  SINCE JAN 1     56                         4     52        9
..................................................................


WIND (MPH)
  HIGHEST WIND SPEED    30   HIGHEST WIND DIRECTION     S (170)
  HIGHEST GUST SPEED    40   HIGHEST GUST DIRECTION     S (180)
  AVERAGE WIND SPEED    16.0


SKY COVER
  POSSIBLE SUNSHINE  MM
  AVERAGE SKY COVER 0.7


WEATHER CONDITIONS
 THE FOLLOWING WEATHER WAS RECORDED YESTERDAY.
  THUNDERSTORM
  LIGHT RAIN


RELATIVE HUMIDITY (PERCENT)
 HIGHEST    81           200 PM
 LOWEST     29           300 AM
 AVERAGE    55

..........................................................


THE TULSA OKLAHOMA CLIMATE NORMALS FOR TODAY
                         NORMAL    RECORD    YEAR
 MAXIMUM TEMPERATURE (F)   65        88      1910
 MINIMUM TEMPERATURE (F)   43        18      1955


SUNRISE AND SUNSET
MARCH 25 2017.........SUNRISE   720 AM CDT   SUNSET   740 PM CDT
MARCH 26 2017.........SUNRISE   718 AM CDT   SUNSET   741 PM CDT


-  INDICATES NEGATIVE NUMBERS.
R  INDICATES RECORD WAS SET OR TIED.
MM INDICATES DATA IS MISSING.
T  INDICATES TRACE AMOUNT.




$$

&&
...........................................................

THE TULSA PRECIPITATION NORMALS FOR TODAY
                       NORMAL    RECORD      YEAR
  TODAY                 0.11      3.18       1920
  MONTH TO DATE         2.60
  YEAR TO DATE          6.11
...........................................................
ALL DATA MEASURED AT THE TULSA INTERNATIONAL AIRPORT...
EXCEPT SNOWFALL...WHICH IS MEASURED AT THE NWS OFFICE.
