423
CDUS44 KTSA 041002
CLITUL

CLIMATE REPORT
NATIONAL WEATHER SERVICE TULSA OK
1247 AM CST SUN DEC 4 2016


...................................

...THE TULSA OKLAHOMA CLIMATE SUMMARY FOR DECEMBER 3 2016...

CLIMATE NORMAL PERIOD 1981 TO 2010
CLIMATE RECORD PERIOD 1882 TO 2016


WEATHER ITEM   OBSERVED TIME   RECORD YEAR NORMAL DEPARTURE LAST
                VALUE   (LST)  VALUE       VALUE  FROM      YEAR
                                                  NORMAL
..................................................................
TEMPERATURE (F)
 YESTERDAY
  MAXIMUM         52   1213 PM  77    1916  53     -1       58
  MINIMUM         43    204 AM  14    2006  32     11       26
  AVERAGE         48                        42      6       42

PRECIPITATION (IN)
  YESTERDAY        0.08          1.12 2002   0.09  -0.01     0.00
  MONTH TO DATE    0.08                      0.26  -0.18     0.00
  SINCE DEC 1      0.08                      0.26  -0.18     0.00
  SINCE JAN 1     27.83                     38.74 -10.91    53.19

SNOWFALL (IN)
  YESTERDAY       MM                                         0.0
  MONTH TO DATE    0.0                                       0.0
  SINCE DEC 1      0.0                                       0.0
  SINCE JUL 1      0.0                                        T

DEGREE DAYS
 HEATING
  YESTERDAY       17                        23     -6       23
  MONTH TO DATE   58                        67     -9       69
  SINCE DEC 1     58                        67     -9       69
  SINCE JUL 1    397                       703   -306      544
..................................................................


WIND (MPH)
  HIGHEST WIND SPEED    14   HIGHEST WIND DIRECTION    SE (140)
  HIGHEST GUST SPEED    17   HIGHEST GUST DIRECTION     S (180)
  AVERAGE WIND SPEED     5.0


SKY COVER
  POSSIBLE SUNSHINE  MM
  AVERAGE SKY COVER 1.0


WEATHER CONDITIONS
 THE FOLLOWING WEATHER WAS RECORDED YESTERDAY.
  LIGHT RAIN
  FOG


RELATIVE HUMIDITY (PERCENT)
 HIGHEST   100           900 PM
 LOWEST     59          1100 AM
 AVERAGE    80

..........................................................


THE TULSA OKLAHOMA CLIMATE NORMALS FOR TODAY
                         NORMAL    RECORD    YEAR
 MAXIMUM TEMPERATURE (F)   52        77      1906
 MINIMUM TEMPERATURE (F)   32        16      2006


SUNRISE AND SUNSET
DECEMBER  4 2016......SUNRISE   719 AM CST   SUNSET   509 PM CST
DECEMBER  5 2016......SUNRISE   720 AM CST   SUNSET   509 PM CST


-  INDICATES NEGATIVE NUMBERS.
R  INDICATES RECORD WAS SET OR TIED.
MM INDICATES DATA IS MISSING.
T  INDICATES TRACE AMOUNT.




$$

&&
...........................................................

THE TULSA PRECIPITATION NORMALS FOR TODAY
                       NORMAL    RECORD      YEAR
  TODAY                 0.08      1.65       1999
  MONTH TO DATE         0.34
  YEAR TO DATE         38.82
...........................................................
ALL DATA MEASURED AT THE TULSA INTERNATIONAL AIRPORT...
EXCEPT SNOWFALL...WHICH IS MEASURED AT THE NWS OFFICE.
