000
CDUS44 KTSA 180649
CLITUL

CLIMATE REPORT
NATIONAL WEATHER SERVICE TULSA OK
147 AM CDT FRI APR 18 2014


...................................

...THE TULSA OKLAHOMA CLIMATE SUMMARY FOR APRIL 17 2014...

CLIMATE NORMAL PERIOD 1981 TO 2010
CLIMATE RECORD PERIOD 1882 TO 2014


WEATHER ITEM   OBSERVED TIME   RECORD YEAR NORMAL DEPARTURE LAST
                VALUE   (LST)  VALUE       VALUE  FROM      YEAR
                                                  NORMAL
..................................................................
TEMPERATURE (F)
 YESTERDAY
  MAXIMUM         63   1245 PM  95    2006  72     -9       82
  MINIMUM         40   1158 PM  28    1921  50    -10       51
  AVERAGE         52                        61     -9       67

PRECIPITATION (IN)
  YESTERDAY        T             1.75 1953   0.12  -0.12     0.64
  MONTH TO DATE    0.56                      1.88  -1.32     2.65
  SINCE MAR 1      2.92                      5.17  -2.25     3.75
  SINCE JAN 1      3.37                      8.68  -5.31     8.47

SNOWFALL (IN)
  YESTERDAY        0.0                                       0.0
  MONTH TO DATE    T                                         0.0
  SINCE MAR 1      2.4                                        T
  SINCE JUL 1     12.4                                       3.7

DEGREE DAYS
 HEATING
  YESTERDAY       13                         6      7        0
  MONTH TO DATE  154                       132     22      173
  SINCE MAR 1    716                       570    146      708
  SINCE JUL 1   4017                      3481    536     3380

 COOLING
  YESTERDAY        0                         2     -2        2
  MONTH TO DATE   17                        23     -6       11
  SINCE MAR 1     18                        34    -16       15
  SINCE JAN 1     18                        35    -17       17
..................................................................


WIND (MPH)
  HIGHEST WIND SPEED    15   HIGHEST WIND DIRECTION     N (350)
  HIGHEST GUST SPEED    17   HIGHEST GUST DIRECTION     N (350)
  AVERAGE WIND SPEED     6.5


SKY COVER
  POSSIBLE SUNSHINE  MM
  AVERAGE SKY COVER 0.9


WEATHER CONDITIONS
 THE FOLLOWING WEATHER WAS RECORDED YESTERDAY.
  LIGHT RAIN
  FOG


RELATIVE HUMIDITY (PERCENT)
 HIGHEST    92          1000 PM
 LOWEST     48          1200 PM
 AVERAGE    70

..........................................................


THE TULSA OKLAHOMA CLIMATE NORMALS FOR TODAY
                         NORMAL    RECORD    YEAR
 MAXIMUM TEMPERATURE (F)   73        98      1925
 MINIMUM TEMPERATURE (F)   50        29      1953


SUNRISE AND SUNSET
APRIL 18 2014.........SUNRISE   646 AM CDT   SUNSET   800 PM CDT
APRIL 19 2014.........SUNRISE   645 AM CDT   SUNSET   801 PM CDT


-  INDICATES NEGATIVE NUMBERS.
R  INDICATES RECORD WAS SET OR TIED.
MM INDICATES DATA IS MISSING.
T  INDICATES TRACE AMOUNT.




$$

&&
...........................................................

THE TULSA PRECIPITATION NORMALS FOR TODAY
                       NORMAL    RECORD      YEAR
  TODAY                 0.13      2.61       1941
  MONTH TO DATE         2.01
  YEAR TO DATE          8.81
...........................................................
ALL DATA MEASURED AT THE TULSA INTERNATIONAL AIRPORT...
EXCEPT SNOWFALL...WHICH IS MEASURED AT THE NWS OFFICE.
