000
CDUS44 KTSA 312130
CLITUL

CLIMATE REPORT
NATIONAL WEATHER SERVICE TULSA OK
418 PM CDT FRI JUL 31 2015


...................................

...THE TULSA OKLAHOMA CLIMATE SUMMARY FOR JULY 31 2015...
VALID TODAY AS OF 0400 PM LOCAL TIME.

CLIMATE NORMAL PERIOD 1981 TO 2010
CLIMATE RECORD PERIOD 1882 TO 2015


WEATHER ITEM   OBSERVED TIME   RECORD YEAR NORMAL DEPARTURE LAST
                VALUE   (LST)  VALUE       VALUE  FROM      YEAR
                                                  NORMAL
..................................................................
TEMPERATURE (F)
 TODAY
  MAXIMUM         91    259 PM 112    2012  94     -3       76
  MINIMUM         75    615 AM  51    1971  73      2       67
  AVERAGE         83                        84     -1       72

PRECIPITATION (IN)
  TODAY            0.00          3.60 1898   0.10  -0.10     0.17
  MONTH TO DATE    6.72                      3.36   3.36     4.42
  SINCE JUN 1     11.49                      8.08   3.41     9.09
  SINCE JAN 1     36.39                     24.58  11.81    17.54

DEGREE DAYS
 COOLING
  TODAY           18                        19     -1        7
  MONTH TO DATE  601                       555     46      418
  SINCE JUN 1   1083                       934    149      821
  SINCE JAN 1   1288                      1168    120     1092
..................................................................


WIND (MPH)
  HIGHEST WIND SPEED    14   HIGHEST WIND DIRECTION    SE (120)
  HIGHEST GUST SPEED    18   HIGHEST GUST DIRECTION    SE (120)
  AVERAGE WIND SPEED     5.8


SKY COVER
  POSSIBLE SUNSHINE  MM
  AVERAGE SKY COVER 0.6


WEATHER CONDITIONS
 THE FOLLOWING WEATHER WAS RECORDED TODAY.
  NO SIGNIFICANT WEATHER WAS OBSERVED.


RELATIVE HUMIDITY (PERCENT)
 HIGHEST    87           300 AM
 LOWEST     52           300 PM
 AVERAGE    70

..........................................................


THE TULSA OKLAHOMA CLIMATE NORMALS FOR TOMORROW
                         NORMAL    RECORD    YEAR
 MAXIMUM TEMPERATURE (F)   94       112      2012
 MINIMUM TEMPERATURE (F)   73        59      1925


SUNRISE AND SUNSET
JULY 31 2015..........SUNRISE   630 AM CDT   SUNSET   830 PM CDT
AUGUST  1 2015........SUNRISE   630 AM CDT   SUNSET   829 PM CDT


-  INDICATES NEGATIVE NUMBERS.
R  INDICATES RECORD WAS SET OR TIED.
MM INDICATES DATA IS MISSING.
T  INDICATES TRACE AMOUNT.




$$

&&
...........................................................

TULSA RECORD LOW MAX AND HIGH MIN TEMPERATURES FOR TOMORROW
                      RECORD        YEAR
  LOW MAXIMUM           76          1950
  HIGH MINIMUM          86          *1980
...........................................................
ALL DATA MEASURED AT THE TULSA INTERNATIONAL AIRPORT...
EXCEPT SNOWFALL...WHICH IS MEASURED AT THE NWS OFFICE.
