000
CDUS44 KTSA 222131
CLITUL

CLIMATE REPORT
NATIONAL WEATHER SERVICE TULSA OK
430 PM CDT THU JUN 22 2017


...................................

...THE TULSA OKLAHOMA CLIMATE SUMMARY FOR JUNE 22 2017...
VALID TODAY AS OF 0400 PM LOCAL TIME.

CLIMATE NORMAL PERIOD 1981 TO 2010
CLIMATE RECORD PERIOD 1882 TO 2017


WEATHER ITEM   OBSERVED TIME   RECORD YEAR NORMAL DEPARTURE LAST
                VALUE   (LST)  VALUE       VALUE  FROM      YEAR
                                                  NORMAL
..................................................................
TEMPERATURE (F)
 TODAY
  MAXIMUM         88    249 PM 106    1936  89     -1       98
  MINIMUM         68    422 AM  56    1935  70     -2       81
                                      1906
  AVERAGE         78                        79     -1       90

PRECIPITATION (IN)
  TODAY            0.00          1.67 1985   0.14  -0.14     0.00
  MONTH TO DATE    1.62                      3.65  -2.03     0.65
  SINCE JUN 1      1.62                      3.65  -2.03     0.65
  SINCE JAN 1     25.55                     20.15   5.40    14.51

DEGREE DAYS
 COOLING
  TODAY           13                        14     -1       25
  MONTH TO DATE  286                       255     31      367
  SINCE JUN 1    286                       255     31      367
  SINCE JAN 1    573                       489     84      571
..................................................................


WIND (MPH)
  HIGHEST WIND SPEED    16   HIGHEST WIND DIRECTION    SE (120)
  HIGHEST GUST SPEED    21   HIGHEST GUST DIRECTION    SE (120)
  AVERAGE WIND SPEED     6.9


SKY COVER
  POSSIBLE SUNSHINE  MM
  AVERAGE SKY COVER 0.6


WEATHER CONDITIONS
 THE FOLLOWING WEATHER WAS RECORDED TODAY.
  NO SIGNIFICANT WEATHER WAS OBSERVED.


RELATIVE HUMIDITY (PERCENT)
 HIGHEST    93           600 AM
 LOWEST     63           200 PM
 AVERAGE    78

..........................................................


THE TULSA OKLAHOMA CLIMATE NORMALS FOR TOMORROW
                         NORMAL    RECORD    YEAR
 MAXIMUM TEMPERATURE (F)   90       103      1934
                                             1933
 MINIMUM TEMPERATURE (F)   70        56      2004


SUNRISE AND SUNSET
JUNE 22 2017..........SUNRISE   607 AM CDT   SUNSET   844 PM CDT
JUNE 23 2017..........SUNRISE   607 AM CDT   SUNSET   845 PM CDT


-  INDICATES NEGATIVE NUMBERS.
R  INDICATES RECORD WAS SET OR TIED.
MM INDICATES DATA IS MISSING.
T  INDICATES TRACE AMOUNT.




$$

&&
...........................................................

TULSA RECORD LOW MAX AND HIGH MIN TEMPERATURES FOR TOMORROW
                      RECORD        YEAR
  LOW MAXIMUM           69          1948
  HIGH MINIMUM          81          1925
...........................................................
ALL DATA MEASURED AT THE TULSA INTERNATIONAL AIRPORT...
EXCEPT SNOWFALL...WHICH IS MEASURED AT THE NWS OFFICE.
