887
CDUS44 KTSA 270647
CLITUL

CLIMATE REPORT
NATIONAL WEATHER SERVICE TULSA OK
147 AM CDT FRI MAY 27 2016


...................................

...THE TULSA OKLAHOMA CLIMATE SUMMARY FOR MAY 26 2016...

CLIMATE NORMAL PERIOD 1981 TO 2010
CLIMATE RECORD PERIOD 1882 TO 2016


WEATHER ITEM   OBSERVED TIME   RECORD YEAR NORMAL DEPARTURE LAST
                VALUE   (LST)  VALUE       VALUE  FROM      YEAR
                                                  NORMAL
..................................................................
TEMPERATURE (F)
 YESTERDAY
  MAXIMUM         85    425 PM  94    1926  82      3       81
                                      1920
  MINIMUM         73   1109 PM  44    1925  62     11       60
  AVERAGE         79                        72      7       71

PRECIPITATION (IN)
  YESTERDAY        0.01          2.40 1984   0.19  -0.18     0.14
  MONTH TO DATE    3.76                      4.97  -1.21    12.09
  SINCE MAR 1     12.51                     12.05   0.46    19.90
  SINCE JAN 1     13.71                     15.56  -1.85    22.22

DEGREE DAYS
 COOLING
  YESTERDAY       14                         7      7        6
  MONTH TO DATE  106                       128    -22      107
  SINCE MAR 1    154                       192    -38      181
  SINCE JAN 1    160                       193    -33      181
..................................................................


WIND (MPH)
  HIGHEST WIND SPEED    28   HIGHEST WIND DIRECTION     S (170)
  HIGHEST GUST SPEED    34   HIGHEST GUST DIRECTION     S (180)
  AVERAGE WIND SPEED    15.4


SKY COVER
  POSSIBLE SUNSHINE  MM
  AVERAGE SKY COVER 0.7


WEATHER CONDITIONS
 THE FOLLOWING WEATHER WAS RECORDED YESTERDAY.
  LIGHT RAIN
  FOG


RELATIVE HUMIDITY (PERCENT)
 HIGHEST    91          1200 AM
 LOWEST     58           700 PM
 AVERAGE    75

..........................................................


THE TULSA OKLAHOMA CLIMATE NORMALS FOR TODAY
                         NORMAL    RECORD    YEAR
 MAXIMUM TEMPERATURE (F)   82        94      1911
 MINIMUM TEMPERATURE (F)   62        45      1961
                                             1907


SUNRISE AND SUNSET
MAY 27 2016...........SUNRISE   609 AM CDT   SUNSET   833 PM CDT
MAY 28 2016...........SUNRISE   609 AM CDT   SUNSET   833 PM CDT


-  INDICATES NEGATIVE NUMBERS.
R  INDICATES RECORD WAS SET OR TIED.
MM INDICATES DATA IS MISSING.
T  INDICATES TRACE AMOUNT.




$$

&&
...........................................................

THE TULSA PRECIPITATION NORMALS FOR TODAY
                       NORMAL    RECORD      YEAR
  TODAY                 0.19      6.95       1984
  MONTH TO DATE         5.16
  YEAR TO DATE         15.75
...........................................................
ALL DATA MEASURED AT THE TULSA INTERNATIONAL AIRPORT...
EXCEPT SNOWFALL...WHICH IS MEASURED AT THE NWS OFFICE.
