000
CDUS44 KTSA 082231
CLITUL

CLIMATE REPORT
NATIONAL WEATHER SERVICE TULSA OK
427 PM CST MON FEB 8 2016


...................................

...THE TULSA OKLAHOMA CLIMATE SUMMARY FOR FEBRUARY 8 2016...
VALID TODAY AS OF 0400 PM LOCAL TIME.

CLIMATE NORMAL PERIOD 1981 TO 2010
CLIMATE RECORD PERIOD 1882 TO 2016


WEATHER ITEM   OBSERVED TIME   RECORD YEAR NORMAL DEPARTURE LAST
                VALUE   (LST)  VALUE       VALUE  FROM      YEAR
                                                  NORMAL
..................................................................
TEMPERATURE (F)
 TODAY
  MAXIMUM         49    255 PM  79    2015  51     -2       79
  MINIMUM         34    736 AM  -5    1933  30      4       38
  AVERAGE         42                        40      2       59

PRECIPITATION (IN)
  TODAY            0.00          1.32 1944   0.06  -0.06     0.00
  MONTH TO DATE    0.11                      0.44  -0.33     0.11
  SINCE DEC 1      9.32                      4.59   4.73     2.83
  SINCE JAN 1      0.72                      2.10  -1.38     0.86

SNOWFALL (IN)
  TODAY            0.0                                       0.0
  MONTH TO DATE    0.0                                        T
  SINCE DEC 1      3.0                                       2.0
  SINCE JUL 1      3.0                                       2.4

DEGREE DAYS
 HEATING
  TODAY           23                        25     -2        6
  MONTH TO DATE  167                       203    -36      196
  SINCE DEC 1   1554                      1840   -286     1705
  SINCE JUL 1   2029                      2476   -447     2406
..................................................................


WIND (MPH)
  HIGHEST WIND SPEED    36   HIGHEST WIND DIRECTION    NW (330)
  HIGHEST GUST SPEED    48   HIGHEST GUST DIRECTION    NW (330)
  AVERAGE WIND SPEED    19.7


SKY COVER
  POSSIBLE SUNSHINE  MM
  AVERAGE SKY COVER 0.2


WEATHER CONDITIONS
 THE FOLLOWING WEATHER WAS RECORDED TODAY.
  NO SIGNIFICANT WEATHER WAS OBSERVED.


RELATIVE HUMIDITY (PERCENT)
 HIGHEST    56           600 AM
 LOWEST     23           400 PM
 AVERAGE    40

..........................................................


THE TULSA OKLAHOMA CLIMATE NORMALS FOR TOMORROW
                         NORMAL    RECORD    YEAR
 MAXIMUM TEMPERATURE (F)   52        82      1932
 MINIMUM TEMPERATURE (F)   30        -3      1979


SUNRISE AND SUNSET
FEBRUARY  8 2016......SUNRISE   719 AM CST   SUNSET   557 PM CST
FEBRUARY  9 2016......SUNRISE   718 AM CST   SUNSET   558 PM CST


-  INDICATES NEGATIVE NUMBERS.
R  INDICATES RECORD WAS SET OR TIED.
MM INDICATES DATA IS MISSING.
T  INDICATES TRACE AMOUNT.




$$

&&
...........................................................

TULSA RECORD LOW MAX AND HIGH MIN TEMPERATURES FOR TOMORROW
                      RECORD        YEAR
  LOW MAXIMUM           20          1994
  HIGH MINIMUM          55          1938
...........................................................
ALL DATA MEASURED AT THE TULSA INTERNATIONAL AIRPORT...
EXCEPT SNOWFALL...WHICH IS MEASURED AT THE NWS OFFICE.
