000
CDUS44 KMEG 200737
CLITUP


CLIMATE REPORT
NATIONAL WEATHER SERVICE MEMPHIS TN
137 AM CST TUE FEB 20 2018


...................................

...THE TUPELO CLIMATE SUMMARY FOR FEBRUARY 19 2018...

CLIMATE NORMAL PERIOD 1981 TO 2010
CLIMATE RECORD PERIOD 1930 TO 2018


WEATHER ITEM   OBSERVED TIME   RECORD YEAR NORMAL DEPARTURE LAST
                VALUE   (LST)  VALUE       VALUE  FROM      YEAR
                                                  NORMAL
..................................................................
TEMPERATURE (F)
 YESTERDAY
  MAXIMUM         75    429 PM  77    1956  58     17       76
  MINIMUM         53    619 AM  10    1958  36     17       45
  AVERAGE         64                        47     17       61

PRECIPITATION (IN)
  YESTERDAY        0.00          3.14 1991   0.19  -0.19     0.00
  MONTH TO DATE    6.95                      3.23   3.72     1.09
  SINCE DEC 1     16.78                     13.99   2.79    11.76
  SINCE JAN 1     10.32                      7.71   2.61     6.86

SNOWFALL (IN)
  YESTERDAY        0.0           T    2006   0.1   -0.1      0.0
                                      1941
                                      1933
  MONTH TO DATE    0.0                       0.5   -0.5      0.0
  SINCE DEC 1      0.8                       1.7   -0.9       T
  SINCE JUL 1      0.8                       1.7   -0.9       T
  SNOW DEPTH       0

DEGREE DAYS
 HEATING
  YESTERDAY        1                        18    -17        4
  MONTH TO DATE  317                       385    -68      244
  SINCE DEC 1   1803                      1759     44     1263
  SINCE JUL 1   2293                      2281     12     1557

 COOLING
  YESTERDAY        0                         0      0        0
  MONTH TO DATE    6                         0      6        0
  SINCE DEC 1      6                         3      3       15
  SINCE JAN 1      6                         1      5        8
..................................................................


WIND (MPH)
  HIGHEST WIND SPEED    21   HIGHEST WIND DIRECTION    SE (140)
  HIGHEST GUST SPEED    27   HIGHEST GUST DIRECTION    SE (150)
  AVERAGE WIND SPEED     9.9


SKY COVER
  POSSIBLE SUNSHINE  MM
  AVERAGE SKY COVER 0.4


WEATHER CONDITIONS
 THE FOLLOWING WEATHER WAS RECORDED YESTERDAY.
  FOG


RELATIVE HUMIDITY (PERCENT)
 HIGHEST    93          1200 AM
 LOWEST     60           400 PM
 AVERAGE    77

..........................................................


THE TUPELO CLIMATE NORMALS FOR TODAY
                         NORMAL    RECORD    YEAR
 MAXIMUM TEMPERATURE (F)   58        78      1986
 MINIMUM TEMPERATURE (F)   37        13      1978


SUNRISE AND SUNSET
FEBRUARY 20 2018......SUNRISE   635 AM CST   SUNSET   543 PM CST
FEBRUARY 21 2018......SUNRISE   633 AM CST   SUNSET   544 PM CST


-  INDICATES NEGATIVE NUMBERS.
R  INDICATES RECORD WAS SET OR TIED.
MM INDICATES DATA IS MISSING.
T  INDICATES TRACE AMOUNT.




$$
