000
CDUS44 KMEG 142154
CLITUP


CLIMATE REPORT
NATIONAL WEATHER SERVICE MEMPHIS TN
454 PM CDT SUN SEP 14 2014


...................................

...THE TUPELO CLIMATE SUMMARY FOR SEPTEMBER 14 2014...
VALID TODAY AS OF 0400 PM LOCAL TIME.

CLIMATE NORMAL PERIOD 1981 TO 2010
CLIMATE RECORD PERIOD 1930 TO 2014


WEATHER ITEM   OBSERVED TIME   RECORD YEAR NORMAL DEPARTURE LAST
                VALUE   (LST)  VALUE       VALUE  FROM      YEAR
                                                  NORMAL
..................................................................
TEMPERATURE (F)
 TODAY
  MAXIMUM         82    348 PM 103    1980  86     -4       80
                                      1939
  MINIMUM         57    614 AM  46    1964  64     -7       54
  AVERAGE         70                        75     -5       67

PRECIPITATION (IN)
  TODAY            0.00          1.29 2007   0.12  -0.12     0.00
  MONTH TO DATE    1.45                      1.46  -0.01      T
  SINCE SEP 1      1.45                      1.46  -0.01      T
  SINCE JAN 1     37.38                     37.93  -0.55    37.28

SNOWFALL (IN)
  TODAY            0.0

DEGREE DAYS
 HEATING
  TODAY            0                         0      0        0
  MONTH TO DATE    1                         0      1        0
  SINCE SEP 1      1                         0      1        0
  SINCE JUL 1      1                         0      1        0

 COOLING
  TODAY            5                        10     -5        2
  MONTH TO DATE  193                       169     24      205
  SINCE SEP 1    193                       169     24      205
  SINCE JAN 1   1740                      1841   -101     1800
..................................................................


WIND (MPH)
  HIGHEST WIND SPEED    13   HIGHEST WIND DIRECTION    NE (30)
  HIGHEST GUST SPEED    17   HIGHEST GUST DIRECTION    NE (30)
  AVERAGE WIND SPEED     7.3


SKY COVER
  POSSIBLE SUNSHINE  MM
  AVERAGE SKY COVER 0.0


WEATHER CONDITIONS
 THE FOLLOWING WEATHER WAS RECORDED TODAY.
  NO SIGNIFICANT WEATHER WAS OBSERVED.


RELATIVE HUMIDITY (PERCENT)
 HIGHEST    93           300 AM
 LOWEST     49           300 PM
 AVERAGE    71

..........................................................


THE TUPELO CLIMATE NORMALS FOR TOMORROW
                         NORMAL    RECORD    YEAR
 MAXIMUM TEMPERATURE (F)   86        96      1954
                                             1936
                                             1933
 MINIMUM TEMPERATURE (F)   63        49      1979


SUNRISE AND SUNSET
SEPTEMBER 14 2014.....SUNRISE   637 AM CDT   SUNSET   703 PM CDT
SEPTEMBER 15 2014.....SUNRISE   638 AM CDT   SUNSET   702 PM CDT


-  INDICATES NEGATIVE NUMBERS.
R  INDICATES RECORD WAS SET OR TIED.
MM INDICATES DATA IS MISSING.
T  INDICATES TRACE AMOUNT.




$$
