000
CDUS44 KMEG 222155
CLITUP


CLIMATE REPORT
NATIONAL WEATHER SERVICE MEMPHIS TN
455 PM CDT MON MAY 22 2017


...................................

...THE TUPELO CLIMATE SUMMARY FOR MAY 22 2017...
VALID TODAY AS OF 0400 PM LOCAL TIME.

CLIMATE NORMAL PERIOD 1981 TO 2010
CLIMATE RECORD PERIOD 1930 TO 2017


WEATHER ITEM   OBSERVED TIME   RECORD YEAR NORMAL DEPARTURE LAST
                VALUE   (LST)  VALUE       VALUE  FROM      YEAR
                                                  NORMAL
..................................................................
TEMPERATURE (F)
 TODAY
  MAXIMUM         76   1239 PM  95    1964  83     -7       82
                                      1941
  MINIMUM         61    443 AM  43    2002  61      0       55
                                      1981
  AVERAGE         69                        72     -3       69

PRECIPITATION (IN)
  TODAY            0.00          2.58 1974   0.16  -0.16     0.00
  MONTH TO DATE    1.32                      4.07  -2.75     0.90
  SINCE MAR 1     10.92                     13.67  -2.75    14.64
  SINCE JAN 1     19.39                     23.11  -3.72    21.81

SNOWFALL (IN)
  TODAY            0.0

DEGREE DAYS
 HEATING
  TODAY            0                         0      0        0
  MONTH TO DATE   23                        23      0       21
  SINCE MAR 1    364                       524   -160      345
  SINCE JUL 1   1982                      2955   -973     2282

 COOLING
  TODAY            4                         8     -4        4
  MONTH TO DATE  112                       121     -9       83
  SINCE MAR 1    257                       195     62      173
  SINCE JAN 1    269                       197     72      173
..................................................................


WIND (MPH)
  HIGHEST WIND SPEED    15   HIGHEST WIND DIRECTION     N (10)
  HIGHEST GUST SPEED    18   HIGHEST GUST DIRECTION    NE (30)
  AVERAGE WIND SPEED     7.0


SKY COVER
  POSSIBLE SUNSHINE  MM
  AVERAGE SKY COVER 0.1


WEATHER CONDITIONS
 THE FOLLOWING WEATHER WAS RECORDED TODAY.
  NO SIGNIFICANT WEATHER WAS OBSERVED.


RELATIVE HUMIDITY (PERCENT)
 HIGHEST    87           100 AM
 LOWEST     54          1200 PM
 AVERAGE    71

..........................................................


THE TUPELO CLIMATE NORMALS FOR TOMORROW
                         NORMAL    RECORD    YEAR
 MAXIMUM TEMPERATURE (F)   84        95      1941
 MINIMUM TEMPERATURE (F)   62        45      1963


SUNRISE AND SUNSET
MAY 22 2017...........SUNRISE   548 AM CDT   SUNSET   755 PM CDT
MAY 23 2017...........SUNRISE   548 AM CDT   SUNSET   756 PM CDT


-  INDICATES NEGATIVE NUMBERS.
R  INDICATES RECORD WAS SET OR TIED.
MM INDICATES DATA IS MISSING.
T  INDICATES TRACE AMOUNT.




$$
