000
CDUS44 KMEG 310641
CLITUP


CLIMATE REPORT
NATIONAL WEATHER SERVICE MEMPHIS TN
141 AM CDT TUE MAY 31 2016


...................................

...THE TUPELO CLIMATE SUMMARY FOR MAY 30 2016...

CLIMATE NORMAL PERIOD 1981 TO 2010
CLIMATE RECORD PERIOD 1930 TO 2016


WEATHER ITEM   OBSERVED TIME   RECORD YEAR NORMAL DEPARTURE LAST
                VALUE   (LST)  VALUE       VALUE  FROM      YEAR
                                                  NORMAL
..................................................................
TEMPERATURE (F)
 YESTERDAY
  MAXIMUM         92    331 PM  98    1977  85      7       84
                                      1937
                                      1934
  MINIMUM         69    508 AM  42    1971  64      5       66
  AVERAGE         81                        74      7       75

PRECIPITATION (IN)
  YESTERDAY        0.00          2.75 1962   0.16  -0.16     0.22
  MONTH TO DATE    1.01                      5.40  -4.39     6.98
  SINCE MAR 1     14.75                     15.00  -0.25    21.14
  SINCE JAN 1     21.92                     24.44  -2.52    30.30

SNOWFALL (IN)
  YESTERDAY        0.0          MM      MM   0.0    0.0      0.0
  MONTH TO DATE    0.0                       0.0    0.0      0.0
  SINCE MAR 1      0.0                       0.3   -0.3      0.1
  SINCE JUL 1      T                         2.1   -2.1      7.4
  SNOW DEPTH       0

DEGREE DAYS
 HEATING
  YESTERDAY        0                         0      0        0
  MONTH TO DATE   21                        23     -2       21
  SINCE MAR 1    345                       524   -179      435
  SINCE JUL 1   2282                      2955   -673     3153

 COOLING
  YESTERDAY       16                        10      6       10
  MONTH TO DATE  182                       191     -9      221
  SINCE MAR 1    272                       265      7      297
  SINCE JAN 1    272                       267      5      297
..................................................................


WIND (MPH)
  HIGHEST WIND SPEED    10   HIGHEST WIND DIRECTION     N (340)
  HIGHEST GUST SPEED    17   HIGHEST GUST DIRECTION    NW (330)
  AVERAGE WIND SPEED     3.8


SKY COVER
  POSSIBLE SUNSHINE  MM
  AVERAGE SKY COVER 0.2


WEATHER CONDITIONS
 THE FOLLOWING WEATHER WAS RECORDED YESTERDAY.
  NO SIGNIFICANT WEATHER WAS OBSERVED.


RELATIVE HUMIDITY (PERCENT)
 HIGHEST    90           400 AM
 LOWEST     36           300 PM
 AVERAGE    63

..........................................................


THE TUPELO CLIMATE NORMALS FOR TODAY
                         NORMAL    RECORD    YEAR
 MAXIMUM TEMPERATURE (F)   86       100      1937
 MINIMUM TEMPERATURE (F)   64        45      1984


SUNRISE AND SUNSET
MAY 31 2016...........SUNRISE   544 AM CDT   SUNSET   802 PM CDT
JUNE  1 2016..........SUNRISE   544 AM CDT   SUNSET   802 PM CDT


-  INDICATES NEGATIVE NUMBERS.
R  INDICATES RECORD WAS SET OR TIED.
MM INDICATES DATA IS MISSING.
T  INDICATES TRACE AMOUNT.




$$
