000
CDUS44 KMEG 110638
CLITUP


CLIMATE REPORT
NATIONAL WEATHER SERVICE MEMPHIS TN
138 AM CDT FRI JUL 11 2014


...................................

...THE TUPELO CLIMATE SUMMARY FOR JULY 10 2014...

CLIMATE NORMAL PERIOD 1981 TO 2010
CLIMATE RECORD PERIOD 1930 TO 2014


WEATHER ITEM   OBSERVED TIME   RECORD YEAR NORMAL DEPARTURE LAST
                VALUE   (LST)  VALUE       VALUE  FROM      YEAR
                                                  NORMAL
..................................................................
TEMPERATURE (F)
 YESTERDAY
  MAXIMUM         89    258 PM 101    1980  92     -3       97
                                      1936
                                      1930
  MINIMUM         71    530 AM  58    1976  71      0       75
  AVERAGE         80                        81     -1       86

PRECIPITATION (IN)
  YESTERDAY        0.00          2.46 2007   0.12  -0.12     0.00
  MONTH TO DATE    0.82                      1.36  -0.54     0.29
  SINCE JUN 1      9.16                      5.88   3.28     2.33
  SINCE JAN 1     29.33                     30.48  -1.15    30.76

SNOWFALL (IN)
  YESTERDAY        0.0          MM      MM   0.0    0.0      0.0
  MONTH TO DATE    0.0                       0.0    0.0      0.0
  SINCE JUN 1      0.0                       0.0    0.0      0.0
  SINCE JUL 1      0.0                       0.0    0.0      0.0
  SNOW DEPTH       0

DEGREE DAYS
 HEATING
  YESTERDAY        0                         0      0        0
  MONTH TO DATE    0                         0      0        0
  SINCE JUN 1      0                         0      0        0
  SINCE JUL 1      0                         0      0        0

 COOLING
  YESTERDAY       15                        16     -1       21
  MONTH TO DATE  130                       160    -30      144
  SINCE JUN 1    550                       555     -5      560
  SINCE JAN 1    824                       832     -8      806
..................................................................


WIND (MPH)
  HIGHEST WIND SPEED     9   HIGHEST WIND DIRECTION    NE (30)
  HIGHEST GUST SPEED    14   HIGHEST GUST DIRECTION     N (10)
  AVERAGE WIND SPEED     1.8


SKY COVER
  POSSIBLE SUNSHINE  MM
  AVERAGE SKY COVER 0.3


WEATHER CONDITIONS
 THE FOLLOWING WEATHER WAS RECORDED YESTERDAY.
  FOG
  FOG W/VISIBILITY <= 1/4 MILE


RELATIVE HUMIDITY (PERCENT)
 HIGHEST    93           100 AM
 LOWEST     48           500 PM
 AVERAGE    71

..........................................................


THE TUPELO CLIMATE NORMALS FOR TODAY
                         NORMAL    RECORD    YEAR
 MAXIMUM TEMPERATURE (F)   92       103      1936
 MINIMUM TEMPERATURE (F)   71        58      1976
                                             1963


SUNRISE AND SUNSET
JULY 11 2014..........SUNRISE   552 AM CDT   SUNSET   809 PM CDT
JULY 12 2014..........SUNRISE   552 AM CDT   SUNSET   809 PM CDT


-  INDICATES NEGATIVE NUMBERS.
R  INDICATES RECORD WAS SET OR TIED.
MM INDICATES DATA IS MISSING.
T  INDICATES TRACE AMOUNT.




$$
