000
CDUS45 KTWC 030030
CLITUS

CLIMATE REPORT
NATIONAL WEATHER SERVICE TUCSON AZ
528 PM MST SUN AUG 2 2015


...................................

...THE TUCSON AZ CLIMATE SUMMARY FOR AUGUST 2 2015...
VALID TODAY AS OF 0500 PM LOCAL TIME.

CLIMATE NORMAL PERIOD 1981 TO 2010
CLIMATE RECORD PERIOD 1895 TO 2015


WEATHER ITEM   OBSERVED TIME   RECORD YEAR NORMAL DEPARTURE LAST
                VALUE   (LST)  VALUE       VALUE  FROM      YEAR
                                                  NORMAL
..................................................................
TEMPERATURE (F)
 TODAY
  MAXIMUM        101    446 PM 110    1918  97      4       88
  MINIMUM         75    600 AM  59    1917  74      1       73
  AVERAGE         88                        86      2       81

PRECIPITATION (IN)
  TODAY            0.00          1.52 1897   0.09  -0.09     0.03
  MONTH TO DATE    0.34                      0.18   0.16     0.46
  SINCE OCT 1     10.18                      8.09   2.09     5.55
  SINCE JAN 1      6.68                      5.70   0.98     2.50

DEGREE DAYS
 HEATING
  TODAY            0                         0      0        0
  MONTH TO DATE    0                         0      0        0
  SINCE JUN 1      0                         0      0        0
  SINCE JUL 1      0                         0      0        0

 COOLING
  TODAY           23                        21      2       16
  MONTH TO DATE   45                        42      3       34
  SINCE JUN 1   1459                      1319    140     1489
  SINCE JAN 1   1973                      1821    152     2092
..................................................................


WIND (MPH)
  HIGHEST WIND SPEED    13   HIGHEST WIND DIRECTION    NW (310)
  HIGHEST GUST SPEED    19   HIGHEST GUST DIRECTION    NW (310)
  AVERAGE WIND SPEED     6.9


SKY COVER
  POSSIBLE SUNSHINE  MM
  AVERAGE SKY COVER 0.0


WEATHER CONDITIONS
 THE FOLLOWING WEATHER WAS RECORDED TODAY.
  NO SIGNIFICANT WEATHER WAS OBSERVED.


RELATIVE HUMIDITY (PERCENT)
 HIGHEST    69
 LOWEST     18
 AVERAGE    44

..........................................................


THE TUCSON AZ CLIMATE NORMALS FOR TOMORROW
                         NORMAL    RECORD    YEAR
 MAXIMUM TEMPERATURE (F)   97       110      1994
 MINIMUM TEMPERATURE (F)   74        63      1955


SUNRISE AND SUNSET
AUGUST  2 2015........SUNRISE   539 AM MST   SUNSET   720 PM MST
AUGUST  3 2015........SUNRISE   540 AM MST   SUNSET   719 PM MST


-  INDICATES NEGATIVE NUMBERS.
R  INDICATES RECORD WAS SET OR TIED.
MM INDICATES DATA IS MISSING.
T  INDICATES TRACE AMOUNT.




$$
