000
CDUS45 KTWC 261426
CLITUS

CLIMATE REPORT
NATIONAL WEATHER SERVICE TUCSON AZ
726 AM MST MON JAN 26 2015


...................................

...THE TUCSON AZ CLIMATE SUMMARY FOR JANUARY 26 2015...
VALID AS OF 0700 AM LOCAL TIME.

CLIMATE NORMAL PERIOD 1981 TO 2010
CLIMATE RECORD PERIOD 1895 TO 2015


WEATHER ITEM   OBSERVED TIME   RECORD YEAR NORMAL DEPARTURE LAST
                VALUE   (LST)  VALUE       VALUE  FROM      YEAR
                                                  NORMAL
..................................................................
TEMPERATURE (F)
 TODAY
  MINIMUM         49    637 AM  21    1932  40      9       45

PRECIPITATION (IN)
  TODAY            0.00          0.71 2013   0.03  -0.03     0.00
  MONTH TO DATE    0.31                      0.78  -0.47      T
  SINCE OCT 1      3.81                      3.17   0.64     3.05
  SINCE JAN 1      0.31                      0.78  -0.47      T

DEGREE DAYS
 HEATING
  TODAY           11                        12     -1        6

 COOLING
  TODAY            0                         0      0        0
..................................................................


WIND (MPH)
  HIGHEST WIND SPEED     9   HIGHEST WIND DIRECTION     E (100)
  HIGHEST GUST SPEED    11   HIGHEST GUST DIRECTION     E (100)
  AVERAGE WIND SPEED     3.9


SKY COVER
  POSSIBLE SUNSHINE  MM
  AVERAGE SKY COVER 0.2


WEATHER CONDITIONS
 THE FOLLOWING WEATHER WAS RECORDED TODAY.
  NO SIGNIFICANT WEATHER WAS OBSERVED.


RELATIVE HUMIDITY (PERCENT)
 HIGHEST    42           600 AM

..........................................................


THE TUCSON AZ CLIMATE NORMALS FOR TOMORROW
                         NORMAL    RECORD    YEAR
 MAXIMUM TEMPERATURE (F)   67        86      1987
 MINIMUM TEMPERATURE (F)   41        18      1904


SUNRISE AND SUNSET
JANUARY 26 2015.......SUNRISE   721 AM MST   SUNSET   552 PM MST
JANUARY 27 2015.......SUNRISE   721 AM MST   SUNSET   553 PM MST


-  INDICATES NEGATIVE NUMBERS.
R  INDICATES RECORD WAS SET OR TIED.
MM INDICATES DATA IS MISSING.
T  INDICATES TRACE AMOUNT.




$$
