000
CDUS45 KTWC 090030
CLITUS

CLIMATE REPORT
NATIONAL WEATHER SERVICE TUCSON AZ
528 PM MST THU DEC 8 2016


...................................

...THE TUCSON AZ CLIMATE SUMMARY FOR DECEMBER 8 2016...
VALID TODAY AS OF 0500 PM LOCAL TIME.

CLIMATE NORMAL PERIOD 1981 TO 2010
CLIMATE RECORD PERIOD 1895 TO 2016


WEATHER ITEM   OBSERVED TIME   RECORD YEAR NORMAL DEPARTURE LAST
                VALUE   (LST)  VALUE       VALUE  FROM      YEAR
                                                  NORMAL
..................................................................
TEMPERATURE (F)
 TODAY
  MAXIMUM         69    312 PM  85    1939  66      3       77
  MINIMUM         41    736 AM  19    1916  40      1       40
  AVERAGE         55                        52      3       59

PRECIPITATION (IN)
  TODAY            0.00          0.68 1904   0.04  -0.04     0.00
  MONTH TO DATE    0.00                      0.24  -0.24     0.00
  SINCE OCT 1      0.60                      1.70  -1.10     2.41
  SINCE JAN 1     10.73                     10.90  -0.17    12.95

DEGREE DAYS
 HEATING
  TODAY           10                        12     -2        6
  MONTH TO DATE   93                        93      0       56
  SINCE DEC 1     93                        93      0       56
  SINCE JUL 1    187                       299   -112      251

 COOLING
  TODAY            0                         0      0        0
  MONTH TO DATE    0                         0      0        0
  SINCE DEC 1      0                         0      0        0
  SINCE JAN 1   3652                      3146    506     3522
..................................................................


WIND (MPH)
  HIGHEST WIND SPEED     9   HIGHEST WIND DIRECTION     N (360)
  HIGHEST GUST SPEED    13   HIGHEST GUST DIRECTION     N (350)
  AVERAGE WIND SPEED     4.5


SKY COVER
  POSSIBLE SUNSHINE  MM
  AVERAGE SKY COVER 0.1


WEATHER CONDITIONS
 THE FOLLOWING WEATHER WAS RECORDED TODAY.
  NO SIGNIFICANT WEATHER WAS OBSERVED.


RELATIVE HUMIDITY (PERCENT)
 HIGHEST    76
 LOWEST     30
 AVERAGE    53

..........................................................


THE TUCSON AZ CLIMATE NORMALS FOR TOMORROW
                         NORMAL    RECORD    YEAR
 MAXIMUM TEMPERATURE (F)   65        84      1933
 MINIMUM TEMPERATURE (F)   39        23      1978
                                             1917


SUNRISE AND SUNSET
DECEMBER  8 2016......SUNRISE   713 AM MST   SUNSET   519 PM MST
DECEMBER  9 2016......SUNRISE   713 AM MST   SUNSET   519 PM MST


-  INDICATES NEGATIVE NUMBERS.
R  INDICATES RECORD WAS SET OR TIED.
MM INDICATES DATA IS MISSING.
T  INDICATES TRACE AMOUNT.




$$
