000
CDUS45 KTWC 240731
CLITUS

CLIMATE REPORT
NATIONAL WEATHER SERVICE TUCSON AZ
1229 AM MST SUN MAY 24 2015


...................................

...THE TUCSON AZ CLIMATE SUMMARY FOR MAY 23 2015...

CLIMATE NORMAL PERIOD 1981 TO 2010
CLIMATE RECORD PERIOD 1895 TO 2015


WEATHER ITEM   OBSERVED TIME   RECORD YEAR NORMAL DEPARTURE LAST
                VALUE   (LST)  VALUE       VALUE  FROM      YEAR
                                                  NORMAL
..................................................................
TEMPERATURE (F)
 YESTERDAY
  MAXIMUM         79    507 PM 106    1984  94    -15       86
  MINIMUM         53    522 AM  44    1927  62     -9       59
  AVERAGE         66                        78    -12       73

PRECIPITATION (IN)
  YESTERDAY        0.00          0.52 1919   0.01  -0.01     0.00
  MONTH TO DATE    0.09                      0.17  -0.08     0.00
  SINCE OCT 1      7.20                      5.40   1.80     3.66
  SINCE JAN 1      3.70                      3.01   0.69     0.61

DEGREE DAYS
 HEATING
  YESTERDAY        0                         0      0        0
  MONTH TO DATE    3                         3      0        0
  SINCE MAR 1     63                       242   -179       66
  SINCE JUL 1    905                      1509   -604      899

 COOLING
  YESTERDAY        1                        13    -12        8
  MONTH TO DATE  157                       231    -74      242
  SINCE MAR 1    392                       381     11      430
  SINCE JAN 1    400                       385     15      454
..................................................................


WIND (MPH)
  HIGHEST WIND SPEED    16   HIGHEST WIND DIRECTION    NW (320)
  HIGHEST GUST SPEED    21   HIGHEST GUST DIRECTION    NW (300)
  AVERAGE WIND SPEED     6.0


SKY COVER
  POSSIBLE SUNSHINE  MM
  AVERAGE SKY COVER 0.0


WEATHER CONDITIONS
 THE FOLLOWING WEATHER WAS RECORDED YESTERDAY.
  NO SIGNIFICANT WEATHER WAS OBSERVED.


RELATIVE HUMIDITY (PERCENT)
 HIGHEST    46
 LOWEST     15
 AVERAGE    31

..........................................................


THE TUCSON AZ CLIMATE NORMALS FOR TODAY
                         NORMAL    RECORD    YEAR
 MAXIMUM TEMPERATURE (F)   94       104      2001
                                             1984
                                             1983
 MINIMUM TEMPERATURE (F)   63        42      1909


SUNRISE AND SUNSET
MAY 24 2015...........SUNRISE   521 AM MST   SUNSET   720 PM MST
MAY 25 2015...........SUNRISE   521 AM MST   SUNSET   721 PM MST


-  INDICATES NEGATIVE NUMBERS.
R  INDICATES RECORD WAS SET OR TIED.
MM INDICATES DATA IS MISSING.
T  INDICATES TRACE AMOUNT.




$$
