000
CDUS45 KTWC 181430 RRA
CLITUS

CLIMATE REPORT
NATIONAL WEATHER SERVICE TUCSON AZ
729 AM MST FRI AUG 18 2017


...................................

...THE TUCSON AZ CLIMATE SUMMARY FOR AUGUST 18 2017...
VALID AS OF 0700 AM LOCAL TIME.

CLIMATE NORMAL PERIOD 1981 TO 2010
CLIMATE RECORD PERIOD 1895 TO 2017


WEATHER ITEM   OBSERVED TIME   RECORD YEAR NORMAL DEPARTURE LAST
                VALUE   (LST)  VALUE       VALUE  FROM      YEAR
                                                  NORMAL
..................................................................
TEMPERATURE (F)
 TODAY
  MINIMUM         70    523 AM  61    1918  73     -3       76

PRECIPITATION (IN)
  TODAY            0.00          1.03 1936   0.07  -0.07     0.00
  MONTH TO DATE    1.61                      1.46   0.15     1.07
  SINCE OCT 1     11.70                      9.37   2.33    11.39
  SINCE JAN 1     10.02                      6.98   3.04     8.51

DEGREE DAYS
 HEATING
  TODAY            0                         0      0        0

 COOLING
  TODAY           10                        20    -10       23
..................................................................


WIND (MPH)
  HIGHEST WIND SPEED     8   HIGHEST WIND DIRECTION     S (160)
  HIGHEST GUST SPEED     9   HIGHEST GUST DIRECTION    SE (150)
  AVERAGE WIND SPEED     4.0


SKY COVER
  POSSIBLE SUNSHINE  MM
  AVERAGE SKY COVER 0.0


WEATHER CONDITIONS
 THE FOLLOWING WEATHER WAS RECORDED TODAY.
  NO SIGNIFICANT WEATHER WAS OBSERVED.


RELATIVE HUMIDITY (PERCENT)
 HIGHEST    40           400 AM

..........................................................


THE TUCSON AZ CLIMATE NORMALS FOR TOMORROW
                         NORMAL    RECORD    YEAR
 MAXIMUM TEMPERATURE (F)   98       110      1915
 MINIMUM TEMPERATURE (F)   73        60      1924


SUNRISE AND SUNSET
AUGUST 18 2017........SUNRISE   550 AM MST   SUNSET   704 PM MST
AUGUST 19 2017........SUNRISE   551 AM MST   SUNSET   703 PM MST


-  INDICATES NEGATIVE NUMBERS.
R  INDICATES RECORD WAS SET OR TIED.
MM INDICATES DATA IS MISSING.
T  INDICATES TRACE AMOUNT.




$$
