000
CDUS45 KTWC 161433
CLITUS

CLIMATE REPORT
NATIONAL WEATHER SERVICE TUCSON AZ
732 AM MST SAT DEC 16 2017


...................................

...THE TUCSON AZ CLIMATE SUMMARY FOR DECEMBER 16 2017...
VALID AS OF 0700 AM LOCAL TIME.

CLIMATE NORMAL PERIOD 1981 TO 2010
CLIMATE RECORD PERIOD 1895 TO 2017


WEATHER ITEM   OBSERVED TIME   RECORD YEAR NORMAL DEPARTURE LAST
                VALUE   (LST)  VALUE       VALUE  FROM      YEAR
                                                  NORMAL
..................................................................
TEMPERATURE (F)
 TODAY
  MINIMUM         42    629 AM  19    1901  39      3       57

PRECIPITATION (IN)
  TODAY            0.00          0.99 1908   0.04  -0.04     0.01
  MONTH TO DATE    0.02                      0.50  -0.48     0.01
  SINCE OCT 1      0.11                      1.96  -1.85     0.61
  SINCE JAN 1     10.29                     11.16  -0.87    10.74

DEGREE DAYS
 HEATING
  TODAY           17                        14      3        0

 COOLING
  TODAY            0                         0      0        2
..................................................................


WIND (MPH)
  HIGHEST WIND SPEED    20   HIGHEST WIND DIRECTION    SE (120)
  HIGHEST GUST SPEED    27   HIGHEST GUST DIRECTION     E (110)
  AVERAGE WIND SPEED    MM


SKY COVER
  POSSIBLE SUNSHINE  MM
  AVERAGE SKY COVER  MM


WEATHER CONDITIONS
 THE FOLLOWING WEATHER WAS RECORDED TODAY.
  NO SIGNIFICANT WEATHER WAS OBSERVED.


RELATIVE HUMIDITY (PERCENT)
 HIGHEST    MM

..........................................................


THE TUCSON AZ CLIMATE NORMALS FOR TOMORROW
                         NORMAL    RECORD    YEAR
 MAXIMUM TEMPERATURE (F)   64        83      2013
 MINIMUM TEMPERATURE (F)   39        19      1911


SUNRISE AND SUNSET
DECEMBER 16 2017......SUNRISE   718 AM MST   SUNSET   521 PM MST
DECEMBER 17 2017......SUNRISE   718 AM MST   SUNSET   522 PM MST


-  INDICATES NEGATIVE NUMBERS.
R  INDICATES RECORD WAS SET OR TIED.
MM INDICATES DATA IS MISSING.
T  INDICATES TRACE AMOUNT.




$$
