000
CDUS45 KTWC 210731
CLITUS

CLIMATE REPORT
NATIONAL WEATHER SERVICE TUCSON AZ
1230 AM MST SUN SEP 21 2014


...................................

...THE TUCSON AZ CLIMATE SUMMARY FOR SEPTEMBER 20 2014...

CLIMATE NORMAL PERIOD 1981 TO 2010
CLIMATE RECORD PERIOD 1895 TO 2014


WEATHER ITEM   OBSERVED TIME   RECORD YEAR NORMAL DEPARTURE LAST
                VALUE   (LST)  VALUE       VALUE  FROM      YEAR
                                                  NORMAL
..................................................................
TEMPERATURE (F)
 YESTERDAY
  MAXIMUM         90    448 PM 104    1926  94     -4      101
  MINIMUM         73    644 AM  50    1965  68      5       70
  AVERAGE         82                        81      1       86

PRECIPITATION (IN)
  YESTERDAY        0.00          0.36 1974   0.04  -0.04     0.00
  MONTH TO DATE    2.76                      0.94   1.82     0.63
  SINCE OCT 1      9.74                     11.24  -1.50     6.69
  SINCE JAN 1      6.69                      8.85  -2.16     5.48

DEGREE DAYS
 HEATING
  YESTERDAY        0                         0      0        0
  MONTH TO DATE    0                         0      0        0
  SINCE SEP 1      0                         0      0        0
  SINCE JUL 1      0                         0      0        0

 COOLING
  YESTERDAY       17                        16      1       21
  MONTH TO DATE  365                       362      3      412
  SINCE SEP 1    365                       362      3      412
  SINCE JAN 1   3056                      2772    284     3286
..................................................................


WIND (MPH)
  HIGHEST WIND SPEED    14   HIGHEST WIND DIRECTION     S (190)
  HIGHEST GUST SPEED    19   HIGHEST GUST DIRECTION     S (160)
  AVERAGE WIND SPEED     5.6


SKY COVER
  POSSIBLE SUNSHINE  MM
  AVERAGE SKY COVER 0.0


WEATHER CONDITIONS
 THE FOLLOWING WEATHER WAS RECORDED YESTERDAY.
  NO SIGNIFICANT WEATHER WAS OBSERVED.


RELATIVE HUMIDITY (PERCENT)
 HIGHEST    87
 LOWEST     38
 AVERAGE    63

..........................................................


THE TUCSON AZ CLIMATE NORMALS FOR TODAY
                         NORMAL    RECORD    YEAR
 MAXIMUM TEMPERATURE (F)   93       105      1954
 MINIMUM TEMPERATURE (F)   67        47      1965


SUNRISE AND SUNSET
SEPTEMBER 21 2014.....SUNRISE   611 AM MST   SUNSET   622 PM MST
SEPTEMBER 22 2014.....SUNRISE   612 AM MST   SUNSET   620 PM MST


-  INDICATES NEGATIVE NUMBERS.
R  INDICATES RECORD WAS SET OR TIED.
MM INDICATES DATA IS MISSING.
T  INDICATES TRACE AMOUNT.




$$
