000
CDUS45 KTWC 240032
CLITUS

CLIMATE REPORT
NATIONAL WEATHER SERVICE TUCSON AZ
531 PM MST THU MAR 23 2017


...................................

...THE TUCSON AZ CLIMATE SUMMARY FOR MARCH 23 2017...
VALID TODAY AS OF 0500 PM LOCAL TIME.

CLIMATE NORMAL PERIOD 1981 TO 2010
CLIMATE RECORD PERIOD 1895 TO 2017


WEATHER ITEM   OBSERVED TIME   RECORD YEAR NORMAL DEPARTURE LAST
                VALUE   (LST)  VALUE       VALUE  FROM      YEAR
                                                  NORMAL
..................................................................
TEMPERATURE (F)
 TODAY
  MAXIMUM         68    253 PM  92    1896  76     -8       70
  MINIMUM         52    744 AM  25    1898  47      5       52
  AVERAGE         60                        61     -1       61

PRECIPITATION (IN)
  TODAY            0.00          1.05 1920   0.02  -0.02     0.00
  MONTH TO DATE    0.00                      0.57  -0.57     0.11
  SINCE OCT 1      3.06                      4.76  -1.70     4.70
  SINCE JAN 1      1.38                      2.37  -0.99     1.82

DEGREE DAYS
 HEATING
  TODAY            5                         5      0        4
  MONTH TO DATE   32                       145   -113       37
  SINCE MAR 1     32                       145   -113       37
  SINCE JUL 1    913                      1412   -499     1165

 COOLING
  TODAY            0                         1     -1        0
  MONTH TO DATE  137                        15    122       68
  SINCE MAR 1    137                        15    122       68
  SINCE JAN 1    146                        19    127      102
..................................................................


WIND (MPH)
  HIGHEST WIND SPEED    23   HIGHEST WIND DIRECTION    NW (300)
  HIGHEST GUST SPEED    37   HIGHEST GUST DIRECTION    NW (300)
  AVERAGE WIND SPEED    10.2


SKY COVER
  POSSIBLE SUNSHINE  MM
  AVERAGE SKY COVER 0.6


WEATHER CONDITIONS
 THE FOLLOWING WEATHER WAS RECORDED TODAY.
  NO SIGNIFICANT WEATHER WAS OBSERVED.


RELATIVE HUMIDITY (PERCENT)
 HIGHEST    71
 LOWEST     22
 AVERAGE    47

..........................................................


THE TUCSON AZ CLIMATE NORMALS FOR TOMORROW
                         NORMAL    RECORD    YEAR
 MAXIMUM TEMPERATURE (F)   76        93      1896
 MINIMUM TEMPERATURE (F)   47        25      1897


SUNRISE AND SUNSET
MARCH 23 2017.........SUNRISE   623 AM MST   SUNSET   638 PM MST
MARCH 24 2017.........SUNRISE   622 AM MST   SUNSET   638 PM MST


-  INDICATES NEGATIVE NUMBERS.
R  INDICATES RECORD WAS SET OR TIED.
MM INDICATES DATA IS MISSING.
T  INDICATES TRACE AMOUNT.




$$
