934
CDUS45 KTWC 141430
CLITUS

CLIMATE REPORT
NATIONAL WEATHER SERVICE TUCSON AZ
730 AM MST SUN FEB 14 2016


...................................

...THE TUCSON AZ CLIMATE SUMMARY FOR FEBRUARY 14 2016...
VALID AS OF 0700 AM LOCAL TIME.

CLIMATE NORMAL PERIOD 1981 TO 2010
CLIMATE RECORD PERIOD 1895 TO 2016


WEATHER ITEM   OBSERVED TIME   RECORD YEAR NORMAL DEPARTURE LAST
                VALUE   (LST)  VALUE       VALUE  FROM      YEAR
                                                  NORMAL
..................................................................
TEMPERATURE (F)
 TODAY
  MINIMUM         47    634 AM  24    1908  42      5       49

PRECIPITATION (IN)
  TODAY            0.00          0.67 1954   0.03  -0.03     0.00
  MONTH TO DATE    0.18                      0.44  -0.26     0.02
  SINCE OCT 1      4.59                      3.77   0.82     6.06
  SINCE JAN 1      1.71                      1.38   0.33     2.56

DEGREE DAYS
 HEATING
  TODAY           13                        10      3        1

 COOLING
  TODAY            0                         0      0        0
..................................................................


WIND (MPH)
  HIGHEST WIND SPEED    12   HIGHEST WIND DIRECTION    SE (150)
  HIGHEST GUST SPEED    13   HIGHEST GUST DIRECTION    SE (140)
  AVERAGE WIND SPEED     6.5


SKY COVER
  POSSIBLE SUNSHINE  MM
  AVERAGE SKY COVER 0.0


WEATHER CONDITIONS
 THE FOLLOWING WEATHER WAS RECORDED TODAY.
  NO SIGNIFICANT WEATHER WAS OBSERVED.


RELATIVE HUMIDITY (PERCENT)
 HIGHEST    35           100 AM

..........................................................


THE TUCSON AZ CLIMATE NORMALS FOR TOMORROW
                         NORMAL    RECORD    YEAR
 MAXIMUM TEMPERATURE (F)   68        88      2014
 MINIMUM TEMPERATURE (F)   42        24      1964


SUNRISE AND SUNSET
FEBRUARY 14 2016......SUNRISE   707 AM MST   SUNSET   609 PM MST
FEBRUARY 15 2016......SUNRISE   706 AM MST   SUNSET   610 PM MST


-  INDICATES NEGATIVE NUMBERS.
R  INDICATES RECORD WAS SET OR TIED.
MM INDICATES DATA IS MISSING.
T  INDICATES TRACE AMOUNT.




$$
