000
CDUS43 KAPX 040538
CLITVC


CLIMATE REPORT
NATIONAL WEATHER SERVICE GAYLORD MI
137 AM EDT SAT JUL 4 2015


...................................

...THE TRAVERSE CITY MI CLIMATE SUMMARY FOR JULY 3 2015...

CLIMATE NORMAL PERIOD 1981 TO 2010
CLIMATE RECORD PERIOD 1896 TO 2015


WEATHER ITEM   OBSERVED TIME   RECORD YEAR NORMAL DEPARTURE LAST
                VALUE   (LST)  VALUE       VALUE  FROM      YEAR
                                                  NORMAL
..................................................................
TEMPERATURE (F)
 YESTERDAY
  MAXIMUM         77    239 PM  98    1966  80     -3       72
  MINIMUM         51    550 AM  42    1968  57     -6       44
  AVERAGE         64                        68     -4       58

PRECIPITATION (IN)
  YESTERDAY        T             1.37 1951   0.09  -0.09     0.00
  MONTH TO DATE    T                         0.28  -0.28     0.08
  SINCE JUN 1      2.02                      3.44  -1.42     2.75
  SINCE JAN 1      8.50                     14.99  -6.49    12.43

DEGREE DAYS
 HEATING
  YESTERDAY        1                         1      0        7
  MONTH TO DATE   18                         4     14       11
  SINCE JUN 1    106                       116    -10       83
  SINCE JUL 1     18                         4     14       11

 COOLING
  YESTERDAY        0                         5     -5        0
  MONTH TO DATE    0                        15    -15        8
  SINCE JUN 1     24                        96    -72      115
  SINCE JAN 1     59                       116    -57      124
..................................................................


WIND (MPH)
  HIGHEST WIND SPEED    14   HIGHEST WIND DIRECTION     W (260)
  HIGHEST GUST SPEED    21   HIGHEST GUST DIRECTION     W (250)
  AVERAGE WIND SPEED     3.9




RELATIVE HUMIDITY (PERCENT)
 HIGHEST    83
 LOWEST     38
 AVERAGE    61

..........................................................


THE TRAVERSE CITY MI CLIMATE NORMALS FOR TODAY
                         NORMAL    RECORD    YEAR
 MAXIMUM TEMPERATURE (F)   80        97      1921
 MINIMUM TEMPERATURE (F)   57        37      1963


SUNRISE AND SUNSET
JULY  4 2015..........SUNRISE   602 AM EDT   SUNSET   931 PM EDT
JULY  5 2015..........SUNRISE   603 AM EDT   SUNSET   931 PM EDT


-  INDICATES NEGATIVE NUMBERS.
R  INDICATES RECORD WAS SET OR TIED.
MM INDICATES DATA IS MISSING.
T  INDICATES TRACE AMOUNT.




$$
