000
CDUS43 KAPX 302127
CLITVC


CLIMATE REPORT
NATIONAL WEATHER SERVICE GAYLORD MI
527 PM EDT THU MAR 30 2017


...................................

...THE TRAVERSE CITY MI CLIMATE SUMMARY FOR MARCH 30 2017...
VALID TODAY AS OF 0500 PM LOCAL TIME.

CLIMATE NORMAL PERIOD 1981 TO 2010
CLIMATE RECORD PERIOD 1896 TO 2017


WEATHER ITEM   OBSERVED TIME   RECORD YEAR NORMAL DEPARTURE LAST
                VALUE   (LST)  VALUE       VALUE  FROM      YEAR
                                                  NORMAL
..................................................................
TEMPERATURE (F)
 TODAY
  MAXIMUM         44    115 PM  75    1938  46     -2       58
  MINIMUM         36    359 AM   6    1969  27      9       41
  AVERAGE         40                        36      4       50

PRECIPITATION (IN)
  TODAY            T             1.37 1979   0.07  -0.07     0.16
  MONTH TO DATE    1.63                      1.79  -0.16     2.58
  SINCE MAR 1      1.63                      1.79  -0.16     2.58
  SINCE JAN 1      4.96                      6.11  -1.15     5.37

SNOWFALL (IN)
  TODAY           MM            MM      MM   0.2   MM       MM
  MONTH TO DATE   MM                        10.5   MM       MM
  SINCE OCT 1     MM                        98.5   MM       MM
  SINCE JUL 1     MM                        98.5   MM       MM

DEGREE DAYS
 HEATING
  TODAY           25                        29     -4       15
  MONTH TO DATE 1003                      1034    -31      830
  SINCE MAR 1   1003                      1034    -31      830
  SINCE JUL 1   5176                      6374  -1198     5140

 COOLING
  TODAY            0                         0      0        0
  MONTH TO DATE    0                         0      0        0
  SINCE MAR 1      0                         0      0        0
  SINCE JAN 1      0                         0      0        0
..................................................................


WIND (MPH)
  RESULTANT WIND SPEED   9   RESULTANT WIND DIRECTION   E (100)
  HIGHEST WIND SPEED    23   HIGHEST WIND DIRECTION     E (100)
  HIGHEST GUST SPEED    31   HIGHEST GUST DIRECTION     E (80)
  AVERAGE WIND SPEED     9.5


SKY COVER
  POSSIBLE SUNSHINE  MM
  AVERAGE SKY COVER 1.0


WEATHER CONDITIONS
 THE FOLLOWING WEATHER WAS RECORDED TODAY.
  LIGHT RAIN


RELATIVE HUMIDITY (PERCENT)
 HIGHEST    70           300 AM
 LOWEST     44          1200 AM
 AVERAGE    57

..........................................................




SUNRISE AND SUNSET
MARCH 30 2017.........SUNRISE   726 AM EDT   SUNSET   808 PM EDT
MARCH 31 2017.........SUNRISE   725 AM EDT   SUNSET   809 PM EDT


-  INDICATES NEGATIVE NUMBERS.
R  INDICATES RECORD WAS SET OR TIED.
MM INDICATES DATA IS MISSING.
T  INDICATES TRACE AMOUNT.




$$
