000
CDUS43 KAPX 090528
CLITVC


CLIMATE REPORT
NATIONAL WEATHER SERVICE GAYLORD MI
1227 AM EST TUE FEB 9 2016


...................................

...THE TRAVERSE CITY MI CLIMATE SUMMARY FOR FEBRUARY 8 2016...

CLIMATE NORMAL PERIOD 1981 TO 2010
CLIMATE RECORD PERIOD 1896 TO 2016


WEATHER ITEM   OBSERVED TIME   RECORD YEAR NORMAL DEPARTURE LAST
                VALUE   (LST)  VALUE       VALUE  FROM      YEAR
                                                  NORMAL
..................................................................
TEMPERATURE (F)
 YESTERDAY
  MAXIMUM         39    400 PM  52    1925  29     10       30
  MINIMUM         27   1159 PM -18    1904  14     13       16
  AVERAGE         33                        22     11       23

PRECIPITATION (IN)
  YESTERDAY        T             0.86 1966   0.05  -0.05      T
  MONTH TO DATE    0.42                      0.46  -0.04     0.01
  SINCE DEC 1      5.50                      5.77  -0.27     1.75
  SINCE JAN 1      2.51                      3.28  -0.77     0.69

DEGREE DAYS
 HEATING
  YESTERDAY       32                        43    -11       42
  MONTH TO DATE  277                       351    -74      376
  SINCE DEC 1   2332                      2888   -556     2883
  SINCE JUL 1   3512                      4507   -995     4562
..................................................................


WIND (MPH)
  HIGHEST WIND SPEED    16   HIGHEST WIND DIRECTION     N (360)
  HIGHEST GUST SPEED    20   HIGHEST GUST DIRECTION     N (340)
  AVERAGE WIND SPEED     6.0




RELATIVE HUMIDITY (PERCENT)
 HIGHEST    89
 LOWEST     70
 AVERAGE    80

..........................................................


THE TRAVERSE CITY MI CLIMATE NORMALS FOR TODAY
                         NORMAL    RECORD    YEAR
 MAXIMUM TEMPERATURE (F)   29        50      1925
 MINIMUM TEMPERATURE (F)   14       -27      1899


SUNRISE AND SUNSET
FEBRUARY  9 2016......SUNRISE   752 AM EST   SUNSET   602 PM EST
FEBRUARY 10 2016......SUNRISE   751 AM EST   SUNSET   603 PM EST


-  INDICATES NEGATIVE NUMBERS.
R  INDICATES RECORD WAS SET OR TIED.
MM INDICATES DATA IS MISSING.
T  INDICATES TRACE AMOUNT.




$$
