000
CDUS43 KAPX 242247
CLITVC


CLIMATE REPORT
NATIONAL WEATHER SERVICE GAYLORD MI
547 PM EST TUE JAN 24 2017


...................................

...THE TRAVERSE CITY MI CLIMATE SUMMARY FOR JANUARY 24 2017...
VALID TODAY AS OF 0500 PM LOCAL TIME.

CLIMATE NORMAL PERIOD 1981 TO 2010
CLIMATE RECORD PERIOD 1896 TO 2017


WEATHER ITEM   OBSERVED TIME   RECORD YEAR NORMAL DEPARTURE LAST
                VALUE   (LST)  VALUE       VALUE  FROM      YEAR
                                                  NORMAL
..................................................................
TEMPERATURE (F)
 TODAY
  MAXIMUM         38    427 PM  54    1950  28     10       31
  MINIMUM         36    857 AM -10    1963  14     22       26
  AVERAGE         37                        21     16       29

PRECIPITATION (IN)
  TODAY            T             1.82 1938   0.08  -0.08     0.00
  MONTH TO DATE    1.07                      2.27  -1.20     1.17
  SINCE DEC 1      2.30                      4.76  -2.46     4.16
  SINCE JAN 1      1.07                      2.27  -1.20     1.17

SNOWFALL (IN)
  TODAY           MM            MM      MM   1.0   MM       MM
  MONTH TO DATE   MM                        26.8   MM       MM
  SINCE OCT 1     MM                        62.7   MM       MM
  SINCE JUL 1     MM                        62.7   MM       MM

DEGREE DAYS
 HEATING
  TODAY           28                        44    -16       36
  MONTH TO DATE  900                      1041   -141      997
  SINCE DEC 1   2020                      2230   -210     1818
  SINCE JUL 1   2979                      3849   -870     2998
..................................................................


WIND (MPH)
  RESULTANT WIND SPEED   5   RESULTANT WIND DIRECTION  NW (300)
  HIGHEST WIND SPEED    10   HIGHEST WIND DIRECTION     W (290)
  HIGHEST GUST SPEED    12   HIGHEST GUST DIRECTION     W (280)
  AVERAGE WIND SPEED     4.8


SKY COVER
  POSSIBLE SUNSHINE  MM
  AVERAGE SKY COVER 0.9


WEATHER CONDITIONS
 THE FOLLOWING WEATHER WAS RECORDED TODAY.
  LIGHT RAIN
  FOG


RELATIVE HUMIDITY (PERCENT)
 HIGHEST   100           700 AM
 LOWEST     92           100 AM
 AVERAGE    96

..........................................................




SUNRISE AND SUNSET
JANUARY 24 2017.......SUNRISE   809 AM EST   SUNSET   540 PM EST
JANUARY 25 2017.......SUNRISE   808 AM EST   SUNSET   541 PM EST


-  INDICATES NEGATIVE NUMBERS.
R  INDICATES RECORD WAS SET OR TIED.
MM INDICATES DATA IS MISSING.
T  INDICATES TRACE AMOUNT.




$$
