000
CDUS43 KAPX 302133
CLITVC


CLIMATE REPORT
NATIONAL WEATHER SERVICE GAYLORD MI
532 PM EDT WED JUL 30 2014


...................................

...THE TRAVERSE CITY MI CLIMATE SUMMARY FOR JULY 30 2014...
VALID TODAY AS OF 0500 PM LOCAL TIME.

CLIMATE NORMAL PERIOD 1981 TO 2010
CLIMATE RECORD PERIOD 1896 TO 2014


WEATHER ITEM   OBSERVED TIME   RECORD YEAR NORMAL DEPARTURE LAST
                VALUE   (LST)  VALUE       VALUE  FROM      YEAR
                                                  NORMAL
..................................................................
TEMPERATURE (F)
 TODAY
  MAXIMUM         71    341 PM 102    1916  80     -9       75
  MINIMUM         50    559 AM  41    1965  58     -8       52
  AVERAGE         61                        69     -8       64

PRECIPITATION (IN)
  TODAY            0.00          1.50 1994   0.11  -0.11     0.00
  MONTH TO DATE    2.10                      2.91  -0.81     2.83
  SINCE JUN 1      4.77                      6.07  -1.30     4.21
  SINCE JAN 1     14.45                     17.62  -3.17    16.59

DEGREE DAYS
 HEATING
  TODAY            4                         1      3        1
  MONTH TO DATE   55                        31     24       28
  SINCE JUN 1    127                       143    -16      130
  SINCE JUL 1     55                        31     24       28

 COOLING
  TODAY            0                         5     -5        0
  MONTH TO DATE   89                       150    -61      201
  SINCE JUN 1    196                       231    -35      288
  SINCE JAN 1    205                       251    -46      330
..................................................................


WIND (MPH)
  RESULTANT WIND SPEED   3   RESULTANT WIND DIRECTION  NE (30)
  HIGHEST WIND SPEED    15   HIGHEST WIND DIRECTION     N (340)
  HIGHEST GUST SPEED    19   HIGHEST GUST DIRECTION     N (340)
  AVERAGE WIND SPEED     3.7


SKY COVER
  POSSIBLE SUNSHINE  MM
  AVERAGE SKY COVER 0.4


WEATHER CONDITIONS
 THE FOLLOWING WEATHER WAS RECORDED TODAY.
  NO SIGNIFICANT WEATHER WAS OBSERVED.


RELATIVE HUMIDITY (PERCENT)
 HIGHEST    93           300 AM
 LOWEST     47           400 PM
 AVERAGE    70

..........................................................




SUNRISE AND SUNSET
JULY 30 2014..........SUNRISE   626 AM EDT   SUNSET   911 PM EDT
JULY 31 2014..........SUNRISE   627 AM EDT   SUNSET   909 PM EDT


-  INDICATES NEGATIVE NUMBERS.
R  INDICATES RECORD WAS SET OR TIED.
MM INDICATES DATA IS MISSING.
T  INDICATES TRACE AMOUNT.




$$
