000
CDUS43 KAPX 312125
CLITVC


CLIMATE REPORT
NATIONAL WEATHER SERVICE GAYLORD MI
525 PM EDT TUE MAY 31 2016


...................................

...THE TRAVERSE CITY MI CLIMATE SUMMARY FOR MAY 31 2016...
VALID TODAY AS OF 0500 PM LOCAL TIME.

CLIMATE NORMAL PERIOD 1981 TO 2010
CLIMATE RECORD PERIOD 1896 TO 2016


WEATHER ITEM   OBSERVED TIME   RECORD YEAR NORMAL DEPARTURE LAST
                VALUE   (LST)  VALUE       VALUE  FROM      YEAR
                                                  NORMAL
..................................................................
TEMPERATURE (F)
 TODAY
  MAXIMUM         74    359 PM  95    1934  71      3       61
  MINIMUM         51    419 AM  28    1966  47      4       42
  AVERAGE         63                        59      4       52

PRECIPITATION (IN)
  TODAY            0.00          2.78 1942   0.09  -0.09     0.00
  MONTH TO DATE    1.51                      2.59  -1.08     3.77
  SINCE MAR 1      7.07                      7.23  -0.16     5.70
  SINCE JAN 1      9.86                     11.55  -1.69     6.48

DEGREE DAYS
 HEATING
  TODAY            2                         7     -5       13
  MONTH TO DATE  300                       370    -70      271
  SINCE MAR 1   1859                      2096   -237     2004
  SINCE JUL 1   6169                      7436  -1267     7736

 COOLING
  TODAY            0                         1     -1        0
  MONTH TO DATE   50                        17     33       35
  SINCE MAR 1     50                        20     30       35
  SINCE JAN 1     50                        20     30       35
..................................................................


WIND (MPH)
  RESULTANT WIND SPEED   4   RESULTANT WIND DIRECTION  NE (30)
  HIGHEST WIND SPEED     9   HIGHEST WIND DIRECTION     N (20)
  HIGHEST GUST SPEED    14   HIGHEST GUST DIRECTION    NE (40)
  AVERAGE WIND SPEED     3.9


SKY COVER
  POSSIBLE SUNSHINE  MM
  AVERAGE SKY COVER 0.3


WEATHER CONDITIONS
 THE FOLLOWING WEATHER WAS RECORDED TODAY.
  NO SIGNIFICANT WEATHER WAS OBSERVED.


RELATIVE HUMIDITY (PERCENT)
 HIGHEST    96           400 AM
 LOWEST     53          1200 PM
 AVERAGE    75

..........................................................




SUNRISE AND SUNSET
MAY 31 2016...........SUNRISE   600 AM EDT   SUNSET   920 PM EDT
JUNE  1 2016..........SUNRISE   600 AM EDT   SUNSET   921 PM EDT


-  INDICATES NEGATIVE NUMBERS.
R  INDICATES RECORD WAS SET OR TIED.
MM INDICATES DATA IS MISSING.
T  INDICATES TRACE AMOUNT.




$$
