000
CDUS44 KJAN 222214
CLITVR


CLIMATE REPORT
NATIONAL WEATHER SERVICE JACKSON MS
413 PM CST WED FEB 22 2017


...................................

...THE VICKSBURG CLIMATE SUMMARY FOR FEBRUARY 22 2017...
VALID TODAY AS OF 0400 PM LOCAL TIME.

CLIMATE NORMAL PERIOD 1981 TO 2010
CLIMATE RECORD PERIOD 1948 TO 2017


WEATHER ITEM   OBSERVED TIME   RECORD YEAR NORMAL DEPARTURE LAST
                VALUE   (LST)  VALUE       VALUE  FROM      YEAR
                                                  NORMAL
..................................................................
TEMPERATURE (F)
 TODAY
  MAXIMUM         73    324 PM  80    1996  62     11       65
                                      1993
  MINIMUM         47    642 AM  18    1978  41      6       53
  AVERAGE         60                        52      8       59

PRECIPITATION (IN)
  TODAY            0.00          1.79 1990   0.18  -0.18     0.55
  MONTH TO DATE    1.17                      4.18  -3.01     3.09
  SINCE DEC 1     11.67                     14.86  -3.19    14.34
  SINCE JAN 1      5.40                      9.25  -3.85     8.79

SNOWFALL (IN)
  TODAY            0.0

DEGREE DAYS
 HEATING
  TODAY            5                        14     -9        6
  MONTH TO DATE  166                       355   -189      243
  SINCE DEC 1    965                      1497   -532     1106
  SINCE JUL 1   1242                      1899   -657     1295

 COOLING
  TODAY            0                         0      0        0
  MONTH TO DATE   26                         0     26       11
  SINCE DEC 1     68                         9     59       74
  SINCE JAN 1     40                         3     37       12
..................................................................


WIND (MPH)
  HIGHEST WIND SPEED    10   HIGHEST WIND DIRECTION     W (290)
  HIGHEST GUST SPEED    14   HIGHEST GUST DIRECTION     W (280)
  AVERAGE WIND SPEED     2.8


SKY COVER
  POSSIBLE SUNSHINE  MM
  AVERAGE SKY COVER 0.5


WEATHER CONDITIONS
 THE FOLLOWING WEATHER WAS RECORDED TODAY.
  FOG
  FOG W/VISIBILITY <= 1/4 MILE


RELATIVE HUMIDITY (PERCENT)
 HIGHEST   100           100 AM
 LOWEST     61           200 PM
 AVERAGE    81

..........................................................


THE VICKSBURG CLIMATE NORMALS FOR TOMORROW
                         NORMAL    RECORD    YEAR
 MAXIMUM TEMPERATURE (F)   63        83      2012
                                             1980
 MINIMUM TEMPERATURE (F)   41        22      1968
                                             1964


SUNRISE AND SUNSET
FEBRUARY 22 2017......SUNRISE   639 AM CST   SUNSET   556 PM CST
FEBRUARY 23 2017......SUNRISE   638 AM CST   SUNSET   557 PM CST


-  INDICATES NEGATIVE NUMBERS.
R  INDICATES RECORD WAS SET OR TIED.
MM INDICATES DATA IS MISSING.
T  INDICATES TRACE AMOUNT.




$$
