000
CDUS44 KJAN 202208
CLITVR


CLIMATE REPORT
NATIONAL WEATHER SERVICE JACKSON MS
407 PM CST FRI JAN 20 2017


...................................

...THE VICKSBURG CLIMATE SUMMARY FOR JANUARY 20 2017...
VALID TODAY AS OF 0400 PM LOCAL TIME.

CLIMATE NORMAL PERIOD 1981 TO 2010
CLIMATE RECORD PERIOD 1948 TO 2017


WEATHER ITEM   OBSERVED TIME   RECORD YEAR NORMAL DEPARTURE LAST
                VALUE   (LST)  VALUE       VALUE  FROM      YEAR
                                                  NORMAL
..................................................................
TEMPERATURE (F)
 TODAY
  MAXIMUM         76    305 PM  79    1982  56     20       59
  MINIMUM         55    220 AM   9    1985  35     20       43
  AVERAGE         66                        45     21       51

PRECIPITATION (IN)
  TODAY            0.00          4.76 1979   0.16  -0.16     0.05
  MONTH TO DATE    3.24                      3.13   0.11     1.15
  SINCE DEC 1      9.51                      8.74   0.77     6.70
  SINCE JAN 1      3.24                      3.13   0.11     1.15

SNOWFALL (IN)
  TODAY            0.0

DEGREE DAYS
 HEATING
  TODAY            0                        20    -20       14
  MONTH TO DATE  210                       399   -189      386
  SINCE DEC 1    670                       934   -264      669
  SINCE JUL 1    947                      1336   -389      858

 COOLING
  TODAY            1                         0      1        0
  MONTH TO DATE   14                         0     14        0
  SINCE DEC 1     42                         6     36       62
  SINCE JAN 1     14                         0     14        0
..................................................................


WIND (MPH)
  HIGHEST WIND SPEED    20   HIGHEST WIND DIRECTION     S (180)
  HIGHEST GUST SPEED    23   HIGHEST GUST DIRECTION     S (170)
  AVERAGE WIND SPEED     7.5


SKY COVER
  POSSIBLE SUNSHINE  MM
  AVERAGE SKY COVER 0.6


WEATHER CONDITIONS
 THE FOLLOWING WEATHER WAS RECORDED TODAY.
  FOG
  FOG W/VISIBILITY <= 1/4 MILE


RELATIVE HUMIDITY (PERCENT)
 HIGHEST   100           100 AM
 LOWEST     46           300 PM
 AVERAGE    73

..........................................................


THE VICKSBURG CLIMATE NORMALS FOR TOMORROW
                         NORMAL    RECORD    YEAR
 MAXIMUM TEMPERATURE (F)   56        80      1982
 MINIMUM TEMPERATURE (F)   35         3      1985


SUNRISE AND SUNSET
JANUARY 20 2017.......SUNRISE   704 AM CST   SUNSET   527 PM CST
JANUARY 21 2017.......SUNRISE   704 AM CST   SUNSET   528 PM CST


-  INDICATES NEGATIVE NUMBERS.
R  INDICATES RECORD WAS SET OR TIED.
MM INDICATES DATA IS MISSING.
T  INDICATES TRACE AMOUNT.




$$
