000
CDUS44 KJAN 060629
CLITVR


CLIMATE REPORT
NATIONAL WEATHER SERVICE JACKSON MS
126 AM CDT FRI MAY 6 2016


...................................

...THE VICKSBURG CLIMATE SUMMARY FOR MAY 5 2016...

CLIMATE NORMAL PERIOD 1981 TO 2010
CLIMATE RECORD PERIOD 1948 TO 2016


WEATHER ITEM   OBSERVED TIME   RECORD YEAR NORMAL DEPARTURE LAST
                VALUE   (LST)  VALUE       VALUE  FROM      YEAR
                                                  NORMAL
..................................................................
TEMPERATURE (F)
 YESTERDAY
  MAXIMUM         77    415 PM  92    1952  81     -4       85
  MINIMUM         56   1156 PM  42    2013  59     -3       61
                                      1954
  AVERAGE         67                        70     -3       73

PRECIPITATION (IN)
  YESTERDAY        0.00          3.00 1989   0.18  -0.18     0.00
  MONTH TO DATE    1.09                      0.89   0.20     0.00
  SINCE MAR 1     23.72                     10.89  12.83    10.28
  SINCE JAN 1     33.72                     21.23  12.49    21.53

SNOWFALL (IN)
  YESTERDAY        0.0

DEGREE DAYS
 HEATING
  YESTERDAY        0                         1     -1        0
  MONTH TO DATE    0                         5     -5        3
  SINCE MAR 1    129                       370   -241      264
  SINCE JUL 1   1507                      2346   -839     2522

 COOLING
  YESTERDAY        2                         6     -4        8
  MONTH TO DATE   22                        26     -4       17
  SINCE MAR 1    238                       135    103      171
  SINCE JAN 1    250                       144    106      171
..................................................................


WIND (MPH)
  HIGHEST WIND SPEED    22   HIGHEST WIND DIRECTION     N (10)
  HIGHEST GUST SPEED    28   HIGHEST GUST DIRECTION     N (10)
  AVERAGE WIND SPEED    10.9


SKY COVER
  POSSIBLE SUNSHINE  MM
  AVERAGE SKY COVER 0.0


WEATHER CONDITIONS
 THE FOLLOWING WEATHER WAS RECORDED YESTERDAY.
  NO SIGNIFICANT WEATHER WAS OBSERVED.


RELATIVE HUMIDITY (PERCENT)
 HIGHEST    93          1100 PM
 LOWEST     27           400 PM
 AVERAGE    60

..........................................................


THE VICKSBURG CLIMATE NORMALS FOR TODAY
                         NORMAL    RECORD    YEAR
 MAXIMUM TEMPERATURE (F)   81        93      1952
 MINIMUM TEMPERATURE (F)   59        41      1957


SUNRISE AND SUNSET
MAY  6 2016...........SUNRISE   613 AM CDT   SUNSET   749 PM CDT
MAY  7 2016...........SUNRISE   612 AM CDT   SUNSET   750 PM CDT


-  INDICATES NEGATIVE NUMBERS.
R  INDICATES RECORD WAS SET OR TIED.
MM INDICATES DATA IS MISSING.
T  INDICATES TRACE AMOUNT.




$$
