000
CDUS44 KJAN 090824
CLITVR


CLIMATE REPORT
NATIONAL WEATHER SERVICE JACKSON MS
222 AM CST TUE FEB 9 2016


...................................

...THE VICKSBURG CLIMATE SUMMARY FOR FEBRUARY 8 2016...

CLIMATE NORMAL PERIOD 1981 TO 2010
CLIMATE RECORD PERIOD 1948 TO 2016


WEATHER ITEM   OBSERVED TIME   RECORD YEAR NORMAL DEPARTURE LAST
                VALUE   (LST)  VALUE       VALUE  FROM      YEAR
                                                  NORMAL
..................................................................
TEMPERATURE (F)
 YESTERDAY
  MAXIMUM         54    320 PM  81    1999  58     -4       75
                                      1957
  MINIMUM         34   1050 PM  21    1988  38     -4       48
                                      1954
  AVERAGE         44                        48     -4       62

PRECIPITATION (IN)
  YESTERDAY        0.00          1.38 1948   0.19  -0.19     0.00
  MONTH TO DATE    0.28                      1.39  -1.11     0.43
  SINCE DEC 1     11.53                     12.07  -0.54    10.59
  SINCE JAN 1      5.98                      6.46  -0.48     6.00

SNOWFALL (IN)
  YESTERDAY        0.0

DEGREE DAYS
 HEATING
  YESTERDAY       21                        17      4        3
  MONTH TO DATE  118                       141    -23      156
  SINCE DEC 1    981                      1283   -302     1245
  SINCE JUL 1   1170                      1685   -515     1783

 COOLING
  YESTERDAY        0                         0      0        0
  MONTH TO DATE    5                         0      5        0
  SINCE DEC 1     68                         9     59        4
  SINCE JAN 1      6                         3      3        0
..................................................................


WIND (MPH)
  HIGHEST WIND SPEED    23   HIGHEST WIND DIRECTION    NW (300)
  HIGHEST GUST SPEED    34   HIGHEST GUST DIRECTION     W (290)
  AVERAGE WIND SPEED     9.9


SKY COVER
  POSSIBLE SUNSHINE  MM
  AVERAGE SKY COVER 0.2


WEATHER CONDITIONS
 THE FOLLOWING WEATHER WAS RECORDED YESTERDAY.
  NO SIGNIFICANT WEATHER WAS OBSERVED.


RELATIVE HUMIDITY (PERCENT)
 HIGHEST    70           300 AM
 LOWEST     24           300 PM
 AVERAGE    47

..........................................................


THE VICKSBURG CLIMATE NORMALS FOR TODAY
                         NORMAL    RECORD    YEAR
 MAXIMUM TEMPERATURE (F)   59        82      1957
 MINIMUM TEMPERATURE (F)   38        20      1979
                                             1971


SUNRISE AND SUNSET
FEBRUARY  9 2016......SUNRISE   653 AM CST   SUNSET   544 PM CST
FEBRUARY 10 2016......SUNRISE   652 AM CST   SUNSET   545 PM CST


-  INDICATES NEGATIVE NUMBERS.
R  INDICATES RECORD WAS SET OR TIED.
MM INDICATES DATA IS MISSING.
T  INDICATES TRACE AMOUNT.




$$
