000
CDUS44 KJAN 290738
CLITVR


CLIMATE REPORT
NATIONAL WEATHER SERVICE JACKSON MS
234 AM CDT WED MAR 29 2017


...................................

...THE VICKSBURG CLIMATE SUMMARY FOR MARCH 28 2017...

CLIMATE NORMAL PERIOD 1981 TO 2010
CLIMATE RECORD PERIOD 1948 TO 2017


WEATHER ITEM   OBSERVED TIME   RECORD YEAR NORMAL DEPARTURE LAST
                VALUE   (LST)  VALUE       VALUE  FROM      YEAR
                                                  NORMAL
..................................................................
TEMPERATURE (F)
 YESTERDAY
  MAXIMUM         84R   414 PM  84    2007  72     12       67
                                      1995
                                      1972
  MINIMUM         64    533 AM  31    2013  49     15       51
  AVERAGE         74                        60     14       59

PRECIPITATION (IN)
  YESTERDAY        T             7.45 1951   0.16  -0.16     0.00
  MONTH TO DATE    2.23                      4.58  -2.35     9.82
  SINCE MAR 1      2.23                      4.58  -2.35     9.82
  SINCE JAN 1      8.99                     14.92  -5.93    19.82

SNOWFALL (IN)
  YESTERDAY        0.0

DEGREE DAYS
 HEATING
  YESTERDAY        0                         6     -6        6
  MONTH TO DATE  169                       247    -78      108
  SINCE MAR 1    169                       247    -78      108
  SINCE JUL 1   1445                      2223   -778     1486

 COOLING
  YESTERDAY        9                         1      8        0
  MONTH TO DATE   78                        25     53       58
  SINCE MAR 1     78                        25     53       58
  SINCE JAN 1    129                        34     95       70
..................................................................


WIND (MPH)
  HIGHEST WIND SPEED    13   HIGHEST WIND DIRECTION     S (170)
  HIGHEST GUST SPEED    17   HIGHEST GUST DIRECTION     S (170)
  AVERAGE WIND SPEED     4.9


SKY COVER
  POSSIBLE SUNSHINE  MM
  AVERAGE SKY COVER 0.5


WEATHER CONDITIONS
 THE FOLLOWING WEATHER WAS RECORDED YESTERDAY.
  LIGHT RAIN
  FOG


RELATIVE HUMIDITY (PERCENT)
 HIGHEST    93           100 AM
 LOWEST     47           300 PM
 AVERAGE    70

..........................................................


THE VICKSBURG CLIMATE NORMALS FOR TODAY
                         NORMAL    RECORD    YEAR
 MAXIMUM TEMPERATURE (F)   72        85      1997
 MINIMUM TEMPERATURE (F)   49        27      1955


SUNRISE AND SUNSET
MARCH 29 2017.........SUNRISE   656 AM CDT   SUNSET   722 PM CDT
MARCH 30 2017.........SUNRISE   655 AM CDT   SUNSET   723 PM CDT


-  INDICATES NEGATIVE NUMBERS.
R  INDICATES RECORD WAS SET OR TIED.
MM INDICATES DATA IS MISSING.
T  INDICATES TRACE AMOUNT.




$$
