000
CDUS44 KJAN 200918
CLITVR


CLIMATE REPORT
NATIONAL WEATHER SERVICE JACKSON MS
316 AM CST SAT DEC 20 2014


...................................

...THE VICKSBURG CLIMATE SUMMARY FOR DECEMBER 19 2014...

CLIMATE NORMAL PERIOD 1981 TO 2010
CLIMATE RECORD PERIOD 1948 TO 2014


WEATHER ITEM   OBSERVED TIME   RECORD YEAR NORMAL DEPARTURE LAST
                VALUE   (LST)  VALUE       VALUE  FROM      YEAR
                                                  NORMAL
..................................................................
TEMPERATURE (F)
 YESTERDAY
  MAXIMUM         50    922 AM  78    2012  58     -8       72
  MINIMUM         46   1159 PM  14    1981  37      9       37
  AVERAGE         48                        47      1       55

PRECIPITATION (IN)
  YESTERDAY        0.40          1.26 1995   0.18   0.22     0.00
  MONTH TO DATE    1.33                      3.66  -2.33     2.53
  SINCE DEC 1      1.33                      3.66  -2.33     2.53
  SINCE JAN 1     55.24                     52.79   2.45    66.11

SNOWFALL (IN)
  YESTERDAY        0.0

DEGREE DAYS
 HEATING
  YESTERDAY       17                        18     -1       10
  MONTH TO DATE  264                       310    -46      368
  SINCE DEC 1    264                       310    -46      368
  SINCE JUL 1    802                       712     90      898

 COOLING
  YESTERDAY        0                         0      0        0
  MONTH TO DATE    4                         0      4        8
  SINCE DEC 1      4                         0      4        8
  SINCE JAN 1   2193                      2225    -32     2272
..................................................................


WIND (MPH)
  HIGHEST WIND SPEED    14   HIGHEST WIND DIRECTION     N (10)
  HIGHEST GUST SPEED    17   HIGHEST GUST DIRECTION     N (10)
  AVERAGE WIND SPEED     7.3


SKY COVER
  POSSIBLE SUNSHINE  MM
  AVERAGE SKY COVER 1.0


WEATHER CONDITIONS
 THE FOLLOWING WEATHER WAS RECORDED YESTERDAY.
  HEAVY RAIN
  RAIN
  LIGHT RAIN
  FOG


RELATIVE HUMIDITY (PERCENT)
 HIGHEST    93          1200 PM
 LOWEST     66           900 AM
 AVERAGE    80

..........................................................


THE VICKSBURG CLIMATE NORMALS FOR TODAY
                         NORMAL    RECORD    YEAR
 MAXIMUM TEMPERATURE (F)   57        78      1978
 MINIMUM TEMPERATURE (F)   37        17      1981


SUNRISE AND SUNSET
DECEMBER 20 2014......SUNRISE   701 AM CST   SUNSET   503 PM CST
DECEMBER 21 2014......SUNRISE   701 AM CST   SUNSET   503 PM CST


-  INDICATES NEGATIVE NUMBERS.
R  INDICATES RECORD WAS SET OR TIED.
MM INDICATES DATA IS MISSING.
T  INDICATES TRACE AMOUNT.




$$
