000
CDUS44 KJAN 220626
CLITVR


CLIMATE REPORT
NATIONAL WEATHER SERVICE JACKSON MS
122 AM CDT FRI SEP 22 2017


...................................

...THE VICKSBURG CLIMATE SUMMARY FOR SEPTEMBER 21 2017...

CLIMATE NORMAL PERIOD 1981 TO 2010
CLIMATE RECORD PERIOD 1948 TO 2017


WEATHER ITEM   OBSERVED TIME   RECORD YEAR NORMAL DEPARTURE LAST
                VALUE   (LST)  VALUE       VALUE  FROM      YEAR
                                                  NORMAL
..................................................................
TEMPERATURE (F)
 YESTERDAY
  MAXIMUM         92    248 PM  96    2005  86      6       94
  MINIMUM         68    608 AM  46    1956  62      6       63
  AVERAGE         80                        74      6       79

PRECIPITATION (IN)
  YESTERDAY        0.00          3.50 1979   0.06  -0.06     0.00
  MONTH TO DATE    1.73                      2.15  -0.42     0.12
  SINCE SEP 1      1.73                      2.15  -0.42     0.12
  SINCE JAN 1     51.15                     38.72  12.43    51.67

SNOWFALL (IN)
  YESTERDAY        0.0

DEGREE DAYS
 HEATING
  YESTERDAY        0                         0      0        0
  MONTH TO DATE    4                         0      4        0
  SINCE SEP 1      4                         0      4        0
  SINCE JUL 1      4                         0      4        0

 COOLING
  YESTERDAY       15                         9      6       14
  MONTH TO DATE  226                       239    -13      375
  SINCE SEP 1    226                       239    -13      375
  SINCE JAN 1   2148                      2028    120     2622
..................................................................


WIND (MPH)
  HIGHEST WIND SPEED     9   HIGHEST WIND DIRECTION     E (80)
  HIGHEST GUST SPEED    14   HIGHEST GUST DIRECTION     E (110)
  AVERAGE WIND SPEED     2.2


SKY COVER
  POSSIBLE SUNSHINE  MM
  AVERAGE SKY COVER 0.1


WEATHER CONDITIONS
 THE FOLLOWING WEATHER WAS RECORDED YESTERDAY.
  FOG
  HAZE


RELATIVE HUMIDITY (PERCENT)
 HIGHEST   100          1200 AM
 LOWEST     52           400 PM
 AVERAGE    76

..........................................................


THE VICKSBURG CLIMATE NORMALS FOR TODAY
                         NORMAL    RECORD    YEAR
 MAXIMUM TEMPERATURE (F)   85        95      1980
 MINIMUM TEMPERATURE (F)   61        40      1983


SUNRISE AND SUNSET
SEPTEMBER 22 2017.....SUNRISE   652 AM CDT   SUNSET   700 PM CDT
SEPTEMBER 23 2017.....SUNRISE   653 AM CDT   SUNSET   659 PM CDT


-  INDICATES NEGATIVE NUMBERS.
R  INDICATES RECORD WAS SET OR TIED.
MM INDICATES DATA IS MISSING.
T  INDICATES TRACE AMOUNT.




$$
