000
CDUS44 KJAN 270644
CLITVR


CLIMATE REPORT
NATIONAL WEATHER SERVICE JACKSON MS
140 AM CDT SAT MAY 27 2017


...................................

...THE VICKSBURG CLIMATE SUMMARY FOR MAY 26 2017...

CLIMATE NORMAL PERIOD 1981 TO 2010
CLIMATE RECORD PERIOD 1948 TO 2017


WEATHER ITEM   OBSERVED TIME   RECORD YEAR NORMAL DEPARTURE LAST
                VALUE   (LST)  VALUE       VALUE  FROM      YEAR
                                                  NORMAL
..................................................................
TEMPERATURE (F)
 YESTERDAY
  MAXIMUM         85    117 PM  93    2000  87     -2       91
  MINIMUM         62    509 AM  46    1979  64     -2       73
  AVERAGE         74                        75     -1       82

PRECIPITATION (IN)
  YESTERDAY        0.00          1.25 1986   0.14  -0.14      T
  MONTH TO DATE    4.55                      4.31   0.24     1.74
  SINCE MAR 1     18.39                     14.31   4.08    24.37
  SINCE JAN 1     25.15                     24.65   0.50    34.37

SNOWFALL (IN)
  YESTERDAY        0.0

DEGREE DAYS
 HEATING
  YESTERDAY        0                         0      0        0
  MONTH TO DATE   15                         9      6        0
  SINCE MAR 1    214                       374   -160      129
  SINCE JUL 1   1490                      2350   -860     1507

 COOLING
  YESTERDAY        9                        10     -1       17
  MONTH TO DATE  158                       197    -39      213
  SINCE MAR 1    393                       306     87      429
  SINCE JAN 1    444                       315    129      441
..................................................................


WIND (MPH)
  HIGHEST WIND SPEED    17   HIGHEST WIND DIRECTION     S (180)
  HIGHEST GUST SPEED    26   HIGHEST GUST DIRECTION     S (180)
  AVERAGE WIND SPEED     8.0


SKY COVER
  POSSIBLE SUNSHINE  MM
  AVERAGE SKY COVER 0.2


WEATHER CONDITIONS
 THE FOLLOWING WEATHER WAS RECORDED YESTERDAY.
  NO SIGNIFICANT WEATHER WAS OBSERVED.


RELATIVE HUMIDITY (PERCENT)
 HIGHEST    93           100 AM
 LOWEST     51          1200 PM
 AVERAGE    72

..........................................................


THE VICKSBURG CLIMATE NORMALS FOR TODAY
                         NORMAL    RECORD    YEAR
 MAXIMUM TEMPERATURE (F)   87        95      1964
                                             1953
 MINIMUM TEMPERATURE (F)   65        45      1961


SUNRISE AND SUNSET
MAY 27 2017...........SUNRISE   600 AM CDT   SUNSET   803 PM CDT
MAY 28 2017...........SUNRISE   559 AM CDT   SUNSET   804 PM CDT


-  INDICATES NEGATIVE NUMBERS.
R  INDICATES RECORD WAS SET OR TIED.
MM INDICATES DATA IS MISSING.
T  INDICATES TRACE AMOUNT.




$$
