000
CDUS44 KJAN 070639
CLITVR


CLIMATE REPORT
NATIONAL WEATHER SERVICE JACKSON MS
1236 AM CST WED DEC 7 2016


...................................

...THE VICKSBURG CLIMATE SUMMARY FOR DECEMBER 6 2016...

CLIMATE NORMAL PERIOD 1981 TO 2010
CLIMATE RECORD PERIOD 1948 TO 2016


WEATHER ITEM   OBSERVED TIME   RECORD YEAR NORMAL DEPARTURE LAST
                VALUE   (LST)  VALUE       VALUE  FROM      YEAR
                                                  NORMAL
..................................................................
TEMPERATURE (F)
 YESTERDAY
  MAXIMUM         52    427 PM  82    1951  61     -9       68
  MINIMUM         48    644 AM  18    2005  39      9       39
  AVERAGE         50                        50      0       54

PRECIPITATION (IN)
  YESTERDAY        0.01          3.02 1971   0.20  -0.19     0.00
  MONTH TO DATE    3.43                      1.20   2.23     0.26
  SINCE DEC 1      3.43                      1.20   2.23     0.26
  SINCE JAN 1     58.25                     50.33   7.92    58.48

SNOWFALL (IN)
  YESTERDAY        0.0

DEGREE DAYS
 HEATING
  YESTERDAY       15                        16     -1       11
  MONTH TO DATE   95                        90      5       86
  SINCE DEC 1     95                        90      5       86
  SINCE JUL 1    372                       492   -120      275

 COOLING
  YESTERDAY        0                         0      0        0
  MONTH TO DATE    0                         0      0        0
  SINCE DEC 1      0                         0      0        0
  SINCE JAN 1   2919                      2225    694     2603
..................................................................


WIND (MPH)
  HIGHEST WIND SPEED    13   HIGHEST WIND DIRECTION     W (260)
  HIGHEST GUST SPEED    20   HIGHEST GUST DIRECTION     W (250)
  AVERAGE WIND SPEED     5.5


SKY COVER
  POSSIBLE SUNSHINE  MM
  AVERAGE SKY COVER 1.0


WEATHER CONDITIONS
 THE FOLLOWING WEATHER WAS RECORDED YESTERDAY.
  LIGHT RAIN
  FOG


RELATIVE HUMIDITY (PERCENT)
 HIGHEST   100           100 AM
 LOWEST     77           700 PM
 AVERAGE    89

..........................................................


THE VICKSBURG CLIMATE NORMALS FOR TODAY
                         NORMAL    RECORD    YEAR
 MAXIMUM TEMPERATURE (F)   60        81      1951
 MINIMUM TEMPERATURE (F)   39        16      1984


SUNRISE AND SUNSET
DECEMBER  7 2016......SUNRISE   653 AM CST   SUNSET   459 PM CST
DECEMBER  8 2016......SUNRISE   654 AM CST   SUNSET   459 PM CST


-  INDICATES NEGATIVE NUMBERS.
R  INDICATES RECORD WAS SET OR TIED.
MM INDICATES DATA IS MISSING.
T  INDICATES TRACE AMOUNT.




$$
