791
CDUS45 KBOI 180931
CLITWF


CLIMATE REPORT
NATIONAL WEATHER SERVICE BOISE ID
331 AM MDT WED OCT 18 2017


...................................

...THE TWIN FALLS ID CLIMATE SUMMARY FOR OCTOBER 17 2017...

CLIMATE NORMAL PERIOD 1981 TO 2010
CLIMATE RECORD PERIOD 9999 TO 9999


WEATHER ITEM   OBSERVED TIME   NORMAL DEPARTURE LAST
                VALUE   (LST)  VALUE  FROM      YEAR
                                      NORMAL
......................................................
TEMPERATURE (F)
 YESTERDAY
  MAXIMUM         70    420 PM  63      7       56
  MINIMUM         30    433 AM  37     -7       37
  AVERAGE         50

PRECIPITATION (IN)
  YESTERDAY        0.00          0.04  -0.04     0.04
  MONTH TO DATE    0.40          0.43  -0.03     1.09
  SINCE OCT 1      0.40          0.43  -0.03     1.09
  SINCE JAN 1      8.53          7.88   0.65    10.00

DEGREE DAYS
 HEATING
  YESTERDAY       15            15      0       18
  MONTH TO DATE  350           207    143      222
  SINCE SEP 1    580           347    233      400
  SINCE JUL 1    582           368    214      424

 COOLING
  YESTERDAY        0             0      0        0
  MONTH TO DATE    0             0      0        0
  SINCE SEP 1    119            61     58       26
  SINCE JAN 1    871           678    193      642
......................................................


WIND (MPH)
  HIGHEST WIND SPEED    14   HIGHEST WIND DIRECTION     S (190)
  HIGHEST GUST SPEED    16   HIGHEST GUST DIRECTION     S (180)
  AVERAGE WIND SPEED     6.3


SKY COVER
  AVERAGE SKY COVER 0.0


WEATHER CONDITIONS
 THE FOLLOWING WEATHER WAS RECORDED YESTERDAY.
  HAZE


RELATIVE HUMIDITY (PERCENT)
 HIGHEST    78           300 AM
 LOWEST     20           400 PM
 AVERAGE    49

..........................................................




SUNRISE AND SUNSET
OCTOBER 18 2017.......SUNRISE   755 AM MDT   SUNSET   651 PM MDT
OCTOBER 19 2017.......SUNRISE   756 AM MDT   SUNSET   649 PM MDT


-  INDICATES NEGATIVE NUMBERS.
R  INDICATES RECORD WAS SET OR TIED.
MM INDICATES DATA IS MISSING.
T  INDICATES TRACE AMOUNT.




$$
