000
CDUS45 KBOI 310933
CLITWF


CLIMATE REPORT
NATIONAL WEATHER SERVICE BOISE ID
333 AM MDT TUE MAY 31 2016


...................................

...THE TWIN FALLS ID CLIMATE SUMMARY FOR MAY 30 2016...

CLIMATE NORMAL PERIOD 1981 TO 2010
CLIMATE RECORD PERIOD 9999 TO 9999


WEATHER ITEM   OBSERVED TIME   NORMAL DEPARTURE LAST
                VALUE   (LST)  VALUE  FROM      YEAR
                                      NORMAL
......................................................
TEMPERATURE (F)
 YESTERDAY
  MAXIMUM         72    430 PM  74     -2       88
  MINIMUM         49    445 AM  46      3       61
  AVERAGE         61

PRECIPITATION (IN)
  YESTERDAY        0.00          0.04  -0.04      T
  MONTH TO DATE    1.87          1.32   0.55     2.27
  SINCE OCT 1     10.54          8.54   2.00     7.13
  SINCE JAN 1      6.16          5.29   0.87     4.13

DEGREE DAYS
 HEATING
  YESTERDAY        4             6     -2        0
  MONTH TO DATE  288           282      6      194
  SINCE MAR 1   1366          1513   -147     1135
  SINCE JUL 1   5652          6080   -428     4828

 COOLING
  YESTERDAY        0             1     -1       10
  MONTH TO DATE    3            18    -15       10
  SINCE MAR 1      3            19    -16       10
  SINCE JAN 1      3            19    -16       10
......................................................


WIND (MPH)
  HIGHEST WIND SPEED    24   HIGHEST WIND DIRECTION     W (280)
  HIGHEST GUST SPEED    29   HIGHEST GUST DIRECTION     W (280)
  AVERAGE WIND SPEED    15.9


SKY COVER
  AVERAGE SKY COVER 0.1


WEATHER CONDITIONS
 THE FOLLOWING WEATHER WAS RECORDED YESTERDAY.
  NO SIGNIFICANT WEATHER WAS OBSERVED.


RELATIVE HUMIDITY (PERCENT)
 HIGHEST    66           400 AM
 LOWEST     20           400 PM
 AVERAGE    43

..........................................................




SUNRISE AND SUNSET
MAY 31 2016...........SUNRISE   604 AM MDT   SUNSET   908 PM MDT
JUNE  1 2016..........SUNRISE   603 AM MDT   SUNSET   909 PM MDT


-  INDICATES NEGATIVE NUMBERS.
R  INDICATES RECORD WAS SET OR TIED.
MM INDICATES DATA IS MISSING.
T  INDICATES TRACE AMOUNT.




$$
