000
CDUS45 KBOI 280931
CLITWF


CLIMATE REPORT
NATIONAL WEATHER SERVICE BOISE ID
331 AM MDT THU MAY 28 2015


...................................

...THE TWIN FALLS ID CLIMATE SUMMARY FOR MAY 27 2015...

CLIMATE NORMAL PERIOD 1981 TO 2010
CLIMATE RECORD PERIOD 9999 TO 9999


WEATHER ITEM   OBSERVED TIME   NORMAL DEPARTURE LAST
                VALUE   (LST)  VALUE  FROM      YEAR
                                      NORMAL
......................................................
TEMPERATURE (F)
 YESTERDAY
  MAXIMUM         73    123 PM  74     -1       91
  MINIMUM         50    517 AM  45      5       52
  AVERAGE         62

PRECIPITATION (IN)
  YESTERDAY        0.09          0.04   0.05     0.00
  MONTH TO DATE    2.27          1.19   1.08     0.64
  SINCE OCT 1      7.13          8.41  -1.28     6.06
  SINCE JAN 1      4.13          5.16  -1.03     5.59

DEGREE DAYS
 HEATING
  YESTERDAY        3             7     -4        0
  MONTH TO DATE  188           263    -75      180
  SINCE MAR 1   1129          1494   -365     1251
  SINCE JUL 1   4822          6061  -1239     5504

 COOLING
  YESTERDAY        0             1     -1        7
  MONTH TO DATE    0            15    -15       33
  SINCE MAR 1      0            16    -16       33
  SINCE JAN 1      0            16    -16       33
......................................................


WIND (MPH)
  HIGHEST WIND SPEED    26   HIGHEST WIND DIRECTION     W (270)
  HIGHEST GUST SPEED    33   HIGHEST GUST DIRECTION     W (280)
  AVERAGE WIND SPEED    10.1


SKY COVER
  AVERAGE SKY COVER 0.3


WEATHER CONDITIONS
 THE FOLLOWING WEATHER WAS RECORDED YESTERDAY.
  THUNDERSTORM
  LIGHT RAIN
  FOG


RELATIVE HUMIDITY (PERCENT)
 HIGHEST    77          1000 PM
 LOWEST     35           200 PM
 AVERAGE    56

..........................................................




SUNRISE AND SUNSET
MAY 28 2015...........SUNRISE   606 AM MDT   SUNSET   905 PM MDT
MAY 29 2015...........SUNRISE   605 AM MDT   SUNSET   906 PM MDT


-  INDICATES NEGATIVE NUMBERS.
R  INDICATES RECORD WAS SET OR TIED.
MM INDICATES DATA IS MISSING.
T  INDICATES TRACE AMOUNT.




$$
