000
CDUS45 KBOI 040931
CLITWF


CLIMATE REPORT
NATIONAL WEATHER SERVICE BOISE ID
331 AM MDT FRI SEP 4 2015


...................................

...THE TWIN FALLS ID CLIMATE SUMMARY FOR SEPTEMBER 3 2015...

CLIMATE NORMAL PERIOD 1981 TO 2010
CLIMATE RECORD PERIOD 9999 TO 9999


WEATHER ITEM   OBSERVED TIME   NORMAL DEPARTURE LAST
                VALUE   (LST)  VALUE  FROM      YEAR
                                      NORMAL
......................................................
TEMPERATURE (F)
 YESTERDAY
  MAXIMUM         73    420 PM  83    -10       70
  MINIMUM         56    626 AM  51      5       50
  AVERAGE         65

PRECIPITATION (IN)
  YESTERDAY        0.00          0.02  -0.02     0.00
  MONTH TO DATE    0.00          0.05  -0.05     0.00
  SINCE OCT 1      8.51         10.18  -1.67    12.72
  SINCE JAN 1      5.51          6.93  -1.42    12.25

DEGREE DAYS
 HEATING
  YESTERDAY        0             2     -2        5
  MONTH TO DATE    0             6     -6        6
  SINCE SEP 1      0             6     -6        6
  SINCE JUL 1      3            27    -24       25

 COOLING
  YESTERDAY        0             4     -4        0
  MONTH TO DATE   19            13      6        2
  SINCE SEP 1     19            13      6        2
  SINCE JAN 1    897           630    267      761
......................................................


WIND (MPH)
  HIGHEST WIND SPEED    18   HIGHEST WIND DIRECTION    SW (240)
  HIGHEST GUST SPEED    24   HIGHEST GUST DIRECTION     W (290)
  AVERAGE WIND SPEED    11.8


SKY COVER
  AVERAGE SKY COVER 0.0


WEATHER CONDITIONS
 THE FOLLOWING WEATHER WAS RECORDED YESTERDAY.
  NO SIGNIFICANT WEATHER WAS OBSERVED.


RELATIVE HUMIDITY (PERCENT)
 HIGHEST    47           700 AM
 LOWEST     29           100 AM
 AVERAGE    38

..........................................................




SUNRISE AND SUNSET
SEPTEMBER  4 2015.....SUNRISE   706 AM MDT   SUNSET   807 PM MDT
SEPTEMBER  5 2015.....SUNRISE   707 AM MDT   SUNSET   805 PM MDT


-  INDICATES NEGATIVE NUMBERS.
R  INDICATES RECORD WAS SET OR TIED.
MM INDICATES DATA IS MISSING.
T  INDICATES TRACE AMOUNT.




$$
