000
CDUS45 KBOI 220931
CLITWF


CLIMATE REPORT
NATIONAL WEATHER SERVICE BOISE ID
331 AM MDT FRI JUL 22 2016


...................................

...THE TWIN FALLS ID CLIMATE SUMMARY FOR JULY 21 2016...

CLIMATE NORMAL PERIOD 1981 TO 2010
CLIMATE RECORD PERIOD 9999 TO 9999


WEATHER ITEM   OBSERVED TIME   NORMAL DEPARTURE LAST
                VALUE   (LST)  VALUE  FROM      YEAR
                                      NORMAL
......................................................
TEMPERATURE (F)
 YESTERDAY
  MAXIMUM         99    501 PM  91      8       90
  MINIMUM         56    101 AM  59     -3       67
  AVERAGE         78

PRECIPITATION (IN)
  YESTERDAY        0.00          0.01  -0.01     0.00
  MONTH TO DATE    0.15          0.21  -0.06     0.56
  SINCE OCT 1     10.96          9.72   1.24     7.96
  SINCE JAN 1      6.58          6.47   0.11     4.96

DEGREE DAYS
 HEATING
  YESTERDAY        0             0      0        0
  MONTH TO DATE   21             3     18        0
  SINCE JUN 1     74            90    -16        7
  SINCE JUL 1     21             3     18        0

 COOLING
  YESTERDAY       13            10      3       14
  MONTH TO DATE  129           176    -47      224
  SINCE JUN 1    270           263      7      490
  SINCE JAN 1    273           285    -12      506
......................................................


WIND (MPH)
  HIGHEST WIND SPEED    16   HIGHEST WIND DIRECTION    NE (50)
  HIGHEST GUST SPEED    22   HIGHEST GUST DIRECTION    NE (50)
  AVERAGE WIND SPEED     7.8


SKY COVER
  AVERAGE SKY COVER 0.0


WEATHER CONDITIONS
 THE FOLLOWING WEATHER WAS RECORDED YESTERDAY.
  HAZE


RELATIVE HUMIDITY (PERCENT)
 HIGHEST    51           100 AM
 LOWEST      9           500 PM
 AVERAGE    30

..........................................................




SUNRISE AND SUNSET
JULY 22 2016..........SUNRISE   621 AM MDT   SUNSET   907 PM MDT
JULY 23 2016..........SUNRISE   622 AM MDT   SUNSET   907 PM MDT


-  INDICATES NEGATIVE NUMBERS.
R  INDICATES RECORD WAS SET OR TIED.
MM INDICATES DATA IS MISSING.
T  INDICATES TRACE AMOUNT.




$$
