000
CDUS44 KSHV 260743
CLITXK


CLIMATE REPORT
NATIONAL WEATHER SERVICE SHREVEPORT, LA
238 AM CDT FRI AUG 26 2016


...................................

...THE TEXARKANA CLIMATE SUMMARY FOR AUGUST 25 2016...

CLIMATE NORMAL PERIOD 1981 TO 2010
CLIMATE RECORD PERIOD 1896 TO 2016


WEATHER ITEM   OBSERVED TIME   RECORD YEAR NORMAL DEPARTURE LAST
                VALUE   (LST)  VALUE       VALUE  FROM      YEAR
                                                  NORMAL
..................................................................
TEMPERATURE (F)
 YESTERDAY
  MAXIMUM         92    114 PM 106    1938  92      0       88
  MINIMUM         73   1145 PM  57    1966  70      3       65
  AVERAGE         83                        81      2       77

PRECIPITATION (IN)
  YESTERDAY        0.40          2.30 1937   0.10   0.30     0.03
  MONTH TO DATE    5.85                      2.28   3.57     0.80
  SINCE DEC 1     44.66                     35.84   8.82    43.23
  SINCE JAN 1     38.68                     30.79   7.89    40.55

SNOWFALL (IN)
  YESTERDAY        0.0
  MONTH TO DATE    0.0
  SINCE JUN 1      0.0
  SINCE JUL 1      0.0
  SNOW DEPTH       0

DEGREE DAYS
 HEATING
  YESTERDAY        0                         0      0        0
  MONTH TO DATE    0                         0      0        0
  SINCE JUN 1      0                         0      0        0
  SINCE JUL 1      0                         0      0        0

 COOLING
  YESTERDAY       18                        16      2       12
  MONTH TO DATE  428                       437     -9      466
  SINCE JUN 1   1545                      1377    168     1566
  SINCE JAN 1   1835                      1697    138     1890
..................................................................


WIND (MPH)
  HIGHEST WIND SPEED    18   HIGHEST WIND DIRECTION    NE (50)
  HIGHEST GUST SPEED    30   HIGHEST GUST DIRECTION    NE (40)
  AVERAGE WIND SPEED     4.7


SKY COVER
  POSSIBLE SUNSHINE  MM
  AVERAGE SKY COVER 0.3


WEATHER CONDITIONS
 THE FOLLOWING WEATHER WAS RECORDED YESTERDAY.
  THUNDERSTORM
  HEAVY RAIN
  RAIN
  LIGHT RAIN
  FOG


RELATIVE HUMIDITY (PERCENT)
 HIGHEST   100          1000 PM
 LOWEST     64           100 PM
 AVERAGE    82

..........................................................


THE TEXARKANA CLIMATE NORMALS FOR TODAY
                         NORMAL    RECORD    YEAR
 MAXIMUM TEMPERATURE (F)   92       106      1938
 MINIMUM TEMPERATURE (F)   70        59      1966


SUNRISE AND SUNSET
AUGUST 26 2016........SUNRISE   646 AM CDT   SUNSET   748 PM CDT
AUGUST 27 2016........SUNRISE   647 AM CDT   SUNSET   747 PM CDT


-  INDICATES NEGATIVE NUMBERS.
R  INDICATES RECORD WAS SET OR TIED.
MM INDICATES DATA IS MISSING.
T  INDICATES TRACE AMOUNT.




$$
