557
CDUS44 KSHV 080837
CLITXK


CLIMATE REPORT
NATIONAL WEATHER SERVICE SHREVEPORT, LA
237 AM CST MON FEB 8 2016


...................................

...THE TEXARKANA CLIMATE SUMMARY FOR FEBRUARY 7 2016...

CLIMATE NORMAL PERIOD 1981 TO 2010
CLIMATE RECORD PERIOD 1896 TO 2016


WEATHER ITEM   OBSERVED TIME   RECORD YEAR NORMAL DEPARTURE LAST
                VALUE   (LST)  VALUE       VALUE  FROM      YEAR
                                                  NORMAL
..................................................................
TEMPERATURE (F)
 YESTERDAY
  MAXIMUM         62    440 PM  81    1937  57      5       68
  MINIMUM         33    736 AM  14    1914  36     -3       39
  AVERAGE         48                        46      2       54

PRECIPITATION (IN)
  YESTERDAY        0.00          1.25 1973   0.13  -0.13     0.00
  MONTH TO DATE    0.01                      0.88  -0.87     0.52
  SINCE DEC 1      7.94                      9.33  -1.39     7.44
  SINCE JAN 1      1.96                      4.28  -2.32     4.76

SNOWFALL (IN)
  YESTERDAY        0.0
  MONTH TO DATE    0.0
  SINCE DEC 1      0.0
  SINCE JUL 1      0.0
  SNOW DEPTH       0

DEGREE DAYS
 HEATING
  YESTERDAY       17                        19     -2       11
  MONTH TO DATE  115                       135    -20      156
  SINCE DEC 1   1116                      1399   -283     1377
  SINCE JUL 1   1400                      1857   -457     1887

 COOLING
  YESTERDAY        0                         0      0        0
  MONTH TO DATE    0                         0      0        0
  SINCE DEC 1     14                         4     10        1
  SINCE JAN 1      1                         1      0        0
..................................................................


WIND (MPH)
  HIGHEST WIND SPEED    20   HIGHEST WIND DIRECTION     S (200)
  HIGHEST GUST SPEED    24   HIGHEST GUST DIRECTION     S (200)
  AVERAGE WIND SPEED     7.6


SKY COVER
  POSSIBLE SUNSHINE  MM
  AVERAGE SKY COVER 0.0


WEATHER CONDITIONS
 THE FOLLOWING WEATHER WAS RECORDED YESTERDAY.
  FOG


RELATIVE HUMIDITY (PERCENT)
 HIGHEST    96           800 AM
 LOWEST     29           200 PM
 AVERAGE    63

..........................................................


THE TEXARKANA CLIMATE NORMALS FOR TODAY
                         NORMAL    RECORD    YEAR
 MAXIMUM TEMPERATURE (F)   57        82      1994
 MINIMUM TEMPERATURE (F)   36         0      1933


SUNRISE AND SUNSET
FEBRUARY  8 2016......SUNRISE   707 AM CST   SUNSET   554 PM CST
FEBRUARY  9 2016......SUNRISE   706 AM CST   SUNSET   555 PM CST


-  INDICATES NEGATIVE NUMBERS.
R  INDICATES RECORD WAS SET OR TIED.
MM INDICATES DATA IS MISSING.
T  INDICATES TRACE AMOUNT.




$$
