780
CDUS44 KSHV 252132
CLITXK


CLIMATE REPORT
NATIONAL WEATHER SERVICE SHREVEPORT, LA
431 PM CDT SUN JUN 25 2017


...................................

...THE TEXARKANA CLIMATE SUMMARY FOR JUNE 25 2017...
VALID TODAY AS OF 0400 PM LOCAL TIME.

CLIMATE NORMAL PERIOD 1981 TO 2010
CLIMATE RECORD PERIOD 1896 TO 2017


WEATHER ITEM   OBSERVED TIME   RECORD YEAR NORMAL DEPARTURE LAST
                VALUE   (LST)  VALUE       VALUE  FROM      YEAR
                                                  NORMAL
..................................................................
TEMPERATURE (F)
 TODAY
  MAXIMUM         86    252 PM 107    2012  91     -5       93
  MINIMUM         67    555 AM  56    1974  70     -3       75
  AVERAGE         77                        80     -3       84

PRECIPITATION (IN)
  TODAY            0.00          1.73 1960   0.14  -0.14     0.00
  MONTH TO DATE    2.36                      3.72  -1.36     3.07
  SINCE DEC 1     29.34                     29.39  -0.05    36.27
  SINCE JAN 1     22.92                     24.34  -1.42    30.29

DEGREE DAYS
 HEATING
  TODAY            0                         0      0        0
  MONTH TO DATE    0                         0      0        0
  SINCE JUN 1      0                         0      0        0
  SINCE JUL 1   1707                      2616   -909     1908

 COOLING
  TODAY           12                        15     -3       19
  MONTH TO DATE  314                       328    -14      395
  SINCE JUN 1    314                       328    -14      395
  SINCE JAN 1    674                       648     26      685
..................................................................


WIND (MPH)
  HIGHEST WIND SPEED    14   HIGHEST WIND DIRECTION    NE (60)
  HIGHEST GUST SPEED    20   HIGHEST GUST DIRECTION     E (70)
  AVERAGE WIND SPEED     4.9


SKY COVER
  POSSIBLE SUNSHINE  MM
  AVERAGE SKY COVER 0.4


WEATHER CONDITIONS
 THE FOLLOWING WEATHER WAS RECORDED TODAY.
  NO SIGNIFICANT WEATHER WAS OBSERVED.


RELATIVE HUMIDITY (PERCENT)
 HIGHEST    93           400 AM
 LOWEST     44          1200 PM
 AVERAGE    69

..........................................................


THE TEXARKANA CLIMATE NORMALS FOR TOMORROW
                         NORMAL    RECORD    YEAR
 MAXIMUM TEMPERATURE (F)   91       105      1918
 MINIMUM TEMPERATURE (F)   70        57      1974


SUNRISE AND SUNSET
JUNE 25 2017..........SUNRISE   608 AM CDT   SUNSET   830 PM CDT
JUNE 26 2017..........SUNRISE   608 AM CDT   SUNSET   830 PM CDT


-  INDICATES NEGATIVE NUMBERS.
R  INDICATES RECORD WAS SET OR TIED.
MM INDICATES DATA IS MISSING.
T  INDICATES TRACE AMOUNT.




$$
