000
CDUS44 KSHV 300738
CLITXK


CLIMATE REPORT
NATIONAL WEATHER SERVICE SHREVEPORT, LA
235 AM CDT TUE JUN 30 2015


...................................

...THE TEXARKANA CLIMATE SUMMARY FOR JUNE 29 2015...

CLIMATE NORMAL PERIOD 1981 TO 2010
CLIMATE RECORD PERIOD 1896 TO 2015


WEATHER ITEM   OBSERVED TIME   RECORD YEAR NORMAL DEPARTURE LAST
                VALUE   (LST)  VALUE       VALUE  FROM      YEAR
                                                  NORMAL
..................................................................
TEMPERATURE (F)
 YESTERDAY
  MAXIMUM         93    350 PM 104    1925  91      2       92
  MINIMUM         70    536 AM  61    1903  70      0       76
  AVERAGE         82                        81      1       84

PRECIPITATION (IN)
  YESTERDAY        0.00          1.64 1983   0.15  -0.15     0.01
  MONTH TO DATE    3.37                      4.31  -0.94     4.61
  SINCE DEC 1     39.93                     29.98   9.95    25.33
  SINCE JAN 1     37.25                     24.93  12.32    19.50

SNOWFALL (IN)
  YESTERDAY        0.0
  MONTH TO DATE    0.0
  SINCE JUN 1      0.0
  SINCE JUL 1      5.2
  SNOW DEPTH       0

DEGREE DAYS
 HEATING
  YESTERDAY        0                         0      0        0
  MONTH TO DATE    0                         0      0        0
  SINCE JUN 1      0                         0      0        0
  SINCE JUL 1   2811                      2616    195     3040

 COOLING
  YESTERDAY       17                        16      1       19
  MONTH TO DATE  460                       390     70      409
  SINCE JUN 1    460                       390     70      409
  SINCE JAN 1    784                       710     74      703
..................................................................


WIND (MPH)
  HIGHEST WIND SPEED    15   HIGHEST WIND DIRECTION    SW (240)
  HIGHEST GUST SPEED    19   HIGHEST GUST DIRECTION     W (260)
  AVERAGE WIND SPEED     7.9


SKY COVER
  POSSIBLE SUNSHINE  MM
  AVERAGE SKY COVER 0.1


WEATHER CONDITIONS
 THE FOLLOWING WEATHER WAS RECORDED YESTERDAY.
  NO SIGNIFICANT WEATHER WAS OBSERVED.


RELATIVE HUMIDITY (PERCENT)
 HIGHEST    97           500 AM
 LOWEST     52           200 PM
 AVERAGE    75

..........................................................


THE TEXARKANA CLIMATE NORMALS FOR TODAY
                         NORMAL    RECORD    YEAR
 MAXIMUM TEMPERATURE (F)   91       105      1925
 MINIMUM TEMPERATURE (F)   71        59      1926


SUNRISE AND SUNSET
JUNE 30 2015..........SUNRISE   609 AM CDT   SUNSET   830 PM CDT
JULY  1 2015..........SUNRISE   610 AM CDT   SUNSET   830 PM CDT


-  INDICATES NEGATIVE NUMBERS.
R  INDICATES RECORD WAS SET OR TIED.
MM INDICATES DATA IS MISSING.
T  INDICATES TRACE AMOUNT.




$$
