000
CDUS44 KSHV 190850
CLITXK


CLIMATE REPORT
NATIONAL WEATHER SERVICE SHREVEPORT, LA
249 AM CST SUN NOV 19 2017


...................................

...THE TEXARKANA CLIMATE SUMMARY FOR NOVEMBER 18 2017...

CLIMATE NORMAL PERIOD 1981 TO 2010
CLIMATE RECORD PERIOD 1896 TO 2017


WEATHER ITEM   OBSERVED TIME   RECORD YEAR NORMAL DEPARTURE LAST
                VALUE   (LST)  VALUE       VALUE  FROM      YEAR
                                                  NORMAL
..................................................................
TEMPERATURE (F)
 YESTERDAY
  MAXIMUM         79   1143 AM  83    1921  64     15       75
  MINIMUM         44   1159 PM  19    2014  43      1       45
  AVERAGE         62                        53      9       60

PRECIPITATION (IN)
  YESTERDAY        T             2.89 1969   0.17  -0.17     0.29
  MONTH TO DATE    1.53                      2.79  -1.26     0.79
  SINCE DEC 1     49.86                     47.62   2.24    46.27
  SINCE JAN 1     43.44                     42.57   0.87    40.29

SNOWFALL (IN)
  YESTERDAY        0.0
  MONTH TO DATE    0.0
  SINCE SEP 1      0.0
  SINCE JUL 1      0.0
  SNOW DEPTH       0

DEGREE DAYS
 HEATING
  YESTERDAY        3                        12     -9        5
  MONTH TO DATE  102                       168    -66       69
  SINCE SEP 1    212                       286    -74       86
  SINCE JUL 1    212                       286    -74       86

 COOLING
  YESTERDAY        0                         0      0        0
  MONTH TO DATE   54                        14     40       37
  SINCE SEP 1    503                       414     89      647
  SINCE JAN 1   2207                      2202      5     2587
..................................................................


WIND (MPH)
  HIGHEST WIND SPEED    32   HIGHEST WIND DIRECTION    NW (300)
  HIGHEST GUST SPEED    40   HIGHEST GUST DIRECTION     W (290)
  AVERAGE WIND SPEED    15.1


SKY COVER
  POSSIBLE SUNSHINE  MM
  AVERAGE SKY COVER 0.4


WEATHER CONDITIONS
 THE FOLLOWING WEATHER WAS RECORDED YESTERDAY.
  LIGHT RAIN


RELATIVE HUMIDITY (PERCENT)
 HIGHEST    87           200 AM
 LOWEST     46          1200 PM
 AVERAGE    67

..........................................................


THE TEXARKANA CLIMATE NORMALS FOR TODAY
                         NORMAL    RECORD    YEAR
 MAXIMUM TEMPERATURE (F)   63        83      1913
 MINIMUM TEMPERATURE (F)   43        20      1914


SUNRISE AND SUNSET
NOVEMBER 19 2017......SUNRISE   651 AM CST   SUNSET   511 PM CST
NOVEMBER 20 2017......SUNRISE   652 AM CST   SUNSET   511 PM CST


-  INDICATES NEGATIVE NUMBERS.
R  INDICATES RECORD WAS SET OR TIED.
MM INDICATES DATA IS MISSING.
T  INDICATES TRACE AMOUNT.




$$
