000
CDUS44 KSHV 220833
CLITXK


CLIMATE REPORT
NATIONAL WEATHER SERVICE SHREVEPORT, LA
233 AM CST MON JAN 22 2018


...................................

...THE TEXARKANA CLIMATE SUMMARY FOR JANUARY 21 2018...

CLIMATE NORMAL PERIOD 1981 TO 2010
CLIMATE RECORD PERIOD 1896 TO 2018


WEATHER ITEM   OBSERVED TIME   RECORD YEAR NORMAL DEPARTURE LAST
                VALUE   (LST)  VALUE       VALUE  FROM      YEAR
                                                  NORMAL
..................................................................
TEMPERATURE (F)
 YESTERDAY
  MAXIMUM         69    237 PM  77    1986  54     15       68
  MINIMUM         61    716 AM  14    1984  34     27       53
  AVERAGE         65                        44     21       61

PRECIPITATION (IN)
  YESTERDAY        0.08          5.30 1938   0.11  -0.03     0.24
  MONTH TO DATE    2.13                      2.29  -0.16     4.18
  SINCE DEC 1      8.72                      7.34   1.38    10.60
  SINCE JAN 1      2.13                      2.29  -0.16     4.18

SNOWFALL (IN)
  YESTERDAY        0.0
  MONTH TO DATE    T
  SINCE DEC 1      T
  SINCE JUL 1      T
  SNOW DEPTH       0

DEGREE DAYS
 HEATING
  YESTERDAY        0                        21    -21        4
  MONTH TO DATE  580                       454    126      296
  SINCE DEC 1   1174                      1063    111      801
  SINCE JUL 1   1530                      1521      9     1035

 COOLING
  YESTERDAY        0                         0      0        0
  MONTH TO DATE    0                         0      0       14
  SINCE DEC 1      2                         3     -1       21
  SINCE JAN 1      0                         0      0       14
..................................................................


WIND (MPH)
  HIGHEST WIND SPEED    25   HIGHEST WIND DIRECTION     S (170)
  HIGHEST GUST SPEED    37   HIGHEST GUST DIRECTION    SE (140)
  AVERAGE WIND SPEED    13.7


SKY COVER
  POSSIBLE SUNSHINE  MM
  AVERAGE SKY COVER 0.9


WEATHER CONDITIONS
 THE FOLLOWING WEATHER WAS RECORDED YESTERDAY.
  THUNDERSTORM
  HEAVY RAIN
  RAIN
  LIGHT RAIN
  FOG


RELATIVE HUMIDITY (PERCENT)
 HIGHEST   100          1200 AM
 LOWEST     73           200 PM
 AVERAGE    87

..........................................................


THE TEXARKANA CLIMATE NORMALS FOR TODAY
                         NORMAL    RECORD    YEAR
 MAXIMUM TEMPERATURE (F)   54        79      1909
 MINIMUM TEMPERATURE (F)   34        -1      1930


SUNRISE AND SUNSET
JANUARY 22 2018.......SUNRISE   718 AM CST   SUNSET   538 PM CST
JANUARY 23 2018.......SUNRISE   717 AM CST   SUNSET   539 PM CST


-  INDICATES NEGATIVE NUMBERS.
R  INDICATES RECORD WAS SET OR TIED.
MM INDICATES DATA IS MISSING.
T  INDICATES TRACE AMOUNT.




$$
