000
CDUS44 KSHV 270751
CLITYR


CLIMATE REPORT
NATIONAL WEATHER SERVICE SHREVEPORT, LA
251 AM CDT FRI MAR 27 2015


...................................

...THE TYLER CLIMATE SUMMARY FOR MARCH 26 2015...

CLIMATE NORMAL PERIOD 1981 TO 2010
CLIMATE RECORD PERIOD 1896 TO 2015


WEATHER ITEM   OBSERVED TIME   RECORD YEAR NORMAL DEPARTURE LAST
                VALUE   (LST)  VALUE       VALUE  FROM      YEAR
                                                  NORMAL
..................................................................
TEMPERATURE (F)
 YESTERDAY
  MAXIMUM         68   1217 AM  89    1905  69     -1       64
  MINIMUM         47   1155 PM  22    1955  49     -2       40
  AVERAGE         58                        59     -1       52

PRECIPITATION (IN)
  YESTERDAY        0.00          1.79 1977   0.12  -0.12      T
  MONTH TO DATE    6.65                      3.56   3.09     1.64
  SINCE DEC 1     15.44                     14.67   0.77     8.66
  SINCE JAN 1     13.97                     10.43   3.54     5.64

SNOWFALL (IN)
  YESTERDAY        0.0
  MONTH TO DATE    0.5
  SINCE MAR 1      0.5
  SINCE JUL 1      2.1
  SNOW DEPTH       0

DEGREE DAYS
 HEATING
  YESTERDAY        7                         7      0       13
  MONTH TO DATE  253                       240     13      337
  SINCE MAR 1    253                       240     13      337
  SINCE JUL 1   2140                      2132      8     2401

 COOLING
  YESTERDAY        0                         1     -1        0
  MONTH TO DATE   19                        14      5        8
  SINCE MAR 1     19                        14      5        8
  SINCE JAN 1     19                        26     -7       11
..................................................................


WIND (MPH)
  HIGHEST WIND SPEED    25   HIGHEST WIND DIRECTION    NW (310)
  HIGHEST GUST SPEED    36   HIGHEST GUST DIRECTION     N (350)
  AVERAGE WIND SPEED    13.0


SKY COVER
  POSSIBLE SUNSHINE  MM
  AVERAGE SKY COVER 0.5


WEATHER CONDITIONS
 THE FOLLOWING WEATHER WAS RECORDED YESTERDAY.
  HAZE


RELATIVE HUMIDITY (PERCENT)
 HIGHEST    86           600 AM
 LOWEST     32           500 PM
 AVERAGE    59

..........................................................


THE TYLER CLIMATE NORMALS FOR TODAY
                         NORMAL    RECORD    YEAR
 MAXIMUM TEMPERATURE (F)   69        87      1939
 MINIMUM TEMPERATURE (F)   49        24      1955


SUNRISE AND SUNSET
MARCH 27 2015.........SUNRISE   717 AM CDT   SUNSET   738 PM CDT
MARCH 28 2015.........SUNRISE   715 AM CDT   SUNSET   739 PM CDT


-  INDICATES NEGATIVE NUMBERS.
R  INDICATES RECORD WAS SET OR TIED.
MM INDICATES DATA IS MISSING.
T  INDICATES TRACE AMOUNT.




$$
