000
CDUS44 KSHV 220742
CLITYR


CLIMATE REPORT
NATIONAL WEATHER SERVICE SHREVEPORT, LA
241 AM CDT SUN OCT 22 2017


...................................

...THE TYLER CLIMATE SUMMARY FOR OCTOBER 21 2017...

CLIMATE NORMAL PERIOD 1981 TO 2010
CLIMATE RECORD PERIOD 1896 TO 2017


WEATHER ITEM   OBSERVED TIME   RECORD YEAR NORMAL DEPARTURE LAST
                VALUE   (LST)  VALUE       VALUE  FROM      YEAR
                                                  NORMAL
..................................................................
TEMPERATURE (F)
 YESTERDAY
  MAXIMUM         88    402 PM  93    1939  76     12       75
  MINIMUM         69    659 AM  30    1976  55     14       50
  AVERAGE         79                        65     14       63

PRECIPITATION (IN)
  YESTERDAY        T             3.15 1990   0.17  -0.17     0.00
  MONTH TO DATE    0.28                      3.17  -2.89     1.22
  SINCE DEC 1     34.78                     40.01  -5.23    42.59
  SINCE JAN 1     32.13                     35.77  -3.64    32.82

SNOWFALL (IN)
  YESTERDAY        0.0
  MONTH TO DATE    0.0
  SINCE SEP 1      0.0
  SINCE JUL 1      0.0
  SNOW DEPTH       0

DEGREE DAYS
 HEATING
  YESTERDAY        0                         3     -3        2
  MONTH TO DATE    8                        31    -23        2
  SINCE SEP 1      8                        36    -28        2
  SINCE JUL 1      8                        36    -28        2

 COOLING
  YESTERDAY       14                         3     11        0
  MONTH TO DATE  184                       103     81      204
  SINCE SEP 1    564                       445    119      682
  SINCE JAN 1   2698                      2367    331     2981
..................................................................


WIND (MPH)
  HIGHEST WIND SPEED    20   HIGHEST WIND DIRECTION     S (170)
  HIGHEST GUST SPEED    26   HIGHEST GUST DIRECTION     S (170)
  AVERAGE WIND SPEED    12.4


SKY COVER
  POSSIBLE SUNSHINE  MM
  AVERAGE SKY COVER 0.6


WEATHER CONDITIONS
 THE FOLLOWING WEATHER WAS RECORDED YESTERDAY.
  THUNDERSTORM
  LIGHT RAIN


RELATIVE HUMIDITY (PERCENT)
 HIGHEST   100           700 AM
 LOWEST     46           300 PM
 AVERAGE    73

..........................................................


THE TYLER CLIMATE NORMALS FOR TODAY
                         NORMAL    RECORD    YEAR
 MAXIMUM TEMPERATURE (F)   76        96      1939
 MINIMUM TEMPERATURE (F)   54        33      1910


SUNRISE AND SUNSET
OCTOBER 22 2017.......SUNRISE   731 AM CDT   SUNSET   641 PM CDT
OCTOBER 23 2017.......SUNRISE   732 AM CDT   SUNSET   640 PM CDT


-  INDICATES NEGATIVE NUMBERS.
R  INDICATES RECORD WAS SET OR TIED.
MM INDICATES DATA IS MISSING.
T  INDICATES TRACE AMOUNT.




$$
