000
CDUS44 KSHV 270834
CLITYR


CLIMATE REPORT
NATIONAL WEATHER SERVICE SHREVEPORT, LA
233 AM CST THU NOV 27 2014


...................................

...THE TYLER CLIMATE SUMMARY FOR NOVEMBER 26 2014...

CLIMATE NORMAL PERIOD 1981 TO 2010
CLIMATE RECORD PERIOD 1896 TO 2014


WEATHER ITEM   OBSERVED TIME   RECORD YEAR NORMAL DEPARTURE LAST
                VALUE   (LST)  VALUE       VALUE  FROM      YEAR
                                                  NORMAL
..................................................................
TEMPERATURE (F)
 YESTERDAY
  MAXIMUM         67    343 PM  85    1965  61      6       48
  MINIMUM         40    708 AM  26    1993  43     -3       36
  AVERAGE         54                        52      2       42

PRECIPITATION (IN)
  YESTERDAY        0.00          3.15 1978   0.11  -0.11     0.03
  MONTH TO DATE    3.93                      3.58   0.35     4.77
  SINCE DEC 1     35.82                     45.27  -9.45    41.90
  SINCE JAN 1     32.80                     41.03  -8.23    39.01

SNOWFALL (IN)
  YESTERDAY        0.0
  MONTH TO DATE    T
  SINCE SEP 1      T
  SINCE JUL 1      T
  SNOW DEPTH       0

DEGREE DAYS
 HEATING
  YESTERDAY       11                        13     -2       23
  MONTH TO DATE  342                       239    103      273
  SINCE SEP 1    356                       316     40      315
  SINCE JUL 1    356                       316     40      315

 COOLING
  YESTERDAY        0                         0      0        0
  MONTH TO DATE    2                        14    -12       17
  SINCE SEP 1    630                       485    145      651
  SINCE JAN 1   2596                      2407    189     2767
..................................................................


WIND (MPH)
  HIGHEST WIND SPEED    17   HIGHEST WIND DIRECTION    SW (230)
  HIGHEST GUST SPEED    23   HIGHEST GUST DIRECTION    SW (240)
  AVERAGE WIND SPEED     7.7


SKY COVER
  POSSIBLE SUNSHINE  MM
  AVERAGE SKY COVER 0.0


WEATHER CONDITIONS
 THE FOLLOWING WEATHER WAS RECORDED YESTERDAY.
  NO SIGNIFICANT WEATHER WAS OBSERVED.


RELATIVE HUMIDITY (PERCENT)
 HIGHEST    76           700 AM
 LOWEST     24           200 PM
 AVERAGE    50

..........................................................


THE TYLER CLIMATE NORMALS FOR TODAY
                         NORMAL    RECORD    YEAR
 MAXIMUM TEMPERATURE (F)   61        86      1965
 MINIMUM TEMPERATURE (F)   42        17      1975


SUNRISE AND SUNSET
NOVEMBER 27 2014......SUNRISE   702 AM CST   SUNSET   517 PM CST
NOVEMBER 28 2014......SUNRISE   702 AM CST   SUNSET   516 PM CST


-  INDICATES NEGATIVE NUMBERS.
R  INDICATES RECORD WAS SET OR TIED.
MM INDICATES DATA IS MISSING.
T  INDICATES TRACE AMOUNT.




$$
