000
CDUS44 KSHV 250834
CLITYR


CLIMATE REPORT
NATIONAL WEATHER SERVICE SHREVEPORT, LA
234 AM CST SAT FEB 25 2017


...................................

...THE TYLER CLIMATE SUMMARY FOR FEBRUARY 24 2017...

CLIMATE NORMAL PERIOD 1981 TO 2010
CLIMATE RECORD PERIOD 1896 TO 2017


WEATHER ITEM   OBSERVED TIME   RECORD YEAR NORMAL DEPARTURE LAST
                VALUE   (LST)  VALUE       VALUE  FROM      YEAR
                                                  NORMAL
..................................................................
TEMPERATURE (F)
 YESTERDAY
  MAXIMUM         66    422 PM  85    1918  63      3       58
  MINIMUM         50   1159 PM  19    1965  43      7       43
  AVERAGE         58                        53      5       51

PRECIPITATION (IN)
  YESTERDAY        0.00          1.80 1902   0.13  -0.13      T
  MONTH TO DATE    2.25                      3.21  -0.96     2.77
  SINCE DEC 1     10.44                     10.51  -0.07    13.97
  SINCE JAN 1      7.79                      6.27   1.52     4.20

SNOWFALL (IN)
  YESTERDAY        0.0
  MONTH TO DATE    0.0
  SINCE DEC 1      T
  SINCE JUL 1      T
  SNOW DEPTH       0

DEGREE DAYS
 HEATING
  YESTERDAY        7                        13     -6       14
  MONTH TO DATE  143                       364   -221      237
  SINCE DEC 1    923                      1468   -545     1066
  SINCE JUL 1   1054                      1842   -788     1259

 COOLING
  YESTERDAY        0                         0      0        0
  MONTH TO DATE   36                         0     36        8
  SINCE DEC 1     77                        10     67       37
  SINCE JAN 1     55                         4     51       10
..................................................................


WIND (MPH)
  HIGHEST WIND SPEED    21   HIGHEST WIND DIRECTION    NW (330)
  HIGHEST GUST SPEED    26   HIGHEST GUST DIRECTION    NW (320)
  AVERAGE WIND SPEED    12.1


SKY COVER
  POSSIBLE SUNSHINE  MM
  AVERAGE SKY COVER 0.1


WEATHER CONDITIONS
 THE FOLLOWING WEATHER WAS RECORDED YESTERDAY.
  NO SIGNIFICANT WEATHER WAS OBSERVED.


RELATIVE HUMIDITY (PERCENT)
 HIGHEST   100           800 AM
 LOWEST     41          1000 PM
 AVERAGE    71

..........................................................


THE TYLER CLIMATE NORMALS FOR TODAY
                         NORMAL    RECORD    YEAR
 MAXIMUM TEMPERATURE (F)   63        89      1918
 MINIMUM TEMPERATURE (F)   43        18      1960


SUNRISE AND SUNSET
FEBRUARY 25 2017......SUNRISE   653 AM CST   SUNSET   616 PM CST
FEBRUARY 26 2017......SUNRISE   652 AM CST   SUNSET   617 PM CST


-  INDICATES NEGATIVE NUMBERS.
R  INDICATES RECORD WAS SET OR TIED.
MM INDICATES DATA IS MISSING.
T  INDICATES TRACE AMOUNT.




$$
