000
CDUS44 KSHV 190734
CLITYR


CLIMATE REPORT
NATIONAL WEATHER SERVICE SHREVEPORT, LA
234 AM CDT FRI SEP 19 2014


...................................

...THE TYLER CLIMATE SUMMARY FOR SEPTEMBER 18 2014...

CLIMATE NORMAL PERIOD 1981 TO 2010
CLIMATE RECORD PERIOD 1896 TO 2014


WEATHER ITEM   OBSERVED TIME   RECORD YEAR NORMAL DEPARTURE LAST
                VALUE   (LST)  VALUE       VALUE  FROM      YEAR
                                                  NORMAL
..................................................................
TEMPERATURE (F)
 YESTERDAY
  MAXIMUM         89    150 PM 100    1911  86      3       97
  MINIMUM         71   1159 PM  42    1981  65      6       75
  AVERAGE         80                        76      4       86

PRECIPITATION (IN)
  YESTERDAY        0.04          2.94 1995   0.10  -0.06     0.00
  MONTH TO DATE    2.62                      2.08   0.54     0.17
  SINCE DEC 1     27.24                     35.58  -8.34    22.67
  SINCE JAN 1     24.22                     31.34  -7.12    19.78

SNOWFALL (IN)
  YESTERDAY        0.0
  MONTH TO DATE    0.0
  SINCE SEP 1      0.0
  SINCE JUL 1      0.0
  SNOW DEPTH       0

DEGREE DAYS
 HEATING
  YESTERDAY        0                         0      0        0
  MONTH TO DATE    0                         0      0        0
  SINCE SEP 1      0                         0      0        0
  SINCE JUL 1      0                         0      0        0

 COOLING
  YESTERDAY       15                        11      4       21
  MONTH TO DATE  296                       237     59      363
  SINCE SEP 1    296                       237     59      363
  SINCE JAN 1   2262                      2159    103     2479
..................................................................


WIND (MPH)
  HIGHEST WIND SPEED    17   HIGHEST WIND DIRECTION    SE (150)
  HIGHEST GUST SPEED    23   HIGHEST GUST DIRECTION    SE (140)
  AVERAGE WIND SPEED     4.4


SKY COVER
  POSSIBLE SUNSHINE  MM
  AVERAGE SKY COVER 0.3


WEATHER CONDITIONS
 THE FOLLOWING WEATHER WAS RECORDED YESTERDAY.
  LIGHT RAIN
  FOG


RELATIVE HUMIDITY (PERCENT)
 HIGHEST    93           600 AM
 LOWEST     59           200 PM
 AVERAGE    76

..........................................................


THE TYLER CLIMATE NORMALS FOR TODAY
                         NORMAL    RECORD    YEAR
 MAXIMUM TEMPERATURE (F)   85        99      1941
 MINIMUM TEMPERATURE (F)   65        40      1901


SUNRISE AND SUNSET
SEPTEMBER 19 2014.....SUNRISE   708 AM CDT   SUNSET   722 PM CDT
SEPTEMBER 20 2014.....SUNRISE   709 AM CDT   SUNSET   721 PM CDT


-  INDICATES NEGATIVE NUMBERS.
R  INDICATES RECORD WAS SET OR TIED.
MM INDICATES DATA IS MISSING.
T  INDICATES TRACE AMOUNT.




$$
