000
CDUS44 KSHV 260842
CLITYR


CLIMATE REPORT
NATIONAL WEATHER SERVICE SHREVEPORT, LA
241 AM CST FRI DEC 26 2014


...................................

...THE TYLER CLIMATE SUMMARY FOR DECEMBER 25 2014...

CLIMATE NORMAL PERIOD 1981 TO 2010
CLIMATE RECORD PERIOD 1896 TO 2014


WEATHER ITEM   OBSERVED TIME   RECORD YEAR NORMAL DEPARTURE LAST
                VALUE   (LST)  VALUE       VALUE  FROM      YEAR
                                                  NORMAL
..................................................................
TEMPERATURE (F)
 YESTERDAY
  MAXIMUM         63    316 PM  83    1955  56      7       56
  MINIMUM         33    235 AM   4    1983  38     -5       32
  AVERAGE         48                        47      1       44

PRECIPITATION (IN)
  YESTERDAY        0.00          1.68 2000   0.15  -0.15     0.00
  MONTH TO DATE    0.88                      3.45  -2.57     3.02
  SINCE DEC 1      0.88                      3.45  -2.57     3.02
  SINCE JAN 1     33.68                     45.00 -11.32    42.03

SNOWFALL (IN)
  YESTERDAY        0.0
  MONTH TO DATE    0.0
  SINCE DEC 1      0.0
  SINCE JUL 1      T
  SNOW DEPTH       0

DEGREE DAYS
 HEATING
  YESTERDAY       17                        18     -1       21
  MONTH TO DATE  289                       418   -129      443
  SINCE DEC 1    289                       418   -129      443
  SINCE JUL 1    670                       792   -122      833

 COOLING
  YESTERDAY        0                         0      0        0
  MONTH TO DATE    3                         0      3       10
  SINCE DEC 1      3                         0      3       10
  SINCE JAN 1   2608                      2411    197     2777
..................................................................


WIND (MPH)
  HIGHEST WIND SPEED    24   HIGHEST WIND DIRECTION     S (180)
  HIGHEST GUST SPEED    29   HIGHEST GUST DIRECTION     S (170)
  AVERAGE WIND SPEED    12.4


SKY COVER
  POSSIBLE SUNSHINE  MM
  AVERAGE SKY COVER 0.0


WEATHER CONDITIONS
 THE FOLLOWING WEATHER WAS RECORDED YESTERDAY.
  NO SIGNIFICANT WEATHER WAS OBSERVED.


RELATIVE HUMIDITY (PERCENT)
 HIGHEST    89          1200 AM
 LOWEST     27           100 PM
 AVERAGE    58

..........................................................


THE TYLER CLIMATE NORMALS FOR TODAY
                         NORMAL    RECORD    YEAR
 MAXIMUM TEMPERATURE (F)   56        80      1955
 MINIMUM TEMPERATURE (F)   38         7      1983


SUNRISE AND SUNSET
DECEMBER 26 2014......SUNRISE   721 AM CST   SUNSET   523 PM CST
DECEMBER 27 2014......SUNRISE   722 AM CST   SUNSET   524 PM CST


-  INDICATES NEGATIVE NUMBERS.
R  INDICATES RECORD WAS SET OR TIED.
MM INDICATES DATA IS MISSING.
T  INDICATES TRACE AMOUNT.




$$
