000
CDUS44 KSHV 300801
CLITYR


CLIMATE REPORT
NATIONAL WEATHER SERVICE SHREVEPORT, LA
300 AM CDT THU MAR 30 2017


...................................

...THE TYLER CLIMATE SUMMARY FOR MARCH 29 2017...

CLIMATE NORMAL PERIOD 1981 TO 2010
CLIMATE RECORD PERIOD 1896 TO 2017


WEATHER ITEM   OBSERVED TIME   RECORD YEAR NORMAL DEPARTURE LAST
                VALUE   (LST)  VALUE       VALUE  FROM      YEAR
                                                  NORMAL
..................................................................
TEMPERATURE (F)
 YESTERDAY
  MAXIMUM         80    404 PM  88    1967  70     10       72
  MINIMUM         60    725 AM  26    1955  50     10       54
  AVERAGE         70                        60     10       63

PRECIPITATION (IN)
  YESTERDAY        0.58          4.41 1922   0.11   0.47     0.00
  MONTH TO DATE    2.24                      3.90  -1.66     7.98
  SINCE DEC 1     12.69                     15.01  -2.32    21.95
  SINCE JAN 1     10.04                     10.77  -0.73    12.18

SNOWFALL (IN)
  YESTERDAY        0.0
  MONTH TO DATE    0.0
  SINCE MAR 1      0.0
  SINCE JUL 1      T
  SNOW DEPTH       0

DEGREE DAYS
 HEATING
  YESTERDAY        0                         6     -6        2
  MONTH TO DATE  126                       260   -134      115
  SINCE MAR 1    126                       260   -134      115
  SINCE JUL 1   1209                      2152   -943     1424

 COOLING
  YESTERDAY        5                         1      4        0
  MONTH TO DATE  105                        17     88       33
  SINCE MAR 1    105                        17     88       33
  SINCE JAN 1    179                        29    150       43
..................................................................


WIND (MPH)
  HIGHEST WIND SPEED    26   HIGHEST WIND DIRECTION    SE (130)
  HIGHEST GUST SPEED    35   HIGHEST GUST DIRECTION     W (270)
  AVERAGE WIND SPEED    10.9


SKY COVER
  POSSIBLE SUNSHINE  MM
  AVERAGE SKY COVER 0.5


WEATHER CONDITIONS
 THE FOLLOWING WEATHER WAS RECORDED YESTERDAY.
  THUNDERSTORM
  HEAVY RAIN
  RAIN
  LIGHT RAIN
  FOG


RELATIVE HUMIDITY (PERCENT)
 HIGHEST   100           600 AM
 LOWEST     51           900 PM
 AVERAGE    76

..........................................................


THE TYLER CLIMATE NORMALS FOR TODAY
                         NORMAL    RECORD    YEAR
 MAXIMUM TEMPERATURE (F)   70        91      1946
 MINIMUM TEMPERATURE (F)   50        30      2003
                                             1975


SUNRISE AND SUNSET
MARCH 30 2017.........SUNRISE   712 AM CDT   SUNSET   740 PM CDT
MARCH 31 2017.........SUNRISE   711 AM CDT   SUNSET   741 PM CDT


-  INDICATES NEGATIVE NUMBERS.
R  INDICATES RECORD WAS SET OR TIED.
MM INDICATES DATA IS MISSING.
T  INDICATES TRACE AMOUNT.




$$
