934
CDUS44 KMRX 200902
CLITYS


CLIMATE REPORT
NATIONAL WEATHER SERVICE MORRISTOWN TN
402 AM EST FRI JAN 20 2017


...................................

...THE KNOXVILLE    ASOS CLIMATE SUMMARY FOR JANUARY 19 2017...

CLIMATE NORMAL PERIOD 1981 TO 2010
CLIMATE RECORD PERIOD 1871 TO 2017


WEATHER ITEM   OBSERVED TIME   RECORD YEAR NORMAL DEPARTURE LAST
                VALUE   (LST)  VALUE       VALUE  FROM      YEAR
                                                  NORMAL
..................................................................
TEMPERATURE (F)
 YESTERDAY
  MAXIMUM         58    408 PM  71    1907  47     11       28
  MINIMUM         42    621 AM  -4    1994  29     13       13
  AVERAGE         50                        38     12       21

PRECIPITATION (IN)
  YESTERDAY        T             2.12 2002   0.15  -0.15     0.00
  MONTH TO DATE    1.53                      2.64  -1.11     0.76
  SINCE DEC 1      8.49                      7.14   1.35     8.60
  SINCE JAN 1      1.53                      2.64  -1.11     0.76

SNOWFALL (IN)
  YESTERDAY       MM                         0.1   MM        0.0
  MONTH TO DATE    2.3                       1.6    0.7       T
  SINCE DEC 1      2.3                       2.4   -0.1       T
  SINCE JUL 1      2.3                       2.4   -0.1       T
  SNOW DEPTH       0

DEGREE DAYS
 HEATING
  YESTERDAY       15                        27    -12       44
  MONTH TO DATE  340                       513   -173      560
  SINCE DEC 1   1021                      1265   -244      943
  SINCE JUL 1   1425                      1946   -521     1453

 COOLING
  YESTERDAY        0                         0      0        0
  MONTH TO DATE    0                         0      0        0
  SINCE DEC 1      0                         0      0        5
  SINCE JAN 1      0                         0      0        0
..................................................................


WIND (MPH)
  HIGHEST WIND SPEED    10   HIGHEST WIND DIRECTION    NE (30)
  HIGHEST GUST SPEED    12   HIGHEST GUST DIRECTION    NE (40)
  AVERAGE WIND SPEED     4.9


SKY COVER
  POSSIBLE SUNSHINE  MM
  AVERAGE SKY COVER 0.9


WEATHER CONDITIONS
 THE FOLLOWING WEATHER WAS RECORDED YESTERDAY.
  LIGHT RAIN


RELATIVE HUMIDITY (PERCENT)
 HIGHEST    89           200 AM
 LOWEST     62           400 PM
 AVERAGE    76

..........................................................


THE KNOXVILLE    ASOS CLIMATE NORMALS FOR TODAY
                         NORMAL    RECORD    YEAR
 MAXIMUM TEMPERATURE (F)   47        71      1906
 MINIMUM TEMPERATURE (F)   29       -18      1985


SUNRISE AND SUNSET
JANUARY 20 2017.......SUNRISE   743 AM EST   SUNSET   551 PM EST
JANUARY 21 2017.......SUNRISE   743 AM EST   SUNSET   552 PM EST


-  INDICATES NEGATIVE NUMBERS.
R  INDICATES RECORD WAS SET OR TIED.
MM INDICATES DATA IS MISSING.
T  INDICATES TRACE AMOUNT.




$$
