000
CDUS44 KMRX 060833
CLITYS


CLIMATE REPORT
NATIONAL WEATHER SERVICE MORRISTOWN TN
333 AM EST SAT FEB 6 2016


...................................

...THE KNOXVILLE    ASOS CLIMATE SUMMARY FOR FEBRUARY 5 2016...

CLIMATE NORMAL PERIOD 1981 TO 2010
CLIMATE RECORD PERIOD 1871 TO 2016


WEATHER ITEM   OBSERVED TIME   RECORD YEAR NORMAL DEPARTURE LAST
                VALUE   (LST)  VALUE       VALUE  FROM      YEAR
                                                  NORMAL
..................................................................
TEMPERATURE (F)
 YESTERDAY
  MAXIMUM         45    356 PM  73    2008  50     -5       41
  MINIMUM         25    711 AM  -8    1996  31     -6       24
  AVERAGE         35                        40     -5       33

PRECIPITATION (IN)
  YESTERDAY        0.00          1.41 2010   0.16  -0.16     0.00
  MONTH TO DATE    3.09                      0.77   2.32     0.65
  SINCE DEC 1     13.70                      9.59   4.11     8.28
  SINCE JAN 1      5.86                      5.09   0.77     4.04

SNOWFALL (IN)
  YESTERDAY        0.0                       0.1   -0.1      0.0
  MONTH TO DATE    0.0                       0.4   -0.4       T
  SINCE DEC 1      2.6                       3.9   -1.3      1.1
  SINCE JUL 1      2.6                       3.9   -1.3      1.1
  SNOW DEPTH       0

DEGREE DAYS
 HEATING
  YESTERDAY       30                        25      5       32
  MONTH TO DATE   70                       126    -56      135
  SINCE DEC 1   1346                      1707   -361     1660
  SINCE JUL 1   1856                      2388   -532     2486

 COOLING
  YESTERDAY        0                         0      0        0
  MONTH TO DATE    0                         0      0        0
  SINCE DEC 1      5                         0      5        0
  SINCE JAN 1      0                         0      0        0
..................................................................


WIND (MPH)
  HIGHEST WIND SPEED    14   HIGHEST WIND DIRECTION    NE (50)
  HIGHEST GUST SPEED    18   HIGHEST GUST DIRECTION    NE (50)
  AVERAGE WIND SPEED     4.7


SKY COVER
  POSSIBLE SUNSHINE  MM
  AVERAGE SKY COVER 0.3


WEATHER CONDITIONS
 THE FOLLOWING WEATHER WAS RECORDED YESTERDAY.
  NO SIGNIFICANT WEATHER WAS OBSERVED.


RELATIVE HUMIDITY (PERCENT)
 HIGHEST    75           800 AM
 LOWEST     30           300 PM
 AVERAGE    53

..........................................................


THE KNOXVILLE    ASOS CLIMATE NORMALS FOR TODAY
                         NORMAL    RECORD    YEAR
 MAXIMUM TEMPERATURE (F)   50        73      1986
 MINIMUM TEMPERATURE (F)   31         5      1996


SUNRISE AND SUNSET
FEBRUARY  6 2016......SUNRISE   732 AM EST   SUNSET   608 PM EST
FEBRUARY  7 2016......SUNRISE   731 AM EST   SUNSET   609 PM EST


-  INDICATES NEGATIVE NUMBERS.
R  INDICATES RECORD WAS SET OR TIED.
MM INDICATES DATA IS MISSING.
T  INDICATES TRACE AMOUNT.




$$
