000
CDUS44 KMRX 290833
CLITYS


CLIMATE REPORT
NATIONAL WEATHER SERVICE MORRISTOWN TN
432 AM EDT FRI APR 29 2016


...................................

...THE KNOXVILLE    ASOS CLIMATE SUMMARY FOR APRIL 28 2016...

CLIMATE NORMAL PERIOD 1981 TO 2010
CLIMATE RECORD PERIOD 1871 TO 2016


WEATHER ITEM   OBSERVED TIME   RECORD YEAR NORMAL DEPARTURE LAST
                VALUE   (LST)  VALUE       VALUE  FROM      YEAR
                                                  NORMAL
..................................................................
TEMPERATURE (F)
 YESTERDAY
  MAXIMUM         83    445 PM  90    1957  74      9       68
  MINIMUM         63    555 AM  35    1928  51     12       42
  AVERAGE         73                        62     11       55

PRECIPITATION (IN)
  YESTERDAY        0.04          2.42 2013   0.14  -0.10     0.00
  MONTH TO DATE    1.88                      3.74  -1.86     4.06
  SINCE MAR 1      4.82                      8.08  -3.26     8.50
  SINCE JAN 1     14.70                     16.66  -1.96    15.64

SNOWFALL (IN)
  YESTERDAY        0.0                       0.0    0.0      0.0
  MONTH TO DATE    0.0                       0.5   -0.5      0.0
  SINCE MAR 1      0.0                       1.4   -1.4       T
  SINCE JUL 1      5.2                       6.5   -1.3      9.3
  SNOW DEPTH       0

DEGREE DAYS
 HEATING
  YESTERDAY        0                         4     -4       10
  MONTH TO DATE  164                       211    -47      121
  SINCE MAR 1    470                       672   -202      535
  SINCE JUL 1   2903                      3568   -665     3800

 COOLING
  YESTERDAY        8                         2      6        0
  MONTH TO DATE   51                        29     22       23
  SINCE MAR 1     66                        34     32       25
  SINCE JAN 1     66                        34     32       25
..................................................................


WIND (MPH)
  HIGHEST WIND SPEED    21   HIGHEST WIND DIRECTION    SW (230)
  HIGHEST GUST SPEED    24   HIGHEST GUST DIRECTION    SW (220)
  AVERAGE WIND SPEED     8.1


SKY COVER
  POSSIBLE SUNSHINE  MM
  AVERAGE SKY COVER 0.4


WEATHER CONDITIONS
 THE FOLLOWING WEATHER WAS RECORDED YESTERDAY.
  LIGHT RAIN
  FOG


RELATIVE HUMIDITY (PERCENT)
 HIGHEST    93           400 AM
 LOWEST     37           400 PM
 AVERAGE    65

..........................................................


THE KNOXVILLE    ASOS CLIMATE NORMALS FOR TODAY
                         NORMAL    RECORD    YEAR
 MAXIMUM TEMPERATURE (F)   74        88      1872
 MINIMUM TEMPERATURE (F)   51        33      1992


SUNRISE AND SUNSET
APRIL 29 2016.........SUNRISE   645 AM EDT   SUNSET   822 PM EDT
APRIL 30 2016.........SUNRISE   644 AM EDT   SUNSET   822 PM EDT


-  INDICATES NEGATIVE NUMBERS.
R  INDICATES RECORD WAS SET OR TIED.
MM INDICATES DATA IS MISSING.
T  INDICATES TRACE AMOUNT.




$$
