000
CDUS44 KMRX 101210
CLITYS

CLIMATE REPORT NATIONAL WEATHER SERVICE MORRISTOWN TN
810 AM EDT THU JUL 10 2014

...................................

...THE KNOXVILLE CLIMATE SUMMARY FOR JULY 9 2014...

CLIMATE NORMAL PERIOD 1981 TO 2010
CLIMATE RECORD PERIOD 1871 TO 2014


WEATHER ITEM   OBSERVED TIME   RECORD YEAR NORMAL DEPARTURE LAST
                VALUE   (LST)  VALUE       VALUE  FROM      YEAR
                                                  NORMAL
..................................................................
TEMPERATURE (F)
 YESTERDAY
  MAXIMUM         84    244 PM 102    1988  88     -4       89
  MINIMUM         67    543 PM  54    1984  69     -2       70
                                      1896
  AVERAGE         76                        78     -2       80

PRECIPITATION (IN)
  YESTERDAY        0.20          1.59 2003   0.16   0.04     0.00
  MONTH TO DATE    0.30                      1.51  -1.21     4.92
  SINCE JUN 1      4.85                      5.32  -0.47    14.30
  SINCE JAN 1     20.88                     26.76  -5.88    45.72

SNOWFALL (IN)
  YESTERDAY        0.0                       0.0    0.0      0.0
  MONTH TO DATE    0.0                       0.0    0.0      0.0
  SINCE JUN 1      0.0                       0.0    0.0      0.0
  SINCE JUL 1      0.0                       0.0    0.0      0.0
  SNOW DEPTH       0

DEGREE DAYS
 HEATING
  YESTERDAY        0                         0      0        0
  MONTH TO DATE    0                         0      0        0
  SINCE JUN 1      0                         4     -4        0
  SINCE JUL 1      0                         0      0        0

 COOLING
  YESTERDAY       11                        13     -2       15
  MONTH TO DATE  103                       117    -14       83
  SINCE JUN 1    433                       422     11      403
  SINCE JAN 1    638                       584     54      559
..................................................................


WIND (MPH)
  HIGHEST WIND SPEED    31   HIGHEST WIND DIRECTION     W (270)
  HIGHEST GUST SPEED    41   HIGHEST GUST DIRECTION     W (260)
  AVERAGE WIND SPEED     8.6


SKY COVER
  POSSIBLE SUNSHINE  MM
  AVERAGE SKY COVER  MM


WEATHER CONDITIONS
 THE FOLLOWING WEATHER WAS RECORDED YESTERDAY.
  THUNDERSTORM
  RAIN
  LIGHT RAIN
  FOG


RELATIVE HUMIDITY (PERCENT)
 HIGHEST    97           900 PM
 LOWEST     58           300 PM
 AVERAGE    78

..........................................................


THE KNOXVILLE    ASOS CLIMATE NORMALS FOR TODAY
                         NORMAL    RECORD    YEAR
 MAXIMUM TEMPERATURE (F)   88       101      1936
 MINIMUM TEMPERATURE (F)   69        51      1961


SUNRISE AND SUNSET
JULY 10 2014..........SUNRISE   628 AM EDT   SUNSET   854 PM EDT
JULY 11 2014..........SUNRISE   629 AM EDT   SUNSET   854 PM EDT


-  INDICATES NEGATIVE NUMBERS.
R  INDICATES RECORD WAS SET OR TIED.
MM INDICATES DATA IS MISSING.
T  INDICATES TRACE AMOUNT.

&&

THE LOW TEMPERATURE THIS MORNING WAS 67.
THERE HAS BEEN NO PRECIPITATION SINCE MIDNIGHT.


$$
