000
CDUS44 KMRX 222205
CLITYS


CLIMATE REPORT
NATIONAL WEATHER SERVICE MORRISTOWN TN
505 PM EST THU FEB 22 2018


...................................

...THE KNOXVILLE    ASOS CLIMATE SUMMARY FOR FEBRUARY 22 2018...
VALID TODAY AS OF 0500 PM LOCAL TIME.

CLIMATE NORMAL PERIOD 1981 TO 2010
CLIMATE RECORD PERIOD 1871 TO 2018


WEATHER ITEM   OBSERVED TIME   RECORD YEAR NORMAL DEPARTURE LAST
                VALUE   (LST)  VALUE       VALUE  FROM      YEAR
                                                  NORMAL
..................................................................
TEMPERATURE (F)
 TODAY
  MAXIMUM         81R   400 PM  76    1980  54     27       64
                                      1874
  MINIMUM         65        MM   5    1963  34     31       53
  AVERAGE         73                        44     29       59

PRECIPITATION (IN)
  TODAY            T             2.10 1961   0.16  -0.16     0.10
  MONTH TO DATE    6.56                      3.35   3.21     1.83
  SINCE DEC 1     11.48                     12.17  -0.69    12.16
  SINCE JAN 1      8.10                      7.67   0.43     5.20

SNOWFALL (IN)
  TODAY            0.0                       0.0    0.0      0.0
  MONTH TO DATE    T                         1.3   -1.3       T
  SINCE DEC 1      2.6                       4.8   -2.2      2.3
  SINCE JUL 1      2.6                       4.8   -2.2      2.3
  SNOW DEPTH       0

DEGREE DAYS
 HEATING
  TODAY            0                        21    -21        6
  MONTH TO DATE  364                       515   -151      355
  SINCE DEC 1   2068                      2096    -28     1580
  SINCE JUL 1   2686                      2777    -91     1984

 COOLING
  TODAY            8                         0      8        0
  MONTH TO DATE   15                         0     15        0
  SINCE DEC 1     15                         0     15        0
  SINCE JAN 1     15                         0     15        0
..................................................................


WIND (MPH)
  HIGHEST WIND SPEED    21   HIGHEST WIND DIRECTION    SW (220)
  HIGHEST GUST SPEED    25   HIGHEST GUST DIRECTION    SW (220)
  AVERAGE WIND SPEED    12.8


SKY COVER
  POSSIBLE SUNSHINE  MM
  AVERAGE SKY COVER 0.7


WEATHER CONDITIONS
 THE FOLLOWING WEATHER WAS RECORDED TODAY.
  LIGHT RAIN


RELATIVE HUMIDITY (PERCENT)
 HIGHEST    87           800 AM
 LOWEST     49           400 PM
 AVERAGE    68

..........................................................


THE KNOXVILLE    ASOS CLIMATE NORMALS FOR TOMORROW
                         NORMAL    RECORD    YEAR
 MAXIMUM TEMPERATURE (F)   55        83      1996
 MINIMUM TEMPERATURE (F)   34        13      1963


SUNRISE AND SUNSET
FEBRUARY 22 2018......SUNRISE   715 AM EST   SUNSET   624 PM EST
FEBRUARY 23 2018......SUNRISE   714 AM EST   SUNSET   625 PM EST


-  INDICATES NEGATIVE NUMBERS.
R  INDICATES RECORD WAS SET OR TIED.
MM INDICATES DATA IS MISSING.
T  INDICATES TRACE AMOUNT.




$$
