000
CDUS44 KMRX 271222
CLITYS

CLIMATE REPORT
NATIONAL WEATHER SERVICE MORRISTOWN TN
822 AM EDT WED AUG 27 2014


...................................

...THE KNOXVILLE CLIMATE SUMMARY FOR AUGUST 26 2014...

CLIMATE NORMAL PERIOD 1981 TO 2010
CLIMATE RECORD PERIOD 1871 TO 2014


WEATHER ITEM   OBSERVED TIME   RECORD YEAR NORMAL DEPARTURE LAST
                VALUE   (LST)  VALUE       VALUE  FROM      YEAR
                                                  NORMAL
..................................................................
TEMPERATURE (F)
 YESTERDAY
  MAXIMUM         85    417 PM  97    1987  87     -2       85
  MINIMUM         63    535 AM  53    1917  67     -4       62
  AVERAGE         74                        77     -3       74

PRECIPITATION (IN)
  YESTERDAY        0.00          1.46 2008   0.09  -0.09     0.00
  MONTH TO DATE    3.31                      2.84   0.47     2.97
  SINCE JUN 1     12.53                     11.73   0.80    19.72
  SINCE JAN 1     28.56                     33.17  -4.61    51.14

SNOWFALL (IN)
  YESTERDAY        0.0                       0.0    0.0      0.0
  MONTH TO DATE    0.0                       0.0    0.0      0.0
  SINCE JUN 1      0.0                       0.0    0.0      0.0
  SINCE JUL 1      0.0                       0.0    0.0      0.0
  SNOW DEPTH       0

DEGREE DAYS
 HEATING
  YESTERDAY        0                         0      0        0
  MONTH TO DATE    0                         0      0        0
  SINCE JUN 1      0                         4     -4        0
  SINCE JUL 1      0                         0      0        0

 COOLING
  YESTERDAY        9                        12     -3        9
  MONTH TO DATE  283                       334    -51      291
  SINCE JUN 1    930                      1056   -126      961
  SINCE JAN 1   1135                      1218    -83     1117
..................................................................


WIND (MPH)
  HIGHEST WIND SPEED    10   HIGHEST WIND DIRECTION    NE (60)
  HIGHEST GUST SPEED    12   HIGHEST GUST DIRECTION    NE (50)
  AVERAGE WIND SPEED     3.0


SKY COVER
  POSSIBLE SUNSHINE  MM
  AVERAGE SKY COVER  MM


WEATHER CONDITIONS
 THE FOLLOWING WEATHER WAS RECORDED YESTERDAY.
  NO SIGNIFICANT WEATHER WAS OBSERVED.


RELATIVE HUMIDITY (PERCENT)
 HIGHEST   100           500 AM
 LOWEST     51           500 PM
 AVERAGE    76

..........................................................


THE KNOXVILLE CLIMATE NORMALS FOR TODAY
                         NORMAL    RECORD    YEAR
 MAXIMUM TEMPERATURE (F)   87       101      1943
 MINIMUM TEMPERATURE (F)   67        50      1879


SUNRISE AND SUNSET
AUGUST 27 2014........SUNRISE   704 AM EDT   SUNSET   810 PM EDT
AUGUST 28 2014........SUNRISE   705 AM EDT   SUNSET   809 PM EDT


-  INDICATES NEGATIVE NUMBERS.
R  INDICATES RECORD WAS SET OR TIED.
MM INDICATES DATA IS MISSING.
T  INDICATES TRACE AMOUNT.


&&

THE LOW TEMPERATURE SINCE MIDNIGHT HAS BEEN 63.
THERE HAS BEEN NO PRECIPITATION SINCE MIDNIGHT.

$$
