450
CDUS44 KMRX 260841
CLITYS


CLIMATE REPORT
NATIONAL WEATHER SERVICE MORRISTOWN TN
441 AM EDT TUE SEP 26 2017


...................................

...THE KNOXVILLE    ASOS CLIMATE SUMMARY FOR SEPTEMBER 25 2017...

CLIMATE NORMAL PERIOD 1981 TO 2010
CLIMATE RECORD PERIOD 1871 TO 2017


WEATHER ITEM   OBSERVED TIME   RECORD YEAR NORMAL DEPARTURE LAST
                VALUE   (LST)  VALUE       VALUE  FROM      YEAR
                                                  NORMAL
..................................................................
TEMPERATURE (F)
 YESTERDAY
  MAXIMUM         86    330 PM  94    2016  78      8       94
  MINIMUM         63    703 AM  38    1887  57      6       66
  AVERAGE         75                        68      7       80

PRECIPITATION (IN)
  YESTERDAY        0.00          2.03 2000   0.11  -0.11     0.00
  MONTH TO DATE    2.43                      2.69  -0.26     0.91
  SINCE SEP 1      2.43                      2.69  -0.26     0.91
  SINCE JAN 1     39.95                     36.29   3.66    31.73

SNOWFALL (IN)
  YESTERDAY        0.0                       0.0    0.0      0.0
  MONTH TO DATE    0.0                       0.0    0.0      0.0
  SINCE SEP 1      0.0                       0.0    0.0      0.0
  SINCE JUL 1      0.0                       0.0    0.0      0.0
  SNOW DEPTH       0

DEGREE DAYS
 HEATING
  YESTERDAY        0                         2     -2        0
  MONTH TO DATE   15                        11      4        0
  SINCE SEP 1     15                        11      4        0
  SINCE JUL 1     15                        11      4        0

 COOLING
  YESTERDAY       10                         4      6       15
  MONTH TO DATE  136                       188    -52      338
  SINCE SEP 1    136                       188    -52      338
  SINCE JAN 1   1424                      1469    -45     1988
..................................................................


WIND (MPH)
  HIGHEST WIND SPEED     9   HIGHEST WIND DIRECTION    NE (50)
  HIGHEST GUST SPEED    12   HIGHEST GUST DIRECTION     N (340)
  AVERAGE WIND SPEED     2.7


SKY COVER
  POSSIBLE SUNSHINE  MM
  AVERAGE SKY COVER 0.5


WEATHER CONDITIONS
 THE FOLLOWING WEATHER WAS RECORDED YESTERDAY.
  NO SIGNIFICANT WEATHER WAS OBSERVED.


RELATIVE HUMIDITY (PERCENT)
 HIGHEST    93           300 AM
 LOWEST     44           200 PM
 AVERAGE    69

..........................................................


THE KNOXVILLE    ASOS CLIMATE NORMALS FOR TODAY
                         NORMAL    RECORD    YEAR
 MAXIMUM TEMPERATURE (F)   78        89      1986
                                             1958
                                             1933
 MINIMUM TEMPERATURE (F)   56        41      2001


SUNRISE AND SUNSET
SEPTEMBER 26 2017.....SUNRISE   727 AM EDT   SUNSET   726 PM EDT
SEPTEMBER 27 2017.....SUNRISE   728 AM EDT   SUNSET   725 PM EDT


-  INDICATES NEGATIVE NUMBERS.
R  INDICATES RECORD WAS SET OR TIED.
MM INDICATES DATA IS MISSING.
T  INDICATES TRACE AMOUNT.




$$
