000
CDUS44 KMRX 232123
CLITYS

CLIMATE REPORT NATIONAL WEATHER SERVICE MORRISTOWN TN
523 PM EDT SAT MAY 23 2015

...................................

...THE KNOXVILLE CLIMATE SUMMARY FOR MAY 23 2015... VALID TODAY AS
OF 500 PM LOCAL TIME.

CLIMATE NORMAL PERIOD 1981 TO 2010
CLIMATE RECORD PERIOD 1871 TO 2015


WEATHER ITEM   OBSERVED TIME   RECORD YEAR NORMAL DEPARTURE LAST
                VALUE   (LST)  VALUE       VALUE  FROM      YEAR
                                                  NORMAL
..................................................................
TEMPERATURE (F)
 TODAY
  MAXIMUM         82    256 PM  92    1903  80      2       84
  MINIMUM         49    548 AM  40    1889  58     -9       63
  AVERAGE         66                        69     -3       74

PRECIPITATION (IN)
  TODAY            0.00          2.30 1979   0.13  -0.13     0.00
  MONTH TO DATE    0.62                      3.42  -2.80     0.86
  SINCE MAR 1      9.20                     11.77  -2.57     7.60
  SINCE JAN 1     16.34                     20.35  -4.01    15.67

SNOWFALL (IN)
  TODAY            0.0                       0.0    0.0      0.0
  MONTH TO DATE    0.0                       0.0    0.0      0.0
  SINCE MAR 1      T                         1.4   -1.4      0.5
  SINCE JUL 1      9.3                       6.5    2.8     12.4
  SNOW DEPTH       0

DEGREE DAYS
 HEATING
  TODAY            0                         1     -1        0
  MONTH TO DATE   30                        52    -22       61
  SINCE MAR 1    580                       731   -151      750
  SINCE JUL 1   3845                      3627    218     3797

 COOLING
  TODAY            1                         5     -4        9
  MONTH TO DATE  137                        76     61      104
  SINCE MAR 1    162                       113     49      136
  SINCE JAN 1    162                       113     49      136
..................................................................


WIND (MPH)
  HIGHEST WIND SPEED     8   HIGHEST WIND DIRECTION     E (70)
  HIGHEST GUST SPEED    11   HIGHEST GUST DIRECTION    SE (130)
  AVERAGE WIND SPEED     3.2


SKY COVER
  POSSIBLE SUNSHINE  MM
  AVERAGE SKY COVER 0.5


WEATHER CONDITIONS
 THE FOLLOWING WEATHER WAS RECORDED TODAY.
  NO SIGNIFICANT WEATHER WAS OBSERVED.


RELATIVE HUMIDITY (PERCENT)
 HIGHEST    86           300 AM
 LOWEST     36           300 PM
 AVERAGE    61

..........................................................


THE KNOXVILLE    ASOS CLIMATE NORMALS FOR TOMORROW
                         NORMAL    RECORD    YEAR
 MAXIMUM TEMPERATURE (F)   80        92      1904
 MINIMUM TEMPERATURE (F)   59        37      1883


SUNRISE AND SUNSET
MAY 23 2015...........SUNRISE   625 AM EDT   SUNSET   840 PM EDT
MAY 24 2015...........SUNRISE   625 AM EDT   SUNSET   841 PM EDT


-  INDICATES NEGATIVE NUMBERS.
R  INDICATES RECORD WAS SET OR TIED.
MM INDICATES DATA IS MISSING.
T  INDICATES TRACE AMOUNT.




$$
