000
CDUS44 KMRX 282138
CLITYS


CLIMATE REPORT
NATIONAL WEATHER SERVICE MORRISTOWN TN
537 PM EDT SUN AUG 28 2016


...................................

...THE KNOXVILLE    ASOS CLIMATE SUMMARY FOR AUGUST 28 2016...
VALID TODAY AS OF 0500 PM LOCAL TIME.

CLIMATE NORMAL PERIOD 1981 TO 2010
CLIMATE RECORD PERIOD 1871 TO 2016


WEATHER ITEM   OBSERVED TIME   RECORD YEAR NORMAL DEPARTURE LAST
                VALUE   (LST)  VALUE       VALUE  FROM      YEAR
                                                  NORMAL
..................................................................
TEMPERATURE (F)
 TODAY
  MAXIMUM         94    358 PM  98    1936  87      7       89
  MINIMUM         70    615 AM  54    1927  66      4       63
  AVERAGE         82                        77      5       76

PRECIPITATION (IN)
  TODAY            0.00          2.01 1874   0.09  -0.09     0.00
  MONTH TO DATE    2.33                      3.01  -0.68     3.66
  SINCE JUN 1     11.56                     11.90  -0.34    15.44
  SINCE JAN 1     30.82                     33.34  -2.52    32.92

SNOWFALL (IN)
  TODAY            0.0                       0.0    0.0      0.0
  MONTH TO DATE    0.0                       0.0    0.0      0.0
  SINCE JUN 1      0.0                       0.0    0.0      0.0
  SINCE JUL 1      0.0                       0.0    0.0      0.0
  SNOW DEPTH       0

DEGREE DAYS
 HEATING
  TODAY            0                         0      0        0
  MONTH TO DATE    0                         0      0        0
  SINCE JUN 1      0                         4     -4        0
  SINCE JUL 1      0                         0      0        0

 COOLING
  TODAY           17                        12      5       11
  MONTH TO DATE  465                       358    107      331
  SINCE JUN 1   1389                      1080    309     1154
  SINCE JAN 1   1600                      1242    358     1388
..................................................................


WIND (MPH)
  HIGHEST WIND SPEED    10   HIGHEST WIND DIRECTION    NW (310)
  HIGHEST GUST SPEED    15   HIGHEST GUST DIRECTION    NW (310)
  AVERAGE WIND SPEED     2.7


SKY COVER
  POSSIBLE SUNSHINE  MM
  AVERAGE SKY COVER 0.3


WEATHER CONDITIONS
 THE FOLLOWING WEATHER WAS RECORDED TODAY.
  FOG


RELATIVE HUMIDITY (PERCENT)
 HIGHEST   100           500 AM
 LOWEST     44           400 PM
 AVERAGE    72

..........................................................


THE KNOXVILLE    ASOS CLIMATE NORMALS FOR TOMORROW
                         NORMAL    RECORD    YEAR
 MAXIMUM TEMPERATURE (F)   87       102      1948
 MINIMUM TEMPERATURE (F)   66        53      1986
                                             1968


SUNRISE AND SUNSET
AUGUST 28 2016........SUNRISE   705 AM EDT   SUNSET   808 PM EDT
AUGUST 29 2016........SUNRISE   706 AM EDT   SUNSET   807 PM EDT


-  INDICATES NEGATIVE NUMBERS.
R  INDICATES RECORD WAS SET OR TIED.
MM INDICATES DATA IS MISSING.
T  INDICATES TRACE AMOUNT.




$$
