000
CDUS43 KLOT 280636
CLIUGN


CLIMATE REPORT
NATIONAL WEATHER SERVICE CHICAGO IL
134 AM CDT MON JUL 28 2014


...................................

...THE WAUKEGAN   CLIMATE SUMMARY FOR JULY 27 2014...

CLIMATE NORMAL PERIOD 1981 TO 2010
CLIMATE RECORD PERIOD 2000 TO 2014


WEATHER ITEM   OBSERVED TIME   RECORD YEAR NORMAL DEPARTURE LAST
                VALUE   (LST)  VALUE       VALUE  FROM      YEAR
                                                  NORMAL
..................................................................
TEMPERATURE (F)
 YESTERDAY
  MAXIMUM         84   1144 AM  88    2002  80      4       62
  MINIMUM         63   1159 PM  54    2005  62      1       55
  AVERAGE         74

PRECIPITATION (IN)
  YESTERDAY        0.14          3.39 2011   0.11   0.03     0.00
  MONTH TO DATE    1.10                      3.38  -2.28     2.03
  SINCE JUN 1      8.35                      7.26   1.09     6.28
  SINCE JAN 1     19.19                     20.12  -0.93    20.14

DEGREE DAYS
 HEATING
  YESTERDAY        0                         0      0        6
  MONTH TO DATE   30                         3     27       18
  SINCE JUN 1    103                        89     14      115
  SINCE JUL 1     30                         3     27       18

 COOLING
  YESTERDAY        9                         6      3        0
  MONTH TO DATE   94                       184    -90      183
  SINCE JUN 1    177                       289   -112      273
  SINCE JAN 1    200                       314   -114      320
..................................................................


WIND (MPH)
  RESULTANT WIND SPEED   3   RESULTANT WIND DIRECTION   W (290)
  HIGHEST WIND SPEED    20   HIGHEST WIND DIRECTION    NW (300)
  HIGHEST GUST SPEED    33   HIGHEST GUST DIRECTION     W (290)
  AVERAGE WIND SPEED     6.9


SKY COVER
  POSSIBLE SUNSHINE  MM
  AVERAGE SKY COVER 0.4


WEATHER CONDITIONS
 THE FOLLOWING WEATHER WAS RECORDED YESTERDAY.
  HEAVY RAIN
  LIGHT RAIN
  FOG
  HAZE


RELATIVE HUMIDITY (PERCENT)
 HIGHEST    97
 LOWEST     40
 AVERAGE    69

..........................................................


THE WAUKEGAN   CLIMATE NORMALS FOR TODAY
                         NORMAL    RECORD    YEAR
 MAXIMUM TEMPERATURE (F)   80        93      2002
 MINIMUM TEMPERATURE (F)   62        52      2005


SUNRISE AND SUNSET
JULY 28 2014..........SUNRISE   540 AM CDT   SUNSET   816 PM CDT
JULY 29 2014..........SUNRISE   541 AM CDT   SUNSET   814 PM CDT


-  INDICATES NEGATIVE NUMBERS.
R  INDICATES RECORD WAS SET OR TIED.
MM INDICATES DATA IS MISSING.
T  INDICATES TRACE AMOUNT.




$$
