000
CDUS43 KLOT 250638
CLIUGN


CLIMATE REPORT
NATIONAL WEATHER SERVICE CHICAGO IL
136 AM CDT MON MAY 25 2015


...................................

...THE WAUKEGAN   CLIMATE SUMMARY FOR MAY 24 2015...

CLIMATE NORMAL PERIOD 1981 TO 2010
CLIMATE RECORD PERIOD 2000 TO 2015


WEATHER ITEM   OBSERVED TIME   RECORD YEAR NORMAL DEPARTURE LAST
                VALUE   (LST)  VALUE       VALUE  FROM      YEAR
                                                  NORMAL
..................................................................
TEMPERATURE (F)
 YESTERDAY
  MAXIMUM         66   1159 PM  88    2007  68     -2       67
  MINIMUM         49   1230 AM  35    2013  47      2       41
  AVERAGE         58

PRECIPITATION (IN)
  YESTERDAY        0.07          0.56 2006   0.14  -0.07     0.00
  MONTH TO DATE    3.11                      3.13  -0.02     4.25
  SINCE MAR 1      7.99                      8.93  -0.94     8.03
  SINCE JAN 1      8.53                     11.98  -3.45    10.05

DEGREE DAYS
 HEATING
  YESTERDAY        7                         8     -1       11
  MONTH TO DATE  249                       260    -11      272
  SINCE MAR 1   1833                      1756     77     2044
  SINCE JUL 1   7358                      6702    656     7913

 COOLING
  YESTERDAY        0                         1     -1        0
  MONTH TO DATE    9                        11     -2       12
  SINCE MAR 1      9                        15     -6       12
  SINCE JAN 1      9                        15     -6       12
..................................................................


WIND (MPH)
  RESULTANT WIND SPEED   2   RESULTANT WIND DIRECTION  SE (150)
  HIGHEST WIND SPEED    15   HIGHEST WIND DIRECTION     E (70)
  HIGHEST GUST SPEED    20   HIGHEST GUST DIRECTION     E (70)
  AVERAGE WIND SPEED     5.9


SKY COVER
  POSSIBLE SUNSHINE  MM
  AVERAGE SKY COVER 0.5


WEATHER CONDITIONS
 THE FOLLOWING WEATHER WAS RECORDED YESTERDAY.
  RAIN
  LIGHT RAIN
  FOG


RELATIVE HUMIDITY (PERCENT)
 HIGHEST    93
 LOWEST     62
 AVERAGE    78

..........................................................


THE WAUKEGAN   CLIMATE NORMALS FOR TODAY
                         NORMAL    RECORD    YEAR
 MAXIMUM TEMPERATURE (F)   68        81      2012
 MINIMUM TEMPERATURE (F)   47        38      2013


SUNRISE AND SUNSET
MAY 25 2015...........SUNRISE   521 AM CDT   SUNSET   816 PM CDT
MAY 26 2015...........SUNRISE   521 AM CDT   SUNSET   817 PM CDT


-  INDICATES NEGATIVE NUMBERS.
R  INDICATES RECORD WAS SET OR TIED.
MM INDICATES DATA IS MISSING.
T  INDICATES TRACE AMOUNT.




$$
