000
CDUS43 KLOT 210632
CLIUGN


CLIMATE REPORT
NATIONAL WEATHER SERVICE CHICAGO IL
132 AM CDT TUE OCT 21 2014


...................................

...THE WAUKEGAN   CLIMATE SUMMARY FOR OCTOBER 20 2014...

CLIMATE NORMAL PERIOD 1981 TO 2010
CLIMATE RECORD PERIOD 2000 TO 2014


WEATHER ITEM   OBSERVED TIME   RECORD YEAR NORMAL DEPARTURE LAST
                VALUE   (LST)  VALUE       VALUE  FROM      YEAR
                                                  NORMAL
..................................................................
TEMPERATURE (F)
 YESTERDAY
  MAXIMUM         62   1228 PM  82    2003  59      3       53
  MINIMUM         47    648 AM  29    2002  41      6       34
  AVERAGE         55

PRECIPITATION (IN)
  YESTERDAY        0.00          0.38 2008   0.08  -0.08     0.02
  MONTH TO DATE    3.46                      1.88   1.58     0.84
  SINCE SEP 1      7.13                      5.34   1.79     3.41
  SINCE JAN 1     30.08                     29.79   0.29    25.25

DEGREE DAYS
 HEATING
  YESTERDAY       10                        15     -5       21
  MONTH TO DATE  280                       254     26      212
  SINCE SEP 1    457                       392     65      351
  SINCE JUL 1    500                       420     80      390

 COOLING
  YESTERDAY        0                         0      0        0
  MONTH TO DATE    2                         7     -5        7
  SINCE SEP 1     53                        62     -9      100
  SINCE JAN 1    424                       564   -140      590
..................................................................


WIND (MPH)
  RESULTANT WIND SPEED   3   RESULTANT WIND DIRECTION   W (290)
  HIGHEST WIND SPEED    15   HIGHEST WIND DIRECTION    SW (220)
  HIGHEST GUST SPEED    21   HIGHEST GUST DIRECTION    SW (210)
  AVERAGE WIND SPEED     6.7


SKY COVER
  POSSIBLE SUNSHINE  MM
  AVERAGE SKY COVER 0.6


WEATHER CONDITIONS
 THE FOLLOWING WEATHER WAS RECORDED YESTERDAY.
  NO SIGNIFICANT WEATHER WAS OBSERVED.


RELATIVE HUMIDITY (PERCENT)
 HIGHEST    86
 LOWEST     60
 AVERAGE    73

..........................................................


THE WAUKEGAN   CLIMATE NORMALS FOR TODAY
                         NORMAL    RECORD    YEAR
 MAXIMUM TEMPERATURE (F)   58        79      2007
 MINIMUM TEMPERATURE (F)   41        29      2013


SUNRISE AND SUNSET
OCTOBER 21 2014.......SUNRISE   711 AM CDT   SUNSET   600 PM CDT
OCTOBER 22 2014.......SUNRISE   713 AM CDT   SUNSET   559 PM CDT


-  INDICATES NEGATIVE NUMBERS.
R  INDICATES RECORD WAS SET OR TIED.
MM INDICATES DATA IS MISSING.
T  INDICATES TRACE AMOUNT.




$$
