000
CDUS43 KLOT 120634
CLIUGN


CLIMATE REPORT
NATIONAL WEATHER SERVICE CHICAGO IL
1234 AM CST FRI FEB 12 2016


...................................

...THE WAUKEGAN   CLIMATE SUMMARY FOR FEBRUARY 11 2016...

CLIMATE NORMAL PERIOD 1981 TO 2010
CLIMATE RECORD PERIOD 2000 TO 2016


WEATHER ITEM   OBSERVED TIME   RECORD YEAR NORMAL DEPARTURE LAST
                VALUE   (LST)  VALUE       VALUE  FROM      YEAR
                                                  NORMAL
..................................................................
TEMPERATURE (F)
 YESTERDAY
  MAXIMUM         20    403 PM  49    2009  32    -12       36
  MINIMUM          3    615 AM -10    2014  17    -14       16
  AVERAGE         12

PRECIPITATION (IN)
  YESTERDAY        0.00          0.48 2009   0.06  -0.06     0.00
  MONTH TO DATE    0.65                      0.61   0.04      T
  SINCE DEC 1      6.08                      4.00   2.08     1.34
  SINCE JAN 1      1.28                      2.00  -0.72     0.54

DEGREE DAYS
 HEATING
  YESTERDAY       53                        40     13       39
  MONTH TO DATE  431                       456    -25      504
  SINCE DEC 1   2557                      2922   -365     2902
  SINCE JUL 1   3715                      4307   -592     4565

 COOLING
  YESTERDAY        0                         0      0        0
  MONTH TO DATE    0                         0      0        0
  SINCE DEC 1      0                         0      0        0
  SINCE JAN 1      0                         0      0        0
..................................................................


WIND (MPH)
  RESULTANT WIND SPEED   3   RESULTANT WIND DIRECTION  NW (310)
  HIGHEST WIND SPEED    13   HIGHEST WIND DIRECTION    NW (330)
  HIGHEST GUST SPEED    17   HIGHEST GUST DIRECTION    NW (300)
  AVERAGE WIND SPEED     5.4


SKY COVER
  POSSIBLE SUNSHINE  MM
  AVERAGE SKY COVER 0.1


WEATHER CONDITIONS
 THE FOLLOWING WEATHER WAS RECORDED YESTERDAY.
  NO SIGNIFICANT WEATHER WAS OBSERVED.


RELATIVE HUMIDITY (PERCENT)
 HIGHEST    79
 LOWEST     45
 AVERAGE    62

..........................................................


THE WAUKEGAN   CLIMATE NORMALS FOR TODAY
                         NORMAL    RECORD    YEAR
 MAXIMUM TEMPERATURE (F)   32        45      2005
 MINIMUM TEMPERATURE (F)   17        -4      2014


SUNRISE AND SUNSET
FEBRUARY 12 2016......SUNRISE   653 AM CST   SUNSET   519 PM CST
FEBRUARY 13 2016......SUNRISE   651 AM CST   SUNSET   520 PM CST


-  INDICATES NEGATIVE NUMBERS.
R  INDICATES RECORD WAS SET OR TIED.
MM INDICATES DATA IS MISSING.
T  INDICATES TRACE AMOUNT.




$$
