000
CDUS43 KLOT 290634
CLIUGN


CLIMATE REPORT
NATIONAL WEATHER SERVICE CHICAGO IL
134 AM CDT WED JUL 29 2015


...................................

...THE WAUKEGAN   CLIMATE SUMMARY FOR JULY 28 2015...

CLIMATE NORMAL PERIOD 1981 TO 2010
CLIMATE RECORD PERIOD 2000 TO 2015


WEATHER ITEM   OBSERVED TIME   RECORD YEAR NORMAL DEPARTURE LAST
                VALUE   (LST)  VALUE       VALUE  FROM      YEAR
                                                  NORMAL
..................................................................
TEMPERATURE (F)
 YESTERDAY
  MAXIMUM         83    141 PM  93    2002  80      3       69
  MINIMUM         61    227 AM  52    2005  62     -1       55
  AVERAGE         72

PRECIPITATION (IN)
  YESTERDAY        0.00          0.38 2000   0.11  -0.11     0.00
  MONTH TO DATE    4.29                      3.49   0.80     1.10
  SINCE JUN 1      8.55                      7.37   1.18     8.35
  SINCE JAN 1     17.95                     20.23  -2.28    19.19

DEGREE DAYS
 HEATING
  YESTERDAY        0                         0      0        3
  MONTH TO DATE   45                         3     42       33
  SINCE JUN 1    148                        89     59      106
  SINCE JUL 1     45                         3     42       33

 COOLING
  YESTERDAY        7                         6      1        0
  MONTH TO DATE  124                       190    -66       94
  SINCE JUN 1    178                       295   -117      177
  SINCE JAN 1    203                       320   -117      200
..................................................................


WIND (MPH)
  RESULTANT WIND SPEED   5   RESULTANT WIND DIRECTION  SE (130)
  HIGHEST WIND SPEED    18   HIGHEST WIND DIRECTION    SE (120)
  HIGHEST GUST SPEED    26   HIGHEST GUST DIRECTION    SE (120)
  AVERAGE WIND SPEED     4.7


SKY COVER
  POSSIBLE SUNSHINE  MM
  AVERAGE SKY COVER 0.0


WEATHER CONDITIONS
 THE FOLLOWING WEATHER WAS RECORDED YESTERDAY.
  FOG


RELATIVE HUMIDITY (PERCENT)
 HIGHEST   100
 LOWEST     58
 AVERAGE    79

..........................................................


THE WAUKEGAN   CLIMATE NORMALS FOR TODAY
                         NORMAL    RECORD    YEAR
 MAXIMUM TEMPERATURE (F)   80        92      2006
 MINIMUM TEMPERATURE (F)   62        50      2003


SUNRISE AND SUNSET
JULY 29 2015..........SUNRISE   541 AM CDT   SUNSET   815 PM CDT
JULY 30 2015..........SUNRISE   542 AM CDT   SUNSET   814 PM CDT


-  INDICATES NEGATIVE NUMBERS.
R  INDICATES RECORD WAS SET OR TIED.
MM INDICATES DATA IS MISSING.
T  INDICATES TRACE AMOUNT.




$$
