000
CDUS43 KLOT 200635
CLIUGN


CLIMATE REPORT
NATIONAL WEATHER SERVICE CHICAGO IL
135 AM CDT WED SEP 20 2017


...................................

...THE WAUKEGAN   CLIMATE SUMMARY FOR SEPTEMBER 19 2017...

CLIMATE NORMAL PERIOD 1981 TO 2010
CLIMATE RECORD PERIOD 2000 TO 2017


WEATHER ITEM   OBSERVED TIME   RECORD YEAR NORMAL DEPARTURE LAST
                VALUE   (LST)  VALUE       VALUE  FROM      YEAR
                                                  NORMAL
..................................................................
TEMPERATURE (F)
 YESTERDAY
  MAXIMUM         74   1202 PM  88    2016  70      4       88
  MINIMUM         58   1156 PM  34    2012  52      6       59
  AVERAGE         66

PRECIPITATION (IN)
  YESTERDAY        0.14          2.62 2001   0.13   0.01     0.01
  MONTH TO DATE    0.42                      2.08  -1.66     0.19
  SINCE SEP 1      0.42                      2.08  -1.66     0.19
  SINCE JAN 1     29.26                     26.53   2.73    19.50

DEGREE DAYS
 HEATING
  YESTERDAY        0                         5     -5        0
  MONTH TO DATE   77                        54     23        5
  SINCE SEP 1     77                        54     23        5
  SINCE JUL 1     99                        82     17       16

 COOLING
  YESTERDAY        1                         1      0        9
  MONTH TO DATE   24                        47    -23       99
  SINCE SEP 1     24                        47    -23       99
  SINCE JAN 1    470                       549    -79      814
..................................................................


WIND (MPH)
  RESULTANT WIND SPEED   4   RESULTANT WIND DIRECTION  NE (60)
  HIGHEST WIND SPEED    12   HIGHEST WIND DIRECTION     E (80)
  HIGHEST GUST SPEED    14   HIGHEST GUST DIRECTION     E (90)
  AVERAGE WIND SPEED     4.1


SKY COVER
  POSSIBLE SUNSHINE  MM
  AVERAGE SKY COVER 0.8


WEATHER CONDITIONS
 THE FOLLOWING WEATHER WAS RECORDED YESTERDAY.
  RAIN
  LIGHT RAIN
  FOG
  FOG W/VISIBILITY <= 1/4 MILE
  HAZE


RELATIVE HUMIDITY (PERCENT)
 HIGHEST   100
 LOWEST     79
 AVERAGE    90

..........................................................


THE WAUKEGAN   CLIMATE NORMALS FOR TODAY
                         NORMAL    RECORD    YEAR
 MAXIMUM TEMPERATURE (F)   70        81      2008
 MINIMUM TEMPERATURE (F)   51        40      2006
                                             2003


SUNRISE AND SUNSET
SEPTEMBER 20 2017.....SUNRISE   637 AM CDT   SUNSET   652 PM CDT
SEPTEMBER 21 2017.....SUNRISE   638 AM CDT   SUNSET   650 PM CDT


-  INDICATES NEGATIVE NUMBERS.
R  INDICATES RECORD WAS SET OR TIED.
MM INDICATES DATA IS MISSING.
T  INDICATES TRACE AMOUNT.




$$
