000
CDUS43 KLOT 300635
CLIUGN


CLIMATE REPORT
NATIONAL WEATHER SERVICE CHICAGO IL
1234 AM CST FRI JAN 30 2015


...................................

...THE WAUKEGAN   CLIMATE SUMMARY FOR JANUARY 29 2015...

CLIMATE NORMAL PERIOD 1981 TO 2010
CLIMATE RECORD PERIOD 2000 TO 2015


WEATHER ITEM   OBSERVED TIME   RECORD YEAR NORMAL DEPARTURE LAST
                VALUE   (LST)  VALUE       VALUE  FROM      YEAR
                                                  NORMAL
..................................................................
TEMPERATURE (F)
 YESTERDAY
  MAXIMUM         35    357 PM  49    2008  30      5       22
  MINIMUM         27   1159 PM  -5    2004  15     12       -1
  AVERAGE         31

PRECIPITATION (IN)
  YESTERDAY        T             0.72 2001   0.04  -0.04     0.00
  MONTH TO DATE    0.54                      1.28  -0.74     1.07
  SINCE DEC 1      1.34                      3.28  -1.94     1.63
  SINCE JAN 1      0.54                      1.28  -0.74     1.07

DEGREE DAYS
 HEATING
  YESTERDAY       34                        43     -9       54
  MONTH TO DATE 1270                      1220     50     1499
  SINCE DEC 1   2317                      2384    -67     2875
  SINCE JUL 1   3980                      3769    211     4387

 COOLING
  YESTERDAY        0                         0      0        0
  MONTH TO DATE    0                         0      0        0
  SINCE DEC 1      0                         0      0        0
  SINCE JAN 1      0                         0      0        0
..................................................................


WIND (MPH)
  RESULTANT WIND SPEED   6   RESULTANT WIND DIRECTION  NW (310)
  HIGHEST WIND SPEED    17   HIGHEST WIND DIRECTION     N (340)
  HIGHEST GUST SPEED    28   HIGHEST GUST DIRECTION    NW (330)
  AVERAGE WIND SPEED     9.4


SKY COVER
  POSSIBLE SUNSHINE  MM
  AVERAGE SKY COVER 1.0


WEATHER CONDITIONS
 THE FOLLOWING WEATHER WAS RECORDED YESTERDAY.
  LIGHT SNOW
  HAZE


RELATIVE HUMIDITY (PERCENT)
 HIGHEST    85
 LOWEST     51
 AVERAGE    68

..........................................................


THE WAUKEGAN   CLIMATE NORMALS FOR TODAY
                         NORMAL    RECORD    YEAR
 MAXIMUM TEMPERATURE (F)   30        49      2012
 MINIMUM TEMPERATURE (F)   15       -10      2004


SUNRISE AND SUNSET
JANUARY 30 2015.......SUNRISE   707 AM CST   SUNSET   503 PM CST
JANUARY 31 2015.......SUNRISE   706 AM CST   SUNSET   504 PM CST


-  INDICATES NEGATIVE NUMBERS.
R  INDICATES RECORD WAS SET OR TIED.
MM INDICATES DATA IS MISSING.
T  INDICATES TRACE AMOUNT.




$$
