000
CDUS43 KLOT 070645
CLIUGN


CLIMATE REPORT
NATIONAL WEATHER SERVICE CHICAGO IL
144 AM CDT TUE JUL 7 2015


...................................

...THE WAUKEGAN   CLIMATE SUMMARY FOR JULY 6 2015...

CLIMATE NORMAL PERIOD 1981 TO 2010
CLIMATE RECORD PERIOD 2000 TO 2015


WEATHER ITEM   OBSERVED TIME   RECORD YEAR NORMAL DEPARTURE LAST
                VALUE   (LST)  VALUE       VALUE  FROM      YEAR
                                                  NORMAL
..................................................................
TEMPERATURE (F)
 YESTERDAY
  MAXIMUM         85   1229 PM 100    2012  80      5       84
  MINIMUM         60    415 AM  50    2001  62     -2       61
  AVERAGE         73

PRECIPITATION (IN)
  YESTERDAY        0.87          1.52 2003   0.11   0.76     0.03
  MONTH TO DATE    0.87                      0.71   0.16     0.18
  SINCE JUN 1      5.13                      4.59   0.54     7.43
  SINCE JAN 1     14.53                     17.45  -2.92    18.27

DEGREE DAYS
 HEATING
  YESTERDAY        0                         0      0        0
  MONTH TO DATE   22                         3     19        8
  SINCE JUN 1    125                        89     36       81
  SINCE JUL 1     22                         3     19        8

 COOLING
  YESTERDAY        8                         7      1        8
  MONTH TO DATE   13                        39    -26       15
  SINCE JUN 1     67                       144    -77       98
  SINCE JAN 1     92                       169    -77      121
..................................................................


WIND (MPH)
  RESULTANT WIND SPEED   7   RESULTANT WIND DIRECTION   S (190)
  HIGHEST WIND SPEED    32   HIGHEST WIND DIRECTION    SW (210)
  HIGHEST GUST SPEED    41   HIGHEST GUST DIRECTION    SW (220)
  AVERAGE WIND SPEED     9.3


SKY COVER
  POSSIBLE SUNSHINE  MM
  AVERAGE SKY COVER 0.2


WEATHER CONDITIONS
 THE FOLLOWING WEATHER WAS RECORDED YESTERDAY.
  THUNDERSTORM
  HEAVY RAIN
  RAIN
  LIGHT RAIN
  FOG
  HAZE


RELATIVE HUMIDITY (PERCENT)
 HIGHEST   100
 LOWEST     65
 AVERAGE    83

..........................................................


THE WAUKEGAN   CLIMATE NORMALS FOR TODAY
                         NORMAL    RECORD    YEAR
 MAXIMUM TEMPERATURE (F)   80        89      2013
 MINIMUM TEMPERATURE (F)   62        52      2006


SUNRISE AND SUNSET
JULY  7 2015..........SUNRISE   522 AM CDT   SUNSET   831 PM CDT
JULY  8 2015..........SUNRISE   522 AM CDT   SUNSET   830 PM CDT


-  INDICATES NEGATIVE NUMBERS.
R  INDICATES RECORD WAS SET OR TIED.
MM INDICATES DATA IS MISSING.
T  INDICATES TRACE AMOUNT.




$$
