000
CDUS46 KSEW 240844
CLIUIL


CLIMATE REPORT
NATIONAL WEATHER SERVICE SEATTLE WA
1243 AM PST FRI NOV 24 2017


...................................

...THE QUILLAYUTE WA AIRPORT CLIMATE SUMMARY FOR NOVEMBER 23 2017...

CLIMATE NORMAL PERIOD 1981 TO 2010
CLIMATE RECORD PERIOD 1966 TO 2017


WEATHER ITEM   OBSERVED TIME   RECORD YEAR NORMAL DEPARTURE LAST
                VALUE   (LST)  VALUE       VALUE  FROM      YEAR
                                                  NORMAL
..................................................................
TEMPERATURE (F)
 YESTERDAY
  MAXIMUM         55   1138 AM  60    2013  49      6       48
  MINIMUM         47   1145 PM   5    1985  37     10       42
  AVERAGE         51                        43      8       45

PRECIPITATION (IN)
  YESTERDAY        0.74          2.60 1990   0.53   0.21     1.40
  MONTH TO DATE   16.28                     11.85   4.43    19.31
  SINCE OCT 1     23.54                     22.34   1.20    40.39
  SINCE JAN 1     94.93                     82.88  12.05   102.76

DEGREE DAYS
 HEATING
  YESTERDAY       14                        22     -8       20
  MONTH TO DATE  448                       464    -16      344
  SINCE SEP 1   1089                      1185    -96     1007
  SINCE JUL 1   1395                      1554   -159     1283

 COOLING
  YESTERDAY        0                         0      0        0
  MONTH TO DATE    0                         0      0        0
  SINCE SEP 1     20                         2     18        0
  SINCE JAN 1     73                        19     54       54
..................................................................


WIND (MPH)
  RESULTANT WIND SPEED   9   RESULTANT WIND DIRECTION  SW (230)
  HIGHEST WIND SPEED    18   HIGHEST WIND DIRECTION     W (260)
  HIGHEST GUST SPEED    23   HIGHEST GUST DIRECTION    SW (240)
  AVERAGE WIND SPEED     9.1


SKY COVER
  AVERAGE SKY COVER 0.9


WEATHER CONDITIONS
 THE FOLLOWING WEATHER WAS RECORDED YESTERDAY.
  HEAVY RAIN
  RAIN
  LIGHT RAIN
  FOG


RELATIVE HUMIDITY (PERCENT)
 HIGHEST   100           400 AM
 LOWEST     83           100 PM
 AVERAGE    92

..........................................................


THE QUILLAYUTE WA AIRPORT CLIMATE NORMALS FOR TODAY
                         NORMAL    RECORD    YEAR
 MAXIMUM TEMPERATURE (F)   49        60      2013
 MINIMUM TEMPERATURE (F)   37         9      1985


SUNRISE AND SUNSET
NOVEMBER 24 2017......SUNRISE   738 AM PST   SUNSET   432 PM PST
NOVEMBER 25 2017......SUNRISE   739 AM PST   SUNSET   431 PM PST


-  INDICATES NEGATIVE NUMBERS.
R  INDICATES RECORD WAS SET OR TIED.
MM INDICATES DATA IS MISSING.
T  INDICATES TRACE AMOUNT.




$$
