000
CDUS46 KSEW 180834
CLIUIL


CLIMATE REPORT
NATIONAL WEATHER SERVICE SEATTLE WA
133 AM PDT FRI AUG 18 2017


...................................

...THE QUILLAYUTE WA AIRPORT CLIMATE SUMMARY FOR AUGUST 17 2017...

CLIMATE NORMAL PERIOD 1981 TO 2010
CLIMATE RECORD PERIOD 1966 TO 2017


WEATHER ITEM   OBSERVED TIME   RECORD YEAR NORMAL DEPARTURE LAST
                VALUE   (LST)  VALUE       VALUE  FROM      YEAR
                                                  NORMAL
..................................................................
TEMPERATURE (F)
 YESTERDAY
  MAXIMUM         69        MM  79    1977  69      0       71
  MINIMUM         51        MM  38    1986  51      0       50
  AVERAGE         60                        60      0       61

PRECIPITATION (IN)
  YESTERDAY        0.00          0.78 1980   0.09  -0.09     0.00
  MONTH TO DATE    0.38                      1.14  -0.76     0.27
  SINCE OCT 1    127.45                     94.37  33.08   101.77
  SINCE JAN 1     67.52                     55.37  12.15    57.79

DEGREE DAYS
 HEATING
  YESTERDAY        5                         6     -1        4
  MONTH TO DATE   66                        90    -24       73
  SINCE JUN 1    518                       578    -60      477
  SINCE JUL 1    250                       284    -34      228

 COOLING
  YESTERDAY        0                         0      0        0
  MONTH TO DATE   24                         0     24        3
  SINCE JUN 1     35                        10     25       14
  SINCE JAN 1     35                        11     24       14
..................................................................


WIND (MPH)
  RESULTANT WIND SPEED   3   RESULTANT WIND DIRECTION  NW (320)
  HIGHEST WIND SPEED    14   HIGHEST WIND DIRECTION     W (280)
  HIGHEST GUST SPEED    MM   HIGHEST GUST DIRECTION    MM
  AVERAGE WIND SPEED     4.7


SKY COVER
  AVERAGE SKY COVER 0.6


WEATHER CONDITIONS
 THE FOLLOWING WEATHER WAS RECORDED YESTERDAY.
  NO SIGNIFICANT WEATHER WAS OBSERVED.


RELATIVE HUMIDITY (PERCENT)
 HIGHEST    93          1200 AM
 LOWEST     58           100 PM
 AVERAGE    76

..........................................................


THE QUILLAYUTE WA AIRPORT CLIMATE NORMALS FOR TODAY
                         NORMAL    RECORD    YEAR
 MAXIMUM TEMPERATURE (F)   69        96      2016
 MINIMUM TEMPERATURE (F)   51        36      1973


SUNRISE AND SUNSET
AUGUST 18 2017........SUNRISE   618 AM PDT   SUNSET   825 PM PDT
AUGUST 19 2017........SUNRISE   619 AM PDT   SUNSET   823 PM PDT


-  INDICATES NEGATIVE NUMBERS.
R  INDICATES RECORD WAS SET OR TIED.
MM INDICATES DATA IS MISSING.
T  INDICATES TRACE AMOUNT.




$$
