436
CDUS46 KSEW 270828
CLIUIL


CLIMATE REPORT
NATIONAL WEATHER SERVICE SEATTLE WA
127 AM PDT SAT AUG 27 2016


...................................

...THE QUILLAYUTE WA AIRPORT CLIMATE SUMMARY FOR AUGUST 26 2016...

CLIMATE NORMAL PERIOD 1981 TO 2010
CLIMATE RECORD PERIOD 1966 TO 2016


WEATHER ITEM   OBSERVED TIME   RECORD YEAR NORMAL DEPARTURE LAST
                VALUE   (LST)  VALUE       VALUE  FROM      YEAR
                                                  NORMAL
..................................................................
TEMPERATURE (F)
 YESTERDAY
  MAXIMUM         86R  1226 PM  84    1972  68     18       77
  MINIMUM         53    555 AM  36    1985  50      3       46
  AVERAGE         70                        59     11       62

PRECIPITATION (IN)
  YESTERDAY        0.00          2.40 1991   0.09  -0.09     0.00
  MONTH TO DATE    0.30                      1.96  -1.66     0.21
  SINCE OCT 1    101.80                     95.19   6.61    87.53
  SINCE JAN 1     57.82                     56.19   1.63    42.78

DEGREE DAYS
 HEATING
  YESTERDAY        0                         6     -6        3
  MONTH TO DATE   94                       144    -50       69
  SINCE JUN 1    498                       632   -134      330
  SINCE JUL 1    249                       338    -89      140

 COOLING
  YESTERDAY        5                         0      5        0
  MONTH TO DATE   43                         0     43       25
  SINCE JUN 1     54                        10     44       55
  SINCE JAN 1     54                        11     43       55
..................................................................


WIND (MPH)
  RESULTANT WIND SPEED   3   RESULTANT WIND DIRECTION   W (250)
  HIGHEST WIND SPEED    14   HIGHEST WIND DIRECTION     W (250)
  HIGHEST GUST SPEED    15   HIGHEST GUST DIRECTION     W (250)
  AVERAGE WIND SPEED     4.1


SKY COVER
  AVERAGE SKY COVER 0.1


WEATHER CONDITIONS
 THE FOLLOWING WEATHER WAS RECORDED YESTERDAY.
  FOG


RELATIVE HUMIDITY (PERCENT)
 HIGHEST   100          1000 PM
 LOWEST     32          1200 PM
 AVERAGE    66

..........................................................


THE QUILLAYUTE WA AIRPORT CLIMATE NORMALS FOR TODAY
                         NORMAL    RECORD    YEAR
 MAXIMUM TEMPERATURE (F)   68        88      1972
 MINIMUM TEMPERATURE (F)   50        39      1998


SUNRISE AND SUNSET
AUGUST 27 2016........SUNRISE   630 AM PDT   SUNSET   808 PM PDT
AUGUST 28 2016........SUNRISE   632 AM PDT   SUNSET   806 PM PDT


-  INDICATES NEGATIVE NUMBERS.
R  INDICATES RECORD WAS SET OR TIED.
MM INDICATES DATA IS MISSING.
T  INDICATES TRACE AMOUNT.




$$
