000
CDUS46 KSEW 280836
CLIUIL


CLIMATE REPORT
NATIONAL WEATHER SERVICE SEATTLE WA
136 AM PDT WED JUN 28 2017


...................................

...THE QUILLAYUTE WA AIRPORT CLIMATE SUMMARY FOR JUNE 27 2017...

CLIMATE NORMAL PERIOD 1981 TO 2010
CLIMATE RECORD PERIOD 1966 TO 2017


WEATHER ITEM   OBSERVED TIME   RECORD YEAR NORMAL DEPARTURE LAST
                VALUE   (LST)  VALUE       VALUE  FROM      YEAR
                                                  NORMAL
..................................................................
TEMPERATURE (F)
 YESTERDAY
  MAXIMUM         66    157 PM  94    2015  65      1       63
  MINIMUM         50   1048 PM  38    2009  49      1       50
  AVERAGE         58                        57      1       57

PRECIPITATION (IN)
  YESTERDAY        0.00          0.84 1982   0.09  -0.09     0.00
  MONTH TO DATE    4.30                      3.23   1.07     3.49
  SINCE OCT 1    126.83                     90.98  35.85    99.30
  SINCE JAN 1     66.90                     51.98  14.92    55.32

DEGREE DAYS
 HEATING
  YESTERDAY        7                         8     -1        8
  MONTH TO DATE  248                       270    -22      224
  SINCE JUN 1    248                       270    -22      224
  SINCE JUL 1   5651                      5738    -87     4613

 COOLING
  YESTERDAY        0                         0      0        0
  MONTH TO DATE   11                         0     11       11
  SINCE JUN 1     11                         0     11       11
  SINCE JAN 1     11                         1     10       11
..................................................................


WIND (MPH)
  RESULTANT WIND SPEED   2   RESULTANT WIND DIRECTION   S (190)
  HIGHEST WIND SPEED    15   HIGHEST WIND DIRECTION    SW (220)
  HIGHEST GUST SPEED    21   HIGHEST GUST DIRECTION    SW (220)
  AVERAGE WIND SPEED     4.6


SKY COVER
  AVERAGE SKY COVER 0.5


WEATHER CONDITIONS
 THE FOLLOWING WEATHER WAS RECORDED YESTERDAY.
  NO SIGNIFICANT WEATHER WAS OBSERVED.


RELATIVE HUMIDITY (PERCENT)
 HIGHEST    96          1200 AM
 LOWEST     63          1100 AM
 AVERAGE    80

..........................................................


THE QUILLAYUTE WA AIRPORT CLIMATE NORMALS FOR TODAY
                         NORMAL    RECORD    YEAR
 MAXIMUM TEMPERATURE (F)   65        92      1995
 MINIMUM TEMPERATURE (F)   49        39      1985


SUNRISE AND SUNSET
JUNE 28 2017..........SUNRISE   522 AM PDT   SUNSET   921 PM PDT
JUNE 29 2017..........SUNRISE   522 AM PDT   SUNSET   921 PM PDT


-  INDICATES NEGATIVE NUMBERS.
R  INDICATES RECORD WAS SET OR TIED.
MM INDICATES DATA IS MISSING.
T  INDICATES TRACE AMOUNT.




$$
