000
CDUS46 KSEW 300828
CLIUIL


CLIMATE REPORT
NATIONAL WEATHER SERVICE SEATTLE WA
128 AM PDT THU JUL 30 2015


...................................

...THE QUILLAYUTE WA AIRPORT CLIMATE SUMMARY FOR JULY 29 2015...

CLIMATE NORMAL PERIOD 1981 TO 2010
CLIMATE RECORD PERIOD 1966 TO 2015


WEATHER ITEM   OBSERVED TIME   RECORD YEAR NORMAL DEPARTURE LAST
                VALUE   (LST)  VALUE       VALUE  FROM      YEAR
                                                  NORMAL
..................................................................
TEMPERATURE (F)
 YESTERDAY
  MAXIMUM         82    338 PM  89    1974  69     13       75
  MINIMUM         54    638 AM  41    1997  51      3       52
  AVERAGE         68                        60      8       64

PRECIPITATION (IN)
  YESTERDAY        0.00          1.24 2008   0.06  -0.06     0.00
  MONTH TO DATE    0.97                      1.88  -0.91     0.82
  SINCE OCT 1     87.32                     93.13  -5.81    72.39
  SINCE JAN 1     42.57                     54.13 -11.56    55.16

DEGREE DAYS
 HEATING
  YESTERDAY        0                         5     -5        1
  MONTH TO DATE   71                       185   -114      131
  SINCE JUN 1    261                       479   -218      380
  SINCE JUL 1     71                       185   -114      131

 COOLING
  YESTERDAY        3                         0      3        0
  MONTH TO DATE   13                         0     13        6
  SINCE JUN 1     26                         3     23        6
  SINCE JAN 1     26                         4     22       10
..................................................................


WIND (MPH)
  RESULTANT WIND SPEED   2   RESULTANT WIND DIRECTION  NW (330)
  HIGHEST WIND SPEED    14   HIGHEST WIND DIRECTION     N (340)
  HIGHEST GUST SPEED    18   HIGHEST GUST DIRECTION    NW (330)
  AVERAGE WIND SPEED     5.0


SKY COVER
  AVERAGE SKY COVER 0.3


WEATHER CONDITIONS
 THE FOLLOWING WEATHER WAS RECORDED YESTERDAY.
  FOG
  FOG W/VISIBILITY <= 1/4 MILE


RELATIVE HUMIDITY (PERCENT)
 HIGHEST   100          1200 AM
 LOWEST     37           200 PM
 AVERAGE    69

..........................................................


THE QUILLAYUTE WA AIRPORT CLIMATE NORMALS FOR TODAY
                         NORMAL    RECORD    YEAR
 MAXIMUM TEMPERATURE (F)   69        88      1968
 MINIMUM TEMPERATURE (F)   51        41      1986


SUNRISE AND SUNSET
JULY 30 2015..........SUNRISE   552 AM PDT   SUNSET   857 PM PDT
JULY 31 2015..........SUNRISE   553 AM PDT   SUNSET   855 PM PDT


-  INDICATES NEGATIVE NUMBERS.
R  INDICATES RECORD WAS SET OR TIED.
MM INDICATES DATA IS MISSING.
T  INDICATES TRACE AMOUNT.




$$
