000
CDUS46 KSEW 010123
CLIUIL


CLIMATE REPORT
NATIONAL WEATHER SERVICE SEATTLE WA
622 PM PDT TUE JUN 30 2015


...................................

...THE QUILLAYUTE WA AIRPORT CLIMATE SUMMARY FOR JUNE 30 2015...
VALID TODAY AS OF 0600 PM LOCAL TIME.

CLIMATE NORMAL PERIOD 1981 TO 2010
CLIMATE RECORD PERIOD 1966 TO 2015


WEATHER ITEM   OBSERVED TIME   RECORD YEAR NORMAL DEPARTURE LAST
                VALUE   (LST)  VALUE       VALUE  FROM      YEAR
                                                  NORMAL
..................................................................
TEMPERATURE (F)
 TODAY
  MAXIMUM         74    255 PM  86    1995  65      9       76
  MINIMUM         56    523 AM  39    1975  49      7       50
  AVERAGE         65                        57      8       63

PRECIPITATION (IN)
  TODAY            0.00          1.22 1989   0.09  -0.09     0.00
  MONTH TO DATE    0.20                      3.50  -3.30     2.15
  SINCE OCT 1     86.35                     91.25  -4.90    71.57
  SINCE JAN 1     41.60                     52.25 -10.65    54.34

DEGREE DAYS
 HEATING
  TODAY            0                         8     -8        2
  MONTH TO DATE  188                       294   -106      249
  SINCE JUN 1    188                       294   -106      249
  SINCE JUL 1   4516                      5762  -1246     4852

 COOLING
  TODAY            0                         0      0        0
  MONTH TO DATE   13                         3     10        0
  SINCE JUN 1     13                         3     10        0
  SINCE JAN 1     13                         4      9        4
..................................................................


WIND (MPH)
  RESULTANT WIND SPEED   4   RESULTANT WIND DIRECTION   W (260)
  HIGHEST WIND SPEED    14   HIGHEST WIND DIRECTION    SW (240)
  HIGHEST GUST SPEED    17   HIGHEST GUST DIRECTION     W (270)
  AVERAGE WIND SPEED     4.7


SKY COVER
  AVERAGE SKY COVER 0.6


WEATHER CONDITIONS
 THE FOLLOWING WEATHER WAS RECORDED TODAY.
  FOG


RELATIVE HUMIDITY (PERCENT)
 HIGHEST   100          1200 AM
 LOWEST     57           400 PM
 AVERAGE    79

..........................................................


THE QUILLAYUTE WA AIRPORT CLIMATE NORMALS FOR TOMORROW
                         NORMAL    RECORD    YEAR
 MAXIMUM TEMPERATURE (F)   65        91      2014
                                             1967
 MINIMUM TEMPERATURE (F)   49        39      2001
                                             1985


SUNRISE AND SUNSET
JUNE 30 2015..........SUNRISE   522 AM PDT   SUNSET   921 PM PDT
JULY  1 2015..........SUNRISE   523 AM PDT   SUNSET   921 PM PDT


-  INDICATES NEGATIVE NUMBERS.
R  INDICATES RECORD WAS SET OR TIED.
MM INDICATES DATA IS MISSING.
T  INDICATES TRACE AMOUNT.




$$
