000
CDUS46 KSEW 280828
CLIUIL


CLIMATE REPORT
NATIONAL WEATHER SERVICE SEATTLE WA
1227 AM PST WED JAN 28 2015


...................................

...THE QUILLAYUTE WA AIRPORT CLIMATE SUMMARY FOR JANUARY 27 2015...

CLIMATE NORMAL PERIOD 1981 TO 2010
CLIMATE RECORD PERIOD 1966 TO 2015


WEATHER ITEM   OBSERVED TIME   RECORD YEAR NORMAL DEPARTURE LAST
                VALUE   (LST)  VALUE       VALUE  FROM      YEAR
                                                  NORMAL
..................................................................
TEMPERATURE (F)
 YESTERDAY
  MAXIMUM         52    234 PM  55    2007  48      4       52
  MINIMUM         43   1159 PM  17    1969  36      7       33
  AVERAGE         48                        42      6       43

PRECIPITATION (IN)
  YESTERDAY        0.07          1.50 1967   0.43  -0.36     0.09
  MONTH TO DATE   11.53                     12.89  -1.36     9.49
  SINCE OCT 1     56.28                     51.89   4.39    26.72
  SINCE JAN 1     11.53                     12.89  -1.36     9.49

DEGREE DAYS
 HEATING
  YESTERDAY       17                        23     -6       22
  MONTH TO DATE  514                       633   -119      531
  SINCE DEC 1   1139                      1397   -258     1288
  SINCE JUL 1   2373                      3111   -738     2484

 COOLING
  YESTERDAY        0                         0      0        0
  MONTH TO DATE    0                         0      0        0
  SINCE DEC 1      0                         0      0        0
  SINCE JAN 1      0                         0      0        0
..................................................................


WIND (MPH)
  RESULTANT WIND SPEED   1   RESULTANT WIND DIRECTION  NW (320)
  HIGHEST WIND SPEED    10   HIGHEST WIND DIRECTION     W (290)
  HIGHEST GUST SPEED    15   HIGHEST GUST DIRECTION    NW (310)
  AVERAGE WIND SPEED     3.5


SKY COVER
  AVERAGE SKY COVER 1.0


WEATHER CONDITIONS
 THE FOLLOWING WEATHER WAS RECORDED YESTERDAY.
  LIGHT RAIN
  FOG


RELATIVE HUMIDITY (PERCENT)
 HIGHEST   100           300 AM
 LOWEST     71           300 PM
 AVERAGE    86

..........................................................


THE QUILLAYUTE WA AIRPORT CLIMATE NORMALS FOR TODAY
                         NORMAL    RECORD    YEAR
 MAXIMUM TEMPERATURE (F)   48        59      1998
 MINIMUM TEMPERATURE (F)   36        11      1972


SUNRISE AND SUNSET
JANUARY 28 2015.......SUNRISE   751 AM PST   SUNSET   512 PM PST
JANUARY 29 2015.......SUNRISE   750 AM PST   SUNSET   514 PM PST


-  INDICATES NEGATIVE NUMBERS.
R  INDICATES RECORD WAS SET OR TIED.
MM INDICATES DATA IS MISSING.
T  INDICATES TRACE AMOUNT.




$$
