000
CDUS46 KSEW 200838
CLIUIL


CLIMATE REPORT
NATIONAL WEATHER SERVICE SEATTLE WA
1238 AM PST FRI JAN 20 2017


...................................

...THE QUILLAYUTE WA AIRPORT CLIMATE SUMMARY FOR JANUARY 19 2017...

CLIMATE NORMAL PERIOD 1981 TO 2010
CLIMATE RECORD PERIOD 1966 TO 2017


WEATHER ITEM   OBSERVED TIME   RECORD YEAR NORMAL DEPARTURE LAST
                VALUE   (LST)  VALUE       VALUE  FROM      YEAR
                                                  NORMAL
..................................................................
TEMPERATURE (F)
 YESTERDAY
  MAXIMUM         47        MM  62    2009  47      0       47
                                      2005
                                      1981
  MINIMUM         44        MM  18    1984  36      8       38
  AVERAGE         46                        42      4       43

PRECIPITATION (IN)
  YESTERDAY        0.61          3.26 1968   0.48   0.13     0.04
  MONTH TO DATE    7.26                      9.24  -1.98     5.54
  SINCE OCT 1     67.19                     48.24  18.95    49.52
  SINCE JAN 1      7.26                      9.24  -1.98     5.54

DEGREE DAYS
 HEATING
  YESTERDAY       19                        23     -4       22
  MONTH TO DATE  549                       449    100      427
  SINCE DEC 1   1410                      1213    197     1095
  SINCE JUL 1   2837                      2927    -90     2406

 COOLING
  YESTERDAY        0                         0      0        0
  MONTH TO DATE    0                         0      0        0
  SINCE DEC 1      0                         0      0        0
  SINCE JAN 1      0                         0      0        0
..................................................................


WIND (MPH)
  RESULTANT WIND SPEED   3   RESULTANT WIND DIRECTION   S (190)
  HIGHEST WIND SPEED    20   HIGHEST WIND DIRECTION     S (200)
  HIGHEST GUST SPEED    27   HIGHEST GUST DIRECTION     S (170)
  AVERAGE WIND SPEED     3.5


SKY COVER
  AVERAGE SKY COVER 0.8


WEATHER CONDITIONS
 THE FOLLOWING WEATHER WAS RECORDED YESTERDAY.
  RAIN
  LIGHT RAIN
  FOG


RELATIVE HUMIDITY (PERCENT)
 HIGHEST   100           400 AM
 LOWEST    100           400 AM
 AVERAGE   100

..........................................................


THE QUILLAYUTE WA AIRPORT CLIMATE NORMALS FOR TODAY
                         NORMAL    RECORD    YEAR
 MAXIMUM TEMPERATURE (F)   48        64      2005
 MINIMUM TEMPERATURE (F)   36        20      1969


SUNRISE AND SUNSET
JANUARY 20 2017.......SUNRISE   759 AM PST   SUNSET   501 PM PST
JANUARY 21 2017.......SUNRISE   758 AM PST   SUNSET   502 PM PST


-  INDICATES NEGATIVE NUMBERS.
R  INDICATES RECORD WAS SET OR TIED.
MM INDICATES DATA IS MISSING.
T  INDICATES TRACE AMOUNT.




$$
