000
CDUS46 KSEW 170829
CLIUIL


CLIMATE REPORT
NATIONAL WEATHER SERVICE SEATTLE WA
1228 AM PST WED DEC 17 2014


...................................

...THE QUILLAYUTE WA AIRPORT CLIMATE SUMMARY FOR DECEMBER 16 2014...

CLIMATE NORMAL PERIOD 1981 TO 2010
CLIMATE RECORD PERIOD 1966 TO 2014


WEATHER ITEM   OBSERVED TIME   RECORD YEAR NORMAL DEPARTURE LAST
                VALUE   (LST)  VALUE       VALUE  FROM      YEAR
                                                  NORMAL
..................................................................
TEMPERATURE (F)
 YESTERDAY
  MAXIMUM         48    429 PM  57    1980  46      2       52
  MINIMUM         43    827 AM  19    2008  34      9       34
  AVERAGE         46                        40      6       43

PRECIPITATION (IN)
  YESTERDAY        0.19          2.99 1972   0.40  -0.21      T
  MONTH TO DATE    9.41                      6.94   2.47     2.51
  SINCE OCT 1     39.95                     32.95   7.00    13.58
  SINCE JAN 1    100.35                     93.49   6.86    84.99

DEGREE DAYS
 HEATING
  YESTERDAY       19                        25     -6       22
  MONTH TO DATE  307                       392    -85      435
  SINCE DEC 1    307                       392    -85      435
  SINCE JUL 1   1541                      2106   -565     1631

 COOLING
  YESTERDAY        0                         0      0        0
  MONTH TO DATE    0                         0      0        0
  SINCE DEC 1      0                         0      0        0
  SINCE JAN 1     25                        19      6       39
..................................................................


WIND (MPH)
  RESULTANT WIND SPEED   4   RESULTANT WIND DIRECTION   E (80)
  HIGHEST WIND SPEED     8   HIGHEST WIND DIRECTION     E (80)
  HIGHEST GUST SPEED    11   HIGHEST GUST DIRECTION     E (100)
  AVERAGE WIND SPEED     4.1


SKY COVER
  AVERAGE SKY COVER 1.0


WEATHER CONDITIONS
 THE FOLLOWING WEATHER WAS RECORDED YESTERDAY.
  LIGHT RAIN
  FOG


RELATIVE HUMIDITY (PERCENT)
 HIGHEST   100           500 AM
 LOWEST     92          1200 AM
 AVERAGE    96

..........................................................


THE QUILLAYUTE WA AIRPORT CLIMATE NORMALS FOR TODAY
                         NORMAL    RECORD    YEAR
 MAXIMUM TEMPERATURE (F)   46        55      1988
                                             1985
                                             1981
 MINIMUM TEMPERATURE (F)   34        21      1987


SUNRISE AND SUNSET
DECEMBER 17 2014......SUNRISE   803 AM PST   SUNSET   426 PM PST
DECEMBER 18 2014......SUNRISE   803 AM PST   SUNSET   426 PM PST


-  INDICATES NEGATIVE NUMBERS.
R  INDICATES RECORD WAS SET OR TIED.
MM INDICATES DATA IS MISSING.
T  INDICATES TRACE AMOUNT.




$$
