000
CDUS46 KSEW 280827
CLIUIL


CLIMATE REPORT
NATIONAL WEATHER SERVICE SEATTLE WA
127 AM PDT MON JUL 28 2014


...................................

...THE QUILLAYUTE WA AIRPORT CLIMATE SUMMARY FOR JULY 27 2014...

CLIMATE NORMAL PERIOD 1981 TO 2010
CLIMATE RECORD PERIOD 1966 TO 2014


WEATHER ITEM   OBSERVED TIME   RECORD YEAR NORMAL DEPARTURE LAST
                VALUE   (LST)  VALUE       VALUE  FROM      YEAR
                                                  NORMAL
..................................................................
TEMPERATURE (F)
 YESTERDAY
  MAXIMUM         77   1247 PM  88    2009  69      8       70
  MINIMUM         49    322 AM  43    1985  51     -2       49
  AVERAGE         63                        60      3       60

PRECIPITATION (IN)
  YESTERDAY        0.00          0.88 2001   0.05  -0.05     0.00
  MONTH TO DATE    0.82                      1.77  -0.95      T
  SINCE OCT 1     72.39                     93.02 -20.63   105.77
  SINCE JAN 1     55.16                     54.02   1.14    58.80

DEGREE DAYS
 HEATING
  YESTERDAY        2                         5     -3        5
  MONTH TO DATE  130                       175    -45       96
  SINCE JUN 1    379                       469    -90      276
  SINCE JUL 1    130                       175    -45       96

 COOLING
  YESTERDAY        0                         0      0        0
  MONTH TO DATE    6                         0      6        6
  SINCE JUN 1      6                         3      3       13
  SINCE JAN 1     10                         4      6       16
..................................................................


WIND (MPH)
  RESULTANT WIND SPEED   5   RESULTANT WIND DIRECTION  NW (330)
  HIGHEST WIND SPEED    18   HIGHEST WIND DIRECTION    NW (330)
  HIGHEST GUST SPEED    23   HIGHEST GUST DIRECTION    NW (320)
  AVERAGE WIND SPEED     6.2


SKY COVER
  AVERAGE SKY COVER 0.2


WEATHER CONDITIONS
 THE FOLLOWING WEATHER WAS RECORDED YESTERDAY.
  FOG


RELATIVE HUMIDITY (PERCENT)
 HIGHEST   100          1200 AM
 LOWEST     53           200 PM
 AVERAGE    77

..........................................................


THE QUILLAYUTE WA AIRPORT CLIMATE NORMALS FOR TODAY
                         NORMAL    RECORD    YEAR
 MAXIMUM TEMPERATURE (F)   69        88      1974
 MINIMUM TEMPERATURE (F)   51        39      2008


SUNRISE AND SUNSET
JULY 28 2014..........SUNRISE   550 AM PDT   SUNSET   859 PM PDT
JULY 29 2014..........SUNRISE   551 AM PDT   SUNSET   858 PM PDT


-  INDICATES NEGATIVE NUMBERS.
R  INDICATES RECORD WAS SET OR TIED.
MM INDICATES DATA IS MISSING.
T  INDICATES TRACE AMOUNT.




$$
