000
CDUS46 KSEW 010134
CLIUIL


CLIMATE REPORT
NATIONAL WEATHER SERVICE SEATTLE WA
634 PM PDT MON AUG 31 2015


...................................

...THE QUILLAYUTE WA AIRPORT CLIMATE SUMMARY FOR AUGUST 31 2015...
VALID TODAY AS OF 0600 PM LOCAL TIME.

CLIMATE NORMAL PERIOD 1981 TO 2010
CLIMATE RECORD PERIOD 1966 TO 2015


WEATHER ITEM   OBSERVED TIME   RECORD YEAR NORMAL DEPARTURE LAST
                VALUE   (LST)  VALUE       VALUE  FROM      YEAR
                                                  NORMAL
..................................................................
TEMPERATURE (F)
 TODAY
  MAXIMUM         61    415 PM  94    1987  68     -7       69
  MINIMUM         59    906 AM  40    1972  49     10       53
  AVERAGE         60                        59      1       61

PRECIPITATION (IN)
  TODAY            1.01          2.25 2010   0.11   0.90     0.00
  MONTH TO DATE    3.61                      2.49   1.12     0.69
  SINCE OCT 1     90.93                     95.72  -4.79    73.08
  SINCE JAN 1     46.18                     56.72 -10.54    55.85

DEGREE DAYS
 HEATING
  TODAY            5                         6     -1        4
  MONTH TO DATE   86                       174    -88      114
  SINCE JUN 1    347                       663   -316      499
  SINCE JUL 1    157                       369   -212      250

 COOLING
  TODAY            0                         0      0        0
  MONTH TO DATE   26                         6     20        8
  SINCE JUN 1     56                        16     40       14
  SINCE JAN 1     56                        17     39       18
..................................................................


WIND (MPH)
  RESULTANT WIND SPEED   9   RESULTANT WIND DIRECTION   S (190)
  HIGHEST WIND SPEED    15   HIGHEST WIND DIRECTION     S (200)
  HIGHEST GUST SPEED    26   HIGHEST GUST DIRECTION     S (180)
  AVERAGE WIND SPEED    10.5


SKY COVER
  AVERAGE SKY COVER 1.0


WEATHER CONDITIONS
 THE FOLLOWING WEATHER WAS RECORDED TODAY.
  HEAVY RAIN
  RAIN
  LIGHT RAIN
  FOG
  FOG W/VISIBILITY <= 1/4 MILE


RELATIVE HUMIDITY (PERCENT)
 HIGHEST   100          1200 AM
 LOWEST     93           800 AM
 AVERAGE    97

..........................................................


THE QUILLAYUTE WA AIRPORT CLIMATE NORMALS FOR TOMORROW
                         NORMAL    RECORD    YEAR
 MAXIMUM TEMPERATURE (F)   68        92      1988
 MINIMUM TEMPERATURE (F)   49        35      1973


SUNRISE AND SUNSET
AUGUST 31 2015........SUNRISE   635 AM PDT   SUNSET   801 PM PDT
SEPTEMBER  1 2015.....SUNRISE   636 AM PDT   SUNSET   759 PM PDT


-  INDICATES NEGATIVE NUMBERS.
R  INDICATES RECORD WAS SET OR TIED.
MM INDICATES DATA IS MISSING.
T  INDICATES TRACE AMOUNT.




$$
