000
CDUS46 KSEW 060833
CLIUIL


CLIMATE REPORT
NATIONAL WEATHER SERVICE SEATTLE WA
1232 AM PST SAT FEB 6 2016


...................................

...THE QUILLAYUTE WA AIRPORT CLIMATE SUMMARY FOR FEBRUARY 5 2016...

CLIMATE NORMAL PERIOD 1981 TO 2010
CLIMATE RECORD PERIOD 1966 TO 2016


WEATHER ITEM   OBSERVED TIME   RECORD YEAR NORMAL DEPARTURE LAST
                VALUE   (LST)  VALUE       VALUE  FROM      YEAR
                                                  NORMAL
..................................................................
TEMPERATURE (F)
 YESTERDAY
  MAXIMUM         55    532 AM  58    1993  49      6       55
                                      1987
                                      1978
  MINIMUM         44   1159 PM  21    1989  35      9       51
                                      1976
  AVERAGE         50                        42      8       53

PRECIPITATION (IN)
  YESTERDAY        1.87          2.10 2015   0.40   1.47     2.10
  MONTH TO DATE    3.02                      1.95   1.07     3.57
  SINCE OCT 1     62.72                     55.56   7.16    59.85
  SINCE JAN 1     18.74                     16.56   2.18    15.10

DEGREE DAYS
 HEATING
  YESTERDAY       15                        23     -8       12
  MONTH TO DATE  105                       115    -10       82
  SINCE DEC 1   1414                      1606   -192     1302
  SINCE JUL 1   2725                      3320   -595     2536

 COOLING
  YESTERDAY        0                         0      0        0
  MONTH TO DATE    0                         0      0        0
  SINCE DEC 1      0                         0      0        0
  SINCE JAN 1      0                         0      0        0
..................................................................


WIND (MPH)
  RESULTANT WIND SPEED  11   RESULTANT WIND DIRECTION   S (180)
  HIGHEST WIND SPEED    31   HIGHEST WIND DIRECTION     W (250)
  HIGHEST GUST SPEED    42   HIGHEST GUST DIRECTION    SW (240)
  AVERAGE WIND SPEED    13.7


SKY COVER
  AVERAGE SKY COVER 1.0


WEATHER CONDITIONS
 THE FOLLOWING WEATHER WAS RECORDED YESTERDAY.
  HEAVY RAIN
  RAIN
  LIGHT RAIN
  FOG


RELATIVE HUMIDITY (PERCENT)
 HIGHEST    93           200 PM
 LOWEST     55           400 AM
 AVERAGE    74

..........................................................


THE QUILLAYUTE WA AIRPORT CLIMATE NORMALS FOR TODAY
                         NORMAL    RECORD    YEAR
 MAXIMUM TEMPERATURE (F)   49        62      1987
 MINIMUM TEMPERATURE (F)   35        19      1989


SUNRISE AND SUNSET
FEBRUARY  6 2016......SUNRISE   739 AM PST   SUNSET   526 PM PST
FEBRUARY  7 2016......SUNRISE   738 AM PST   SUNSET   527 PM PST


-  INDICATES NEGATIVE NUMBERS.
R  INDICATES RECORD WAS SET OR TIED.
MM INDICATES DATA IS MISSING.
T  INDICATES TRACE AMOUNT.




$$
