034
CDUS46 KSEW 220119
CLIUIL


CLIMATE REPORT
NATIONAL WEATHER SERVICE SEATTLE WA
518 PM PST WED FEB 21 2018


...................................

...THE QUILLAYUTE WA AIRPORT CLIMATE SUMMARY FOR FEBRUARY 21 2018...
VALID TODAY AS OF 0500 PM LOCAL TIME.

CLIMATE NORMAL PERIOD 1981 TO 2010
CLIMATE RECORD PERIOD 1966 TO 2018


WEATHER ITEM   OBSERVED TIME   RECORD YEAR NORMAL DEPARTURE LAST
                VALUE   (LST)  VALUE       VALUE  FROM      YEAR
                                                  NORMAL
..................................................................
TEMPERATURE (F)
 TODAY
  MAXIMUM         35   1150 AM  63    1970  50    -15       48
  MINIMUM         23R   517 AM  24    2005  35    -12       30
  AVERAGE         29                        42    -13       39

PRECIPITATION (IN)
  TODAY            0.06          4.00 2002   0.36  -0.30     0.07
  MONTH TO DATE    6.33                      7.82  -1.49     9.98
  SINCE OCT 1     66.65                     61.43   5.22    78.19
  SINCE JAN 1     28.43                     22.43   6.00    18.26

DEGREE DAYS
 HEATING
  TODAY           36                        23     13       26
  MONTH TO DATE  516                       483     33      492
  SINCE DEC 1   1919                      1974    -55     2191
  SINCE JUL 1   3453                      3688   -235     3618

 COOLING
  TODAY            0                         0      0        0
  MONTH TO DATE    0                         0      0        0
  SINCE DEC 1      0                         0      0        0
  SINCE JAN 1      0                         0      0        0
..................................................................


WIND (MPH)
  RESULTANT WIND SPEED   2   RESULTANT WIND DIRECTION   E (70)
  HIGHEST WIND SPEED    13   HIGHEST WIND DIRECTION     N (20)
  HIGHEST GUST SPEED    17   HIGHEST GUST DIRECTION    NE (60)
  AVERAGE WIND SPEED     3.0


SKY COVER
  AVERAGE SKY COVER 0.6


WEATHER CONDITIONS
 THE FOLLOWING WEATHER WAS RECORDED TODAY.
  SNOW
  LIGHT SNOW
  FOG
  FOG W/VISIBILITY <= 1/4 MILE


RELATIVE HUMIDITY (PERCENT)
 HIGHEST    92           200 PM
 LOWEST     53           200 AM
 AVERAGE    73

..........................................................


THE QUILLAYUTE WA AIRPORT CLIMATE NORMALS FOR TOMORROW
                         NORMAL    RECORD    YEAR
 MAXIMUM TEMPERATURE (F)   50        61      2005
                                             1981
                                             1973
 MINIMUM TEMPERATURE (F)   35        22      1993


SUNRISE AND SUNSET
FEBRUARY 21 2018......SUNRISE   714 AM PST   SUNSET   551 PM PST
FEBRUARY 22 2018......SUNRISE   712 AM PST   SUNSET   552 PM PST


-  INDICATES NEGATIVE NUMBERS.
R  INDICATES RECORD WAS SET OR TIED.
MM INDICATES DATA IS MISSING.
T  INDICATES TRACE AMOUNT.




$$
