000
CDUS43 KLSX 230748
CLIUIN


CLIMATE REPORT
NATIONAL WEATHER SERVICE ST LOUIS MO
246 AM CDT TUE SEP 23 2014


...................................

...THE QUINCY IL CLIMATE SUMMARY FOR SEPTEMBER 22 2014...

CLIMATE NORMAL PERIOD 1981 TO 2010
CLIMATE RECORD PERIOD 1901 TO 2014


WEATHER ITEM   OBSERVED TIME   RECORD YEAR NORMAL DEPARTURE LAST
                VALUE   (LST)  VALUE       VALUE  FROM      YEAR
                                                  NORMAL
..................................................................
TEMPERATURE (F)
 YESTERDAY
  MAXIMUM         73    414 PM  96    1937  75     -2       75
  MINIMUM         46    604 AM  34    1995  53     -7       48
  AVERAGE         60                        64     -4

PRECIPITATION (IN)
  YESTERDAY        0.00          2.65 1970   0.11  -0.11     0.00
  MONTH TO DATE    6.25                      2.41   3.84     1.35
  SINCE SEP 1      6.25                      2.41   3.84     1.35
  SINCE JAN 1     31.87                     28.16   3.71    29.45

DEGREE DAYS
 HEATING
  YESTERDAY        5                         4      1
  MONTH TO DATE   82                        40     42
  SINCE SEP 1     82                        40     42
  SINCE JUL 1     87                        45     42

 COOLING
  YESTERDAY        0                         3     -3
  MONTH TO DATE   56                       107    -51
  SINCE SEP 1     56                       107    -51
  SINCE JAN 1    985                      1060    -75
..................................................................


WIND (MPH)
  HIGHEST WIND SPEED    12   HIGHEST WIND DIRECTION    NW (330)
  HIGHEST GUST SPEED    13   HIGHEST GUST DIRECTION    NW (320)
  AVERAGE WIND SPEED     3.5


SKY COVER
  AVERAGE SKY COVER 0.0



RELATIVE HUMIDITY (PERCENT)
 HIGHEST    93           300 AM
 LOWEST     31           500 PM
 AVERAGE    62

..........................................................


THE QUINCY IL CLIMATE NORMALS FOR TODAY
                         NORMAL    RECORD    YEAR
 MAXIMUM TEMPERATURE (F)   74        95      1937
 MINIMUM TEMPERATURE (F)   52        33      1995


SUNRISE AND SUNSET
SEPTEMBER 23 2014.....SUNRISE   653 AM CDT   SUNSET   700 PM CDT
SEPTEMBER 24 2014.....SUNRISE   654 AM CDT   SUNSET   659 PM CDT


-  INDICATES NEGATIVE NUMBERS.
R  INDICATES RECORD WAS SET OR TIED.
MM INDICATES DATA IS MISSING.
T  INDICATES TRACE AMOUNT.




$$
