000
CDUS43 KLSX 250727
CLIUIN


CLIMATE REPORT
NATIONAL WEATHER SERVICE ST LOUIS MO
126 AM CST SUN JAN 25 2015


...................................

...THE QUINCY IL CLIMATE SUMMARY FOR JANUARY 24 2015...

CLIMATE NORMAL PERIOD 1981 TO 2010
CLIMATE RECORD PERIOD 1901 TO 2015


WEATHER ITEM   OBSERVED TIME   RECORD YEAR NORMAL DEPARTURE LAST
                VALUE   (LST)  VALUE       VALUE  FROM      YEAR
                                                  NORMAL
..................................................................
TEMPERATURE (F)
 YESTERDAY
  MAXIMUM         51    342 PM  73    1950  35     16       37
  MINIMUM         26    736 AM -10    1963  18      8        0
                                      1915
  AVERAGE         39                        27     12

PRECIPITATION (IN)
  YESTERDAY        0.00          2.93 1938   0.05  -0.05      T
  MONTH TO DATE    0.55                      1.19  -0.64     0.64
  SINCE DEC 1      1.86                      3.44  -1.58     1.72
  SINCE JAN 1      0.55                      1.19  -0.64     0.64

DEGREE DAYS
 HEATING
  YESTERDAY       26                        39    -13
  MONTH TO DATE  934                       932      2
  SINCE DEC 1   1897                      2023   -126
  SINCE JUL 1   3174                      3123     51

 COOLING
  YESTERDAY        0                         0      0
  MONTH TO DATE    0                         0      0
  SINCE DEC 1      0                         0      0
  SINCE JAN 1      0                         0      0
..................................................................


WIND (MPH)
  HIGHEST WIND SPEED    18   HIGHEST WIND DIRECTION     W (260)
  HIGHEST GUST SPEED    25   HIGHEST GUST DIRECTION     W (260)
  AVERAGE WIND SPEED     9.2


SKY COVER
  AVERAGE SKY COVER 0.1



RELATIVE HUMIDITY (PERCENT)
 HIGHEST    92           800 AM
 LOWEST     52           200 PM
 AVERAGE    72

..........................................................


THE QUINCY IL CLIMATE NORMALS FOR TODAY
                         NORMAL    RECORD    YEAR
 MAXIMUM TEMPERATURE (F)   35        71      1950
 MINIMUM TEMPERATURE (F)   19       -14      1940


SUNRISE AND SUNSET
JANUARY 25 2015.......SUNRISE   719 AM CST   SUNSET   515 PM CST
JANUARY 26 2015.......SUNRISE   718 AM CST   SUNSET   517 PM CST


-  INDICATES NEGATIVE NUMBERS.
R  INDICATES RECORD WAS SET OR TIED.
MM INDICATES DATA IS MISSING.
T  INDICATES TRACE AMOUNT.




$$
