000
CDUS43 KLSX 080731
CLIUIN


CLIMATE REPORT
NATIONAL WEATHER SERVICE ST LOUIS MO
130 AM CST THU DEC 8 2016


...................................

...THE QUINCY IL CLIMATE SUMMARY FOR DECEMBER 7 2016...

CLIMATE NORMAL PERIOD 1981 TO 2010
CLIMATE RECORD PERIOD 1901 TO 2016


WEATHER ITEM   OBSERVED TIME   RECORD YEAR NORMAL DEPARTURE LAST
                VALUE   (LST)  VALUE       VALUE  FROM      YEAR
                                                  NORMAL
..................................................................
TEMPERATURE (F)
 YESTERDAY
  MAXIMUM         33    229 PM  66    1946  40     -7       47
  MINIMUM         21   1159 PM  -8    1976  24     -3       37
  AVERAGE         27                        32     -5

PRECIPITATION (IN)
  YESTERDAY        0.00          1.69 1980   0.08  -0.08     0.00
  MONTH TO DATE    0.33                      0.60  -0.27     0.02
  SINCE DEC 1      0.33                      0.60  -0.27     0.02
  SINCE JAN 1     30.18                     35.68  -5.50    33.69

DEGREE DAYS
 HEATING
  YESTERDAY       38                        33      5
  MONTH TO DATE  213                       221     -8
  SINCE DEC 1    213                       221     -8
  SINCE JUL 1    901                      1321   -420

 COOLING
  YESTERDAY        0                         0      0
  MONTH TO DATE    0                         0      0
  SINCE DEC 1      0                         0      0
  SINCE JAN 1   1472                      1094    378
..................................................................


WIND (MPH)
  HIGHEST WIND SPEED    20   HIGHEST WIND DIRECTION    NW (300)
  HIGHEST GUST SPEED    25   HIGHEST GUST DIRECTION    NW (300)
  AVERAGE WIND SPEED    11.2


SKY COVER
  AVERAGE SKY COVER 0.5



RELATIVE HUMIDITY (PERCENT)
 HIGHEST    69           100 AM
 LOWEST     49           100 PM
 AVERAGE    59

..........................................................


THE QUINCY IL CLIMATE NORMALS FOR TODAY
                         NORMAL    RECORD    YEAR
 MAXIMUM TEMPERATURE (F)   40        70      1991
 MINIMUM TEMPERATURE (F)   24        -6      1917


SUNRISE AND SUNSET
DECEMBER  8 2016......SUNRISE   714 AM CST   SUNSET   440 PM CST
DECEMBER  9 2016......SUNRISE   715 AM CST   SUNSET   440 PM CST


-  INDICATES NEGATIVE NUMBERS.
R  INDICATES RECORD WAS SET OR TIED.
MM INDICATES DATA IS MISSING.
T  INDICATES TRACE AMOUNT.




$$
