000
CDUS43 KLSX 290745
CLIUIN


CLIMATE REPORT
NATIONAL WEATHER SERVICE ST LOUIS MO
245 AM CDT FRI AUG 29 2014


...................................

...THE QUINCY IL CLIMATE SUMMARY FOR AUGUST 28 2014...

CLIMATE NORMAL PERIOD 1981 TO 2010
CLIMATE RECORD PERIOD 1901 TO 2014


WEATHER ITEM   OBSERVED TIME   RECORD YEAR NORMAL DEPARTURE LAST
                VALUE   (LST)  VALUE       VALUE  FROM      YEAR
                                                  NORMAL
..................................................................
TEMPERATURE (F)
 YESTERDAY
  MAXIMUM         88    351 PM 101    1984  83      5       98
                                      1913
  MINIMUM         71    546 AM  42    1986  63      8       70
  AVERAGE         80                        73      7

PRECIPITATION (IN)
  YESTERDAY        0.02          2.43 1977   0.11  -0.09     0.00
  MONTH TO DATE    5.50                      3.28   2.22     0.01
  SINCE JUN 1     16.54                     11.31   5.23     2.86
  SINCE JAN 1     24.95                     25.40  -0.45    28.10

DEGREE DAYS
 HEATING
  YESTERDAY        0                         0      0
  MONTH TO DATE    0                         0      0
  SINCE JUN 1      9                        16     -7
  SINCE JUL 1      5                         0      5

 COOLING
  YESTERDAY       15                         8      7
  MONTH TO DATE  281                       274      7
  SINCE JUN 1    746                       844    -98
  SINCE JAN 1    889                       930    -41
..................................................................


WIND (MPH)
  HIGHEST WIND SPEED    16   HIGHEST WIND DIRECTION     E (110)
  HIGHEST GUST SPEED    20   HIGHEST GUST DIRECTION     E (110)
  AVERAGE WIND SPEED     8.1


SKY COVER
  AVERAGE SKY COVER 0.4



RELATIVE HUMIDITY (PERCENT)
 HIGHEST   100           600 AM
 LOWEST     59           300 PM
 AVERAGE    80

..........................................................


THE QUINCY IL CLIMATE NORMALS FOR TODAY
                         NORMAL    RECORD    YEAR
 MAXIMUM TEMPERATURE (F)   83       103      1984
 MINIMUM TEMPERATURE (F)   62        43      1986


SUNRISE AND SUNSET
AUGUST 29 2014........SUNRISE   630 AM CDT   SUNSET   741 PM CDT
AUGUST 30 2014........SUNRISE   631 AM CDT   SUNSET   739 PM CDT


-  INDICATES NEGATIVE NUMBERS.
R  INDICATES RECORD WAS SET OR TIED.
MM INDICATES DATA IS MISSING.
T  INDICATES TRACE AMOUNT.




$$
