000
CDUS43 KLSX 312227
CLIUIN


CLIMATE REPORT
NATIONAL WEATHER SERVICE ST LOUIS MO
526 PM CDT WED AUG 31 2016


...................................

...THE QUINCY IL CLIMATE SUMMARY FOR AUGUST 31 2016...
VALID TODAY AS OF 0500 PM LOCAL TIME.

CLIMATE NORMAL PERIOD 1981 TO 2010
CLIMATE RECORD PERIOD 1901 TO 2016


WEATHER ITEM   OBSERVED TIME   RECORD YEAR NORMAL DEPARTURE LAST
                VALUE   (LST)  VALUE       VALUE  FROM      YEAR
                                                  NORMAL
..................................................................
TEMPERATURE (F)
 TODAY
  MAXIMUM         83    307 PM 100    2011  83      0       91
                                      1953
  MINIMUM         70    602 AM  45    1915  62      8       68
  AVERAGE         77                        72      5       80

PRECIPITATION (IN)
  TODAY            0.00          2.49 2003   0.12  -0.12      T
  MONTH TO DATE    7.29                      3.63   3.66     2.13
  SINCE JUN 1     15.01                     11.66   3.35    20.08
  SINCE JAN 1     23.69                     25.75  -2.06    28.76

DEGREE DAYS
 HEATING
  TODAY            0                         0      0
  MONTH TO DATE    0                         0      0
  SINCE JUN 1      6                        21    -15
  SINCE JUL 1      6                         5      1

 COOLING
  TODAY           12                         8      4
  MONTH TO DATE  345                       297     48
  SINCE JUN 1   1076                       867    209
  SINCE JAN 1   1180                       953    227
..................................................................


WIND (MPH)
  HIGHEST WIND SPEED    16   HIGHEST WIND DIRECTION     N (360)
  HIGHEST GUST SPEED    22   HIGHEST GUST DIRECTION    NE (30)
  AVERAGE WIND SPEED     6.4


SKY COVER
  AVERAGE SKY COVER 0.2



RELATIVE HUMIDITY (PERCENT)
 HIGHEST   100          1200 AM
 LOWEST     51           400 PM
 AVERAGE    76

..........................................................


THE QUINCY IL CLIMATE NORMALS FOR TOMORROW
                         NORMAL    RECORD    YEAR
 MAXIMUM TEMPERATURE (F)   82       104      2011
 MINIMUM TEMPERATURE (F)   62        41      1949


SUNRISE AND SUNSET
AUGUST 31 2016........SUNRISE   632 AM CDT   SUNSET   737 PM CDT
SEPTEMBER  1 2016.....SUNRISE   633 AM CDT   SUNSET   735 PM CDT


-  INDICATES NEGATIVE NUMBERS.
R  INDICATES RECORD WAS SET OR TIED.
MM INDICATES DATA IS MISSING.
T  INDICATES TRACE AMOUNT.




$$
