149
CDUS43 KLSX 210728
CLIUIN


CLIMATE REPORT
NATIONAL WEATHER SERVICE ST LOUIS MO
227 AM CDT FRI JUL 21 2017


...................................

...THE QUINCY IL CLIMATE SUMMARY FOR JULY 20 2017...

CLIMATE NORMAL PERIOD 1981 TO 2010
CLIMATE RECORD PERIOD 1901 TO 2017


WEATHER ITEM   OBSERVED TIME   RECORD YEAR NORMAL DEPARTURE LAST
                VALUE   (LST)  VALUE       VALUE  FROM      YEAR
                                                  NORMAL
..................................................................
TEMPERATURE (F)
 YESTERDAY
  MAXIMUM         98    354 PM 109    1934  86     12       88
  MINIMUM         74    432 AM  55    1971  66      8       71
  AVERAGE         86                        76     10

PRECIPITATION (IN)
  YESTERDAY        0.00          3.41 1949   0.13  -0.13     0.00
  MONTH TO DATE    0.56                      2.68  -2.12     4.39
  SINCE JUN 1      3.99                      6.67  -2.68     5.41
  SINCE JAN 1     20.77                     20.76   0.01    14.09

DEGREE DAYS
 HEATING
  YESTERDAY        0                         0      0
  MONTH TO DATE    0                         0      0
  SINCE JUN 1      4                        16    -12
  SINCE JUL 1      0                         0      0

 COOLING
  YESTERDAY       21                        11     10
  MONTH TO DATE  283                       220     63
  SINCE JUN 1    554                       447    107
  SINCE JAN 1    663                       533    130
..................................................................


WIND (MPH)
  HIGHEST WIND SPEED    17   HIGHEST WIND DIRECTION    SW (230)
  HIGHEST GUST SPEED    23   HIGHEST GUST DIRECTION    SW (220)
  AVERAGE WIND SPEED     8.8


SKY COVER
  AVERAGE SKY COVER 0.0



RELATIVE HUMIDITY (PERCENT)
 HIGHEST    87           600 AM
 LOWEST     45           400 PM
 AVERAGE    66

..........................................................


THE QUINCY IL CLIMATE NORMALS FOR TODAY
                         NORMAL    RECORD    YEAR
 MAXIMUM TEMPERATURE (F)   86       110      1901
 MINIMUM TEMPERATURE (F)   66        52      1944


SUNRISE AND SUNSET
JULY 21 2017..........SUNRISE   554 AM CDT   SUNSET   828 PM CDT
JULY 22 2017..........SUNRISE   555 AM CDT   SUNSET   827 PM CDT


-  INDICATES NEGATIVE NUMBERS.
R  INDICATES RECORD WAS SET OR TIED.
MM INDICATES DATA IS MISSING.
T  INDICATES TRACE AMOUNT.




$$
