000
CDUS46 KEKA 301210
CLIUKI


CLIMATE REPORT
NATIONAL WEATHER SERVICE EUREKA CA
508 AM PDT SAT APR 30 2016


...................................

...THE UKIAH CA CLIMATE SUMMARY FOR APRIL 29 2016...

CLIMATE NORMAL PERIOD 1981 TO 2010
CLIMATE RECORD PERIOD 1903 TO 2016


WEATHER ITEM   OBSERVED TIME   RECORD YEAR NORMAL DEPARTURE LAST
                VALUE   (LST)  VALUE       VALUE  FROM      YEAR
                                                  NORMAL
..................................................................
TEMPERATURE (F)
 YESTERDAY
  MAXIMUM         71   1255 PM  97    1981  73     -2       79
  MINIMUM         47    620 AM  32    1967  45      2       48
  AVERAGE         59                        59      0       64

PRECIPITATION (IN)
  YESTERDAY        0.00          1.40 2003   0.07  -0.07     0.00
  MONTH TO DATE    1.27                      2.49  -1.22     1.93
  SINCE OCT 1     35.71                     34.94   0.77    25.44
  SINCE JAN 1     23.50                     21.56   1.94     7.67

SNOWFALL (IN)
  YESTERDAY        0.0          MM      MM  MM     MM        0.0
  MONTH TO DATE    0.0                      MM     MM        0.0
  SINCE MAR 1      0.0                      MM     MM        0.0
  SINCE JUL 1      0.0                      MM     MM        0.0
  SNOW DEPTH       0

DEGREE DAYS
 HEATING
  YESTERDAY        6                         7     -1        1
  MONTH TO DATE  181                       293   -112      208
  SINCE MAR 1    519                       707   -188      403
  SINCE JUL 1   2458                      2940   -482     1917

 COOLING
  YESTERDAY        0                         1     -1        0
  MONTH TO DATE    7                         7      0        5
  SINCE MAR 1      7                         7      0       10
  SINCE JAN 1      7                         7      0       10
..................................................................


WIND (MPH)
  HIGHEST WIND SPEED    23   HIGHEST WIND DIRECTION     W (280)
  HIGHEST GUST SPEED    35   HIGHEST GUST DIRECTION    NW (300)
  AVERAGE WIND SPEED     8.1


SKY COVER
  AVERAGE SKY COVER 0.0


WEATHER CONDITIONS
 THE FOLLOWING WEATHER WAS RECORDED YESTERDAY.
  NO SIGNIFICANT WEATHER WAS OBSERVED.


RELATIVE HUMIDITY (PERCENT)
 HIGHEST    86
 LOWEST     40
 AVERAGE    63

..........................................................


THE UKIAH CA CLIMATE NORMALS FOR TODAY
                         NORMAL    RECORD    YEAR
 MAXIMUM TEMPERATURE (F)   73        94      1981
 MINIMUM TEMPERATURE (F)   45        31      1913


SUNRISE AND SUNSET
APRIL 30 2016.........SUNRISE   615 AM PDT   SUNSET   805 PM PDT
MAY  1 2016...........SUNRISE   614 AM PDT   SUNSET   806 PM PDT


-  INDICATES NEGATIVE NUMBERS.
R  INDICATES RECORD WAS SET OR TIED.
MM INDICATES DATA IS MISSING.
T  INDICATES TRACE AMOUNT.




$$
