000
CDUS46 KEKA 011210
CLIUKI


CLIMATE REPORT
NATIONAL WEATHER SERVICE EUREKA CA
510 AM PDT TUE SEP 1 2015


...................................

...THE UKIAH CA CLIMATE SUMMARY FOR AUGUST 31 2015...

CLIMATE NORMAL PERIOD 1981 TO 2010
CLIMATE RECORD PERIOD 1903 TO 2015


WEATHER ITEM   OBSERVED TIME   RECORD YEAR NORMAL DEPARTURE LAST
                VALUE   (LST)  VALUE       VALUE  FROM      YEAR
                                                  NORMAL
..................................................................
TEMPERATURE (F)
 YESTERDAY
  MAXIMUM         92    147 PM 109    1950  90      2       96
  MINIMUM         52    601 AM  41    1928  52      0       56
  AVERAGE         72                        71      1       76

PRECIPITATION (IN)
  YESTERDAY        0.00          0.56 1983   0.01  -0.01     0.00
  MONTH TO DATE    0.01                      0.10  -0.09     0.01
  SINCE OCT 1     26.01                     36.90 -10.89    17.98
  SINCE JAN 1      8.24                     23.52 -15.28    16.64

SNOWFALL (IN)
  YESTERDAY        0.0          MM      MM  MM     MM        0.0
  MONTH TO DATE    0.0                      MM     MM        0.0
  SINCE JUN 1      0.0                      MM     MM        0.0
  SINCE JUL 1      0.0                      MM     MM        0.0
  SNOW DEPTH       0

DEGREE DAYS
 HEATING
  YESTERDAY        0                         0      0        0
  MONTH TO DATE    2                         0      2        0
  SINCE JUN 1      7                        35    -28        2
  SINCE JUL 1      3                         3      0        0

 COOLING
  YESTERDAY        7                         6      1       11
  MONTH TO DATE  268                       240     28      307
  SINCE JUN 1    882                       631    251      911
  SINCE JAN 1    930                       683    247     1000
..................................................................


WIND (MPH)
  HIGHEST WIND SPEED    16   HIGHEST WIND DIRECTION    NW (330)
  HIGHEST GUST SPEED    24   HIGHEST GUST DIRECTION     N (350)
  AVERAGE WIND SPEED     3.0


SKY COVER
  AVERAGE SKY COVER 0.0


WEATHER CONDITIONS
 THE FOLLOWING WEATHER WAS RECORDED YESTERDAY.
  NO SIGNIFICANT WEATHER WAS OBSERVED.


RELATIVE HUMIDITY (PERCENT)
 HIGHEST    89
 LOWEST     20
 AVERAGE    55

..........................................................


THE UKIAH CA CLIMATE NORMALS FOR TODAY
                         NORMAL    RECORD    YEAR
 MAXIMUM TEMPERATURE (F)   90       112      1950
 MINIMUM TEMPERATURE (F)   52        41      1911


SUNRISE AND SUNSET
SEPTEMBER  1 2015.....SUNRISE   641 AM PDT   SUNSET   744 PM PDT
SEPTEMBER  2 2015.....SUNRISE   642 AM PDT   SUNSET   742 PM PDT


-  INDICATES NEGATIVE NUMBERS.
R  INDICATES RECORD WAS SET OR TIED.
MM INDICATES DATA IS MISSING.
T  INDICATES TRACE AMOUNT.




$$
