000
CDUS46 KEKA 211209
CLIUKI


CLIMATE REPORT
NATIONAL WEATHER SERVICE EUREKA CA
509 AM PDT SUN SEP 21 2014


...................................

...THE UKIAH CA CLIMATE SUMMARY FOR SEPTEMBER 20 2014...

CLIMATE NORMAL PERIOD 1981 TO 2010
CLIMATE RECORD PERIOD 1903 TO 2014


WEATHER ITEM   OBSERVED TIME   RECORD YEAR NORMAL DEPARTURE LAST
                VALUE   (LST)  VALUE       VALUE  FROM      YEAR
                                                  NORMAL
..................................................................
TEMPERATURE (F)
 YESTERDAY
  MAXIMUM         89    340 PM 106    1919  87      2       78
  MINIMUM         55    507 AM  38    1915  49      6       46
  AVERAGE         72                        68      4       62

PRECIPITATION (IN)
  YESTERDAY        0.00          0.50 1973   0.01  -0.01     0.07
  MONTH TO DATE    0.07                      0.28  -0.21     0.07
  SINCE JUL 1      0.08                      0.42  -0.34     0.10
  SINCE JAN 1     16.71                     23.80  -7.09     5.68

SNOWFALL (IN)
  YESTERDAY        0.0          MM      MM  MM     MM       MM
  MONTH TO DATE    0.0                      MM     MM        0.0
  SINCE SEP 1      0.0                      MM     MM        0.0
  SINCE JUL 1      0.0                      MM     MM        0.0
  SNOW DEPTH       0

DEGREE DAYS
 HEATING
  YESTERDAY        0                         1     -1        3
  MONTH TO DATE    0                        10    -10        3
  SINCE SEP 1      0                        10    -10        3
  SINCE JUL 1      0                        13    -13        3

 COOLING
  YESTERDAY        7                         4      3        0
  MONTH TO DATE  176                       101     75      124
  SINCE SEP 1    176                       101     75      124
  SINCE JAN 1   1176                       784    392      971
..................................................................


WIND (MPH)
  HIGHEST WIND SPEED    14   HIGHEST WIND DIRECTION    SE (140)
  HIGHEST GUST SPEED    19   HIGHEST GUST DIRECTION    SE (120)
  AVERAGE WIND SPEED     4.1


SKY COVER
  AVERAGE SKY COVER 0.2


WEATHER CONDITIONS
 THE FOLLOWING WEATHER WAS RECORDED YESTERDAY.
  FOG
  FOG W/VISIBILITY <= 1/4 MILE


RELATIVE HUMIDITY (PERCENT)
 HIGHEST   100
 LOWEST     34
 AVERAGE    67

..........................................................


THE UKIAH CA CLIMATE NORMALS FOR TODAY
                         NORMAL    RECORD    YEAR
 MAXIMUM TEMPERATURE (F)   86       106      1943
 MINIMUM TEMPERATURE (F)   49        35      1924


SUNRISE AND SUNSET
SEPTEMBER 21 2014.....SUNRISE   700 AM PDT   SUNSET   711 PM PDT
SEPTEMBER 22 2014.....SUNRISE   701 AM PDT   SUNSET   710 PM PDT


-  INDICATES NEGATIVE NUMBERS.
R  INDICATES RECORD WAS SET OR TIED.
MM INDICATES DATA IS MISSING.
T  INDICATES TRACE AMOUNT.




$$
