000
CDUS43 KSGF 052133
CLIUNO


CLIMATE REPORT
NATIONAL WEATHER SERVICE SPRINGFIELD MO
433 PM CDT THU MAY 5 2016


...................................

...THE WEST PLAINS MO CLIMATE SUMMARY FOR MAY 5 2016...
VALID AS OF 0400 PM LOCAL TIME.

CLIMATE NORMAL PERIOD 1981 TO 2010
CLIMATE RECORD PERIOD 1947 TO 2016


WEATHER ITEM   OBSERVED TIME   RECORD YEAR NORMAL DEPARTURE LAST
                VALUE   (LST)  VALUE       VALUE  FROM      YEAR
                                                  NORMAL
..................................................................
TEMPERATURE (F)
 TODAY
  MAXIMUM         71    239 PM  91    1952  74     -3       80
  MINIMUM         44    140 AM  34    2005  51     -7       52
  AVERAGE         58                        63     -5       66

PRECIPITATION (IN)
  TODAY            0.00          1.30 1961   0.22  -0.22      T
  MONTH TO DATE    0.00                      1.05  -1.05      T
  SINCE MAR 1      5.23                      9.82  -4.59     5.36
  SINCE JAN 1      7.87                     15.38  -7.51    10.04

DEGREE DAYS
 HEATING
  TODAY            7                         4      3        0
  MONTH TO DATE   31                        21     10       19
  SINCE MAR 1    611                       819   -208      787
  SINCE JUL 1   3444                      4283   -839     4584

 COOLING
  TODAY            0                         2     -2        1
  MONTH TO DATE    0                         6     -6       10
  SINCE MAR 1     16                        34    -18       26
  SINCE JAN 1     16                        34    -18       26
..................................................................


WIND (MPH)
  HIGHEST WIND SPEED    21   HIGHEST WIND DIRECTION    NW (320)
  HIGHEST GUST SPEED    28   HIGHEST GUST DIRECTION     N (360)


SKY COVER
  AVERAGE SKY COVER 0.0


WEATHER CONDITIONS
 THE FOLLOWING WEATHER WAS RECORDED TODAY.
  NO SIGNIFICANT WEATHER WAS OBSERVED.


RELATIVE HUMIDITY (PERCENT)
 HIGHEST    65           200 AM
 LOWEST     23           100 PM
 AVERAGE    44

..........................................................


THE WEST PLAINS MO CLIMATE NORMALS FOR TOMORROW
                         NORMAL    RECORD    YEAR
 MAXIMUM TEMPERATURE (F)   75        89      1949
 MINIMUM TEMPERATURE (F)   51        37      1957
                                             1991
                                             1992


SUNRISE AND SUNSET
MAY  5 2016...........SUNRISE   609 AM CDT   SUNSET   800 PM CDT
MAY  6 2016...........SUNRISE   608 AM CDT   SUNSET   801 PM CDT


-  INDICATES NEGATIVE NUMBERS.
R  INDICATES RECORD WAS SET OR TIED.
MM INDICATES DATA IS MISSING.
T  INDICATES TRACE AMOUNT.




$$
