000
CDUS43 KSGF 280630
CLIUNO


CLIMATE REPORT
NATIONAL WEATHER SERVICE SPRINGFIELD MO
1230 AM CST FRI NOV 28 2014


...................................

...THE WEST PLAINS MO CLIMATE SUMMARY FOR NOVEMBER 27 2014...

CLIMATE NORMAL PERIOD 1981 TO 2010
CLIMATE RECORD PERIOD 1947 TO 2014


WEATHER ITEM   OBSERVED TIME   RECORD YEAR NORMAL DEPARTURE LAST
                VALUE   (LST)  VALUE       VALUE  FROM      YEAR
                                                  NORMAL
..................................................................
TEMPERATURE (F)
 YESTERDAY
  MAXIMUM         44    250 PM  74    1960  52     -8       35
  MINIMUM         27    717 PM   8    1975  32     -5       18
  AVERAGE         36                        42     -6       27

PRECIPITATION (IN)
  YESTERDAY        0.00          1.46 1990   0.16  -0.16     0.00
  MONTH TO DATE    2.32                      4.12  -1.80     4.50
  SINCE SEP 1     11.81                     12.05  -0.24     9.66
  SINCE JAN 1     33.43                     42.12  -8.69    51.89

DEGREE DAYS
 HEATING
  YESTERDAY       29                        23      6       38
  MONTH TO DATE  700                       478    222      563
  SINCE SEP 1    970                       780    190      832
  SINCE JUL 1    972                       781    191      836

 COOLING
  YESTERDAY        0                         0      0        0
  MONTH TO DATE    0                         0      0        0
  SINCE SEP 1    176                       180     -4      231
  SINCE JAN 1   1231                      1352   -121     1073
..................................................................


WIND (MPH)
  HIGHEST WIND SPEED    22   HIGHEST WIND DIRECTION    NW (320)
  HIGHEST GUST SPEED    30   HIGHEST GUST DIRECTION    NW (320)
  AVERAGE WIND SPEED     6.9


SKY COVER
  AVERAGE SKY COVER 0.5


WEATHER CONDITIONS
 THE FOLLOWING WEATHER WAS RECORDED YESTERDAY.
  NO SIGNIFICANT WEATHER WAS OBSERVED.


RELATIVE HUMIDITY (PERCENT)
 HIGHEST    85           500 AM
 LOWEST     36           400 PM
 AVERAGE    61

..........................................................


THE WEST PLAINS MO CLIMATE NORMALS FOR TODAY
                         NORMAL    RECORD    YEAR
 MAXIMUM TEMPERATURE (F)   51        79      1949
 MINIMUM TEMPERATURE (F)   32        10      1958


SUNRISE AND SUNSET
NOVEMBER 28 2014......SUNRISE   659 AM CST   SUNSET   452 PM CST
NOVEMBER 29 2014......SUNRISE   700 AM CST   SUNSET   452 PM CST


-  INDICATES NEGATIVE NUMBERS.
R  INDICATES RECORD WAS SET OR TIED.
MM INDICATES DATA IS MISSING.
T  INDICATES TRACE AMOUNT.




$$
