000
CDUS43 KSGF 250631
CLIUNO


CLIMATE REPORT
NATIONAL WEATHER SERVICE SPRINGFIELD MO
130 AM CDT SAT MAR 25 2017


...................................

...THE WEST PLAINS MO CLIMATE SUMMARY FOR MARCH 24 2017...

CLIMATE NORMAL PERIOD 1981 TO 2010
CLIMATE RECORD PERIOD 1947 TO 2017


WEATHER ITEM   OBSERVED TIME   RECORD YEAR NORMAL DEPARTURE LAST
                VALUE   (LST)  VALUE       VALUE  FROM      YEAR
                                                  NORMAL
..................................................................
TEMPERATURE (F)
 YESTERDAY
  MAXIMUM         73    246 PM  82    1967  63     10       63
  MINIMUM         54   1159 PM  14    1974  38     16       39
  AVERAGE         64                        50     14       51

PRECIPITATION (IN)
  YESTERDAY        0.77          1.35 1978   0.15   0.62     0.47
  MONTH TO DATE    3.95                      3.16   0.79     2.85
  SINCE MAR 1      3.95                      3.16   0.79     2.85
  SINCE JAN 1      8.58                      8.72  -0.14     5.49

DEGREE DAYS
 HEATING
  YESTERDAY        1                        15    -14       14
  MONTH TO DATE  382                       452    -70      301
  SINCE MAR 1    382                       452    -70      301
  SINCE JUL 1   3031                      3916   -885     3134

 COOLING
  YESTERDAY        0                         0      0        0
  MONTH TO DATE    4                         0      4        4
  SINCE MAR 1      4                         0      4        4
  SINCE JAN 1      5                         0      5        4
..................................................................


WIND (MPH)
  HIGHEST WIND SPEED    28   HIGHEST WIND DIRECTION     S (190)
  HIGHEST GUST SPEED    37   HIGHEST GUST DIRECTION     S (200)
  AVERAGE WIND SPEED    12.8


SKY COVER
  AVERAGE SKY COVER 0.5


WEATHER CONDITIONS
 THE FOLLOWING WEATHER WAS RECORDED YESTERDAY.
  HEAVY RAIN
  RAIN
  LIGHT RAIN
  FOG


RELATIVE HUMIDITY (PERCENT)
 HIGHEST    93          1100 PM
 LOWEST     53           200 PM
 AVERAGE    73

..........................................................


THE WEST PLAINS MO CLIMATE NORMALS FOR TODAY
                         NORMAL    RECORD    YEAR
 MAXIMUM TEMPERATURE (F)   63        79      2012
                                             2007
 MINIMUM TEMPERATURE (F)   39        13      1955


SUNRISE AND SUNSET
MARCH 25 2017.........SUNRISE   703 AM CDT   SUNSET   724 PM CDT
MARCH 26 2017.........SUNRISE   702 AM CDT   SUNSET   725 PM CDT


-  INDICATES NEGATIVE NUMBERS.
R  INDICATES RECORD WAS SET OR TIED.
MM INDICATES DATA IS MISSING.
T  INDICATES TRACE AMOUNT.




$$
