000
CDUS43 KSGF 290626
CLIUNO


CLIMATE REPORT
NATIONAL WEATHER SERVICE SPRINGFIELD MO
125 AM CDT FRI AUG 29 2014


...................................

...THE WEST PLAINS MO CLIMATE SUMMARY FOR AUGUST 28 2014...

CLIMATE NORMAL PERIOD 1981 TO 2010
CLIMATE RECORD PERIOD 1947 TO 2014


WEATHER ITEM   OBSERVED TIME   RECORD YEAR NORMAL DEPARTURE LAST
                VALUE   (LST)  VALUE       VALUE  FROM      YEAR
                                                  NORMAL
..................................................................
TEMPERATURE (F)
 YESTERDAY
  MAXIMUM         92    345 PM 102    2000  87      5       92
  MINIMUM         66    517 AM  46    1967  64      2       70
                                      1986
  AVERAGE         79                        76      3       81

PRECIPITATION (IN)
  YESTERDAY        0.00          2.52 1950   0.10  -0.10     0.00
  MONTH TO DATE    2.75                      2.91  -0.16    10.62
  SINCE JUN 1      9.61                     10.48  -0.87    20.41
  SINCE JAN 1     21.59                     29.75  -8.16    42.23

DEGREE DAYS
 HEATING
  YESTERDAY        0                         0      0        0
  MONTH TO DATE    0                         0      0        4
  SINCE JUN 1      4                         5     -1       13
  SINCE JUL 1      2                         0      2        4

 COOLING
  YESTERDAY       14                        11      3       16
  MONTH TO DATE  367                       348     19      254
  SINCE JUN 1    866                      1019   -153      676
  SINCE JAN 1   1016                      1141   -125      788
..................................................................


WIND (MPH)
  HIGHEST WIND SPEED    13   HIGHEST WIND DIRECTION     S (160)
  HIGHEST GUST SPEED    19   HIGHEST GUST DIRECTION    SE (130)
  AVERAGE WIND SPEED     5.1


SKY COVER
  AVERAGE SKY COVER 0.1


WEATHER CONDITIONS
 THE FOLLOWING WEATHER WAS RECORDED YESTERDAY.
  FOG


RELATIVE HUMIDITY (PERCENT)
 HIGHEST    93           500 AM
 LOWEST     36           300 PM
 AVERAGE    65

..........................................................


THE WEST PLAINS MO CLIMATE NORMALS FOR TODAY
                         NORMAL    RECORD    YEAR
 MAXIMUM TEMPERATURE (F)   87       104      1954
 MINIMUM TEMPERATURE (F)   64        40      1986


SUNRISE AND SUNSET
AUGUST 29 2014........SUNRISE   636 AM CDT   SUNSET   740 PM CDT
AUGUST 30 2014........SUNRISE   637 AM CDT   SUNSET   739 PM CDT


-  INDICATES NEGATIVE NUMBERS.
R  INDICATES RECORD WAS SET OR TIED.
MM INDICATES DATA IS MISSING.
T  INDICATES TRACE AMOUNT.




$$
