000
CDUS43 KUNR 190859
CLIUNR


CLIMATE REPORT
NATIONAL WEATHER SERVICE RAPID CITY SD
159 AM MST THU JAN 19 2017


...................................

...THE EAST RAPID CITY SD CLIMATE SUMMARY FOR JANUARY 18 2017...

CLIMATE NORMAL PERIOD 1981 TO 2010
CLIMATE RECORD PERIOD 1888 TO 2017


WEATHER ITEM   OBSERVED RECORD YEAR NORMAL DEPARTURE LAST
                VALUE   VALUE       VALUE  FROM      YEAR
                                           NORMAL
...........................................................
TEMPERATURE (F)
 YESTERDAY
  MAXIMUM         51     63    1914  38     13       20
  MINIMUM         32    -25    1892  16     16       -1
  AVERAGE         42                 27     15       10

PRECIPITATION (IN)
  YESTERDAY        0.00   0.15 1926   0.01  -0.01      T
  MONTH TO DATE    0.12               0.15  -0.03     0.07
  SINCE DEC 1      0.94               0.47   0.47     0.80
  SINCE JAN 1      0.12               0.15  -0.03     0.07

SNOWFALL (IN)
  YESTERDAY        0.0    1.7  1922   0.1   -0.1       T
  MONTH TO DATE    3.6                2.8    0.8      1.3
  SINCE DEC 1     15.7                8.0    7.7     16.8
  SINCE JUL 1     19.4               16.6    2.8     22.8
  SNOW DEPTH       2

DEGREE DAYS
 HEATING
  YESTERDAY       23                 38    -15       55
  MONTH TO DATE  882                684    198      754
  SINCE DEC 1   2275               1851    424     1856
  SINCE JUL 1   3306               3431   -125     3114

 COOLING
  YESTERDAY        0                  0      0        0
  MONTH TO DATE    0                  0      0        0
  SINCE DEC 1      0                  0      0        0
  SINCE JAN 1      0                  0      0        0
...........................................................


WIND (MPH)
  HIGHEST GUST SPEED    15   HIGHEST GUST DIRECTION    SE (140)



WEATHER CONDITIONS
 THE FOLLOWING WEATHER WAS RECORDED YESTERDAY.
  NO SIGNIFICANT WEATHER WAS OBSERVED.


..........................................................


THE EAST RAPID CITY SD CLIMATE NORMALS FOR TODAY
                         NORMAL    RECORD    YEAR
 MAXIMUM TEMPERATURE (F)   38        66      1900
 MINIMUM TEMPERATURE (F)   16       -24      1943


SUNRISE AND SUNSET
JANUARY 19 2017.......SUNRISE   722 AM MST   SUNSET   446 PM MST
JANUARY 20 2017.......SUNRISE   721 AM MST   SUNSET   447 PM MST


-  INDICATES NEGATIVE NUMBERS.
R  INDICATES RECORD WAS SET OR TIED.
MM INDICATES DATA IS MISSING.
T  INDICATES TRACE AMOUNT.




$$
