000
CDUS43 KUNR 060831
CLIUNR


CLIMATE REPORT
NATIONAL WEATHER SERVICE RAPID CITY SD
231 AM MDT MON JUL 6 2015


...................................

...THE EAST RAPID CITY SD CLIMATE SUMMARY FOR JULY 5 2015...

CLIMATE NORMAL PERIOD 1981 TO 2010
CLIMATE RECORD PERIOD 1888 TO 2015


WEATHER ITEM   OBSERVED RECORD YEAR NORMAL DEPARTURE LAST
                VALUE   VALUE       VALUE  FROM      YEAR
                                           NORMAL
...........................................................
TEMPERATURE (F)
 YESTERDAY
  MAXIMUM         79    106    1936  83     -4       90
  MINIMUM         60     41    1915  60      0       69
  AVERAGE         70                 71     -1       80

PRECIPITATION (IN)
  YESTERDAY        0.55   1.33 1891   0.07   0.48     0.00
  MONTH TO DATE    0.92               0.34   0.58      T
  SINCE JUN 1      7.79               3.50   4.29     6.05
  SINCE JAN 1     17.15              11.55   5.60    11.23

SNOWFALL (IN)
  YESTERDAY        0.0    0.0  2002   0.0    0.0      0.0
                               2001
                               1954
  MONTH TO DATE    0.0                0.0    0.0      0.0
  SINCE JUN 1      0.0                0.0    0.0      0.0
  SINCE JUL 1      0.0                0.0    0.0      0.0
  SNOW DEPTH       0

DEGREE DAYS
 HEATING
  YESTERDAY        0                  1     -1        0
  MONTH TO DATE    0                  5     -5        4
  SINCE JUN 1     33                 93    -60      112
  SINCE JUL 1      0                  5     -5        4

 COOLING
  YESTERDAY        5                  7     -2       15
  MONTH TO DATE   34                 33      1       30
  SINCE JUN 1    141                124     17       58
  SINCE JAN 1    149                142      7       86
...........................................................


WIND (MPH)
  HIGHEST GUST SPEED    40   HIGHEST GUST DIRECTION     N (360)



WEATHER CONDITIONS
 THE FOLLOWING WEATHER WAS RECORDED YESTERDAY.
  THUNDERSTORM
  RAIN
  LIGHT RAIN


..........................................................


THE EAST RAPID CITY SD CLIMATE NORMALS FOR TODAY
                         NORMAL    RECORD    YEAR
 MAXIMUM TEMPERATURE (F)   83       104      1936
 MINIMUM TEMPERATURE (F)   61        46      1934


SUNRISE AND SUNSET
JULY  6 2015..........SUNRISE   516 AM MDT   SUNSET   838 PM MDT
JULY  7 2015..........SUNRISE   517 AM MDT   SUNSET   838 PM MDT


-  INDICATES NEGATIVE NUMBERS.
R  INDICATES RECORD WAS SET OR TIED.
MM INDICATES DATA IS MISSING.
T  INDICATES TRACE AMOUNT.




$$
