000
CDUS43 KUNR 240839
CLIUNR


CLIMATE REPORT
NATIONAL WEATHER SERVICE RAPID CITY SD
136 AM MST FRI NOV 24 2017


...................................

...THE EAST RAPID CITY SD CLIMATE SUMMARY FOR NOVEMBER 23 2017...

CLIMATE NORMAL PERIOD 1981 TO 2010
CLIMATE RECORD PERIOD 1888 TO 2017


WEATHER ITEM   OBSERVED RECORD YEAR NORMAL DEPARTURE LAST
                VALUE   VALUE       VALUE  FROM      YEAR
                                           NORMAL
...........................................................
TEMPERATURE (F)
 YESTERDAY
  MAXIMUM         76R    67    1915  42     34       44
  MINIMUM         52    -11    1918  25     27       27
  AVERAGE         64                 33     31       36

PRECIPITATION (IN)
  YESTERDAY        0.00   0.30 1959   0.01  -0.01     0.00
  MONTH TO DATE    0.23               0.54  -0.31     0.17
  SINCE SEP 1      2.60               3.73  -1.13     1.60
  SINCE JAN 1     12.57              19.41  -6.84    12.90

SNOWFALL (IN)
  YESTERDAY        0.0    1.6  1931   0.2   -0.2      0.0
  MONTH TO DATE    1.1                5.0   -3.9      3.0
  SINCE SEP 1      1.1                7.4   -6.3      3.0
  SINCE JUL 1      1.1                7.4   -6.3      3.0
  SNOW DEPTH       0

DEGREE DAYS
 HEATING
  YESTERDAY        1                 32    -31       29
  MONTH TO DATE  621                617      4      357
  SINCE SEP 1   1248               1316    -68      798
  SINCE JUL 1   1253               1346    -93      823

 COOLING
  YESTERDAY        0                  0      0        0
  MONTH TO DATE    0                  0      0        0
  SINCE SEP 1    117                 70     47       53
  SINCE JAN 1    854                665    189      813
...........................................................


WIND (MPH)
  HIGHEST GUST SPEED    26   HIGHEST GUST DIRECTION     W (270)



WEATHER CONDITIONS
 THE FOLLOWING WEATHER WAS RECORDED YESTERDAY.
  NO SIGNIFICANT WEATHER WAS OBSERVED.


..........................................................


THE EAST RAPID CITY SD CLIMATE NORMALS FOR TODAY
                         NORMAL    RECORD    YEAR
 MAXIMUM TEMPERATURE (F)   41        75      1932
 MINIMUM TEMPERATURE (F)   24        -5      1918


SUNRISE AND SUNSET
NOVEMBER 24 2017......SUNRISE   700 AM MST   SUNSET   419 PM MST
NOVEMBER 25 2017......SUNRISE   701 AM MST   SUNSET   418 PM MST


-  INDICATES NEGATIVE NUMBERS.
R  INDICATES RECORD WAS SET OR TIED.
MM INDICATES DATA IS MISSING.
T  INDICATES TRACE AMOUNT.




$$
