000
CDUS43 KUNR 270831
CLIUNR


CLIMATE REPORT
NATIONAL WEATHER SERVICE RAPID CITY SD
130 AM MST MON FEB 27 2017


...................................

...THE EAST RAPID CITY SD CLIMATE SUMMARY FOR FEBRUARY 26 2017...

CLIMATE NORMAL PERIOD 1981 TO 2010
CLIMATE RECORD PERIOD 1888 TO 2017


WEATHER ITEM   OBSERVED RECORD YEAR NORMAL DEPARTURE LAST
                VALUE   VALUE       VALUE  FROM      YEAR
                                           NORMAL
...........................................................
TEMPERATURE (F)
 YESTERDAY
  MAXIMUM         36     68    1932  41     -5       61
  MINIMUM         19    -19    1934  20     -1       34
  AVERAGE         28                 31     -3       48

PRECIPITATION (IN)
  YESTERDAY        0.00   0.15 1958   0.02  -0.02     0.00
  MONTH TO DATE    0.44               0.44   0.00     0.43
  SINCE DEC 1      1.61               1.05   0.56     1.33
  SINCE JAN 1      0.79               0.73   0.06     0.60

SNOWFALL (IN)
  YESTERDAY        0.0    2.2  1911   0.3   -0.3      0.0
  MONTH TO DATE    9.2                6.8    2.4      3.8
  SINCE DEC 1     29.4               17.5   11.9     21.8
  SINCE JUL 1     33.1               26.1    7.0     27.8
  SNOW DEPTH       3

DEGREE DAYS
 HEATING
  YESTERDAY       37                 34      3       17
  MONTH TO DATE  793                958   -165      708
  SINCE DEC 1   3487               3306    181     2934
  SINCE JUL 1   4518               4886   -368     4192

 COOLING
  YESTERDAY        0                  0      0        0
  MONTH TO DATE    0                  0      0        0
  SINCE DEC 1      0                  0      0        0
  SINCE JAN 1      0                  0      0        0
...........................................................


WIND (MPH)
  HIGHEST GUST SPEED    22   HIGHEST GUST DIRECTION    NW (300)



WEATHER CONDITIONS
 THE FOLLOWING WEATHER WAS RECORDED YESTERDAY.
  NO SIGNIFICANT WEATHER WAS OBSERVED.


..........................................................


THE EAST RAPID CITY SD CLIMATE NORMALS FOR TODAY
                         NORMAL    RECORD    YEAR
 MAXIMUM TEMPERATURE (F)   41        72      1895
 MINIMUM TEMPERATURE (F)   21       -27      1890


SUNRISE AND SUNSET
FEBRUARY 27 2017......SUNRISE   633 AM MST   SUNSET   539 PM MST
FEBRUARY 28 2017......SUNRISE   631 AM MST   SUNSET   540 PM MST


-  INDICATES NEGATIVE NUMBERS.
R  INDICATES RECORD WAS SET OR TIED.
MM INDICATES DATA IS MISSING.
T  INDICATES TRACE AMOUNT.




$$
