000
CDUS43 KUNR 280836
CLIUNR


CLIMATE REPORT
NATIONAL WEATHER SERVICE RAPID CITY SD
236 AM MDT FRI JUL 28 2017


...................................

...THE EAST RAPID CITY SD CLIMATE SUMMARY FOR JULY 27 2017...

CLIMATE NORMAL PERIOD 1981 TO 2010
CLIMATE RECORD PERIOD 1888 TO 2017


WEATHER ITEM   OBSERVED RECORD YEAR NORMAL DEPARTURE LAST
                VALUE   VALUE       VALUE  FROM      YEAR
                                           NORMAL
...........................................................
TEMPERATURE (F)
 YESTERDAY
  MAXIMUM         80    101    1931  86     -6       80
  MINIMUM         60     50    1971  63     -3       62
  AVERAGE         70                 74     -4       71

PRECIPITATION (IN)
  YESTERDAY        0.12   2.04 1901   0.10   0.02      T
  MONTH TO DATE    1.24               2.11  -0.87     2.38
  SINCE JUN 1      2.77               5.27  -2.50     2.96
  SINCE JAN 1      7.40              13.32  -5.92     7.50

SNOWFALL (IN)
  YESTERDAY        0.0    0.0  2002   0.0    0.0      0.0
                               2001
                               1953
  MONTH TO DATE    0.0                0.0    0.0      0.0
  SINCE JUN 1      0.0                0.0    0.0      0.0
  SINCE JUL 1      0.0                0.0    0.0      0.0
  SNOW DEPTH       0

DEGREE DAYS
 HEATING
  YESTERDAY        0                  0      0        0
  MONTH TO DATE    0                  6     -6        1
  SINCE JUN 1     12                 94    -82        6
  SINCE JUL 1      0                  6     -6        1

 COOLING
  YESTERDAY        5                  9     -4        6
  MONTH TO DATE  375                221    154      260
  SINCE JUN 1    517                312    205      505
  SINCE JAN 1    530                330    200      511
...........................................................


WIND (MPH)
  HIGHEST GUST SPEED    38   HIGHEST GUST DIRECTION     S (170)



WEATHER CONDITIONS
 THE FOLLOWING WEATHER WAS RECORDED YESTERDAY.
  THUNDERSTORM
  LIGHT RAIN


..........................................................


THE EAST RAPID CITY SD CLIMATE NORMALS FOR TODAY
                         NORMAL    RECORD    YEAR
 MAXIMUM TEMPERATURE (F)   86       104      2006
 MINIMUM TEMPERATURE (F)   63        47      1971


SUNRISE AND SUNSET
JULY 28 2017..........SUNRISE   537 AM MDT   SUNSET   821 PM MDT
JULY 29 2017..........SUNRISE   538 AM MDT   SUNSET   820 PM MDT


-  INDICATES NEGATIVE NUMBERS.
R  INDICATES RECORD WAS SET OR TIED.
MM INDICATES DATA IS MISSING.
T  INDICATES TRACE AMOUNT.




$$
