000
CDUS43 KUNR 250834
CLIUNR


CLIMATE REPORT
NATIONAL WEATHER SERVICE RAPID CITY SD
233 AM MDT MON JUL 25 2016


...................................

...THE EAST RAPID CITY SD CLIMATE SUMMARY FOR JULY 24 2016...

CLIMATE NORMAL PERIOD 1981 TO 2010
CLIMATE RECORD PERIOD 1888 TO 2016


WEATHER ITEM   OBSERVED RECORD YEAR NORMAL DEPARTURE LAST
                VALUE   VALUE       VALUE  FROM      YEAR
                                           NORMAL
...........................................................
TEMPERATURE (F)
 YESTERDAY
  MAXIMUM         87    105    1952  86      1       87
  MINIMUM         60     46    1911  63     -3       66
  AVERAGE         74                 74      0       77

PRECIPITATION (IN)
  YESTERDAY        0.08   1.04 2005   0.09  -0.01     0.15
  MONTH TO DATE    2.36               1.83   0.53     2.27
  SINCE JUN 1      2.94               4.99  -2.05     9.14
  SINCE JAN 1      7.48              13.04  -5.56    18.50

SNOWFALL (IN)
  YESTERDAY        0.0    0.0  2002   0.0    0.0      0.0
                               2001
                               2000
  MONTH TO DATE    0.0                0.0    0.0      0.0
  SINCE JUN 1      0.0                0.0    0.0      0.0
  SINCE JUL 1      0.0                0.0    0.0      0.0
  SNOW DEPTH       0

DEGREE DAYS
 HEATING
  YESTERDAY        0                  0      0        0
  MONTH TO DATE    1                  6     -5        1
  SINCE JUN 1      6                 94    -88       34
  SINCE JUL 1      1                  6     -5        1

 COOLING
  YESTERDAY        9                  9      0       12
  MONTH TO DATE  231                194     37      164
  SINCE JUN 1    476                285    191      271
  SINCE JAN 1    482                303    179      279
...........................................................


WIND (MPH)
  HIGHEST GUST SPEED    26   HIGHEST GUST DIRECTION    SE (140)



WEATHER CONDITIONS
 THE FOLLOWING WEATHER WAS RECORDED YESTERDAY.
  THUNDERSTORM
  RAIN
  LIGHT RAIN


..........................................................


THE EAST RAPID CITY SD CLIMATE NORMALS FOR TODAY
                         NORMAL    RECORD    YEAR
 MAXIMUM TEMPERATURE (F)   86       105      1931
 MINIMUM TEMPERATURE (F)   63        46      1911


SUNRISE AND SUNSET
JULY 25 2016..........SUNRISE   534 AM MDT   SUNSET   824 PM MDT
JULY 26 2016..........SUNRISE   535 AM MDT   SUNSET   823 PM MDT


-  INDICATES NEGATIVE NUMBERS.
R  INDICATES RECORD WAS SET OR TIED.
MM INDICATES DATA IS MISSING.
T  INDICATES TRACE AMOUNT.




$$
