000
CDUS44 KCRP 300703
CLIVCT

CLIMATE REPORT
NATIONAL WEATHER SERVICE CORPUS CHRISTI TX
203 AM CDT WED JUL 30 2014


...................................

...THE VICTORIA CLIMATE SUMMARY FOR JULY 29 2014...

CLIMATE NORMAL PERIOD 1981 TO 2010
CLIMATE RECORD PERIOD 1893 TO 2014


WEATHER ITEM   OBSERVED TIME   RECORD YEAR NORMAL DEPARTURE LAST
                VALUE   (LST)  VALUE       VALUE  FROM      YEAR
                                                  NORMAL
..................................................................
TEMPERATURE (F)
 YESTERDAY
  MAXIMUM        101    357 PM 105    1912  95      6       95
  MINIMUM         75    641 AM  67    1994  74      1       78
  AVERAGE         88                        84      4       87

PRECIPITATION (IN)
  YESTERDAY        0.00          1.68 1991   0.11  -0.11     0.00
  MONTH TO DATE    2.37                      3.97  -1.60     3.53
  SINCE JUN 1      6.48                      8.43  -1.95     3.71
  SINCE JAN 1     17.76                     23.81  -6.05    13.09

SNOWFALL (IN)
  YESTERDAY        0.0
  MONTH TO DATE    0.0
  SINCE JUN 1      0.0
  SINCE JUL 1      0.0
  SNOW DEPTH       0

DEGREE DAYS
 HEATING
  YESTERDAY        0                         0      0        0
  MONTH TO DATE    0                         0      0        0
  SINCE JUN 1      0                         0      0        0
  SINCE JUL 1      0                         0      0        0

 COOLING
  YESTERDAY       23                        19      4       22
  MONTH TO DATE  593                       546     47      569
  SINCE JUN 1   1151                      1054     97     1161
  SINCE JAN 1   1801                      1713     88     1795
..................................................................


WIND (MPH)
  HIGHEST WIND SPEED    20   HIGHEST WIND DIRECTION    SE (150)
  HIGHEST GUST SPEED    24   HIGHEST GUST DIRECTION     S (160)
  AVERAGE WIND SPEED     5.8


SKY COVER
  POSSIBLE SUNSHINE  MM
  AVERAGE SKY COVER 0.2


WEATHER CONDITIONS
 THE FOLLOWING WEATHER WAS RECORDED YESTERDAY.
  FOG
  HAZE


RELATIVE HUMIDITY (PERCENT)
 HIGHEST   100           700 AM
 LOWEST     33           100 PM
 AVERAGE    67

..........................................................


THE VICTORIA CLIMATE NORMALS FOR TODAY
                         NORMAL    RECORD    YEAR
 MAXIMUM TEMPERATURE (F)   95       104      1914
 MINIMUM TEMPERATURE (F)   74        69      1994


SUNRISE AND SUNSET
JULY 30 2014..........SUNRISE   648 AM CDT   SUNSET   820 PM CDT
JULY 31 2014..........SUNRISE   648 AM CDT   SUNSET   820 PM CDT


-  INDICATES NEGATIVE NUMBERS.
R  INDICATES RECORD WAS SET OR TIED.
MM INDICATES DATA IS MISSING.
T  INDICATES TRACE AMOUNT.




$$
