000
CDUS44 KCRP 190842
CLIVCT

CLIMATE REPORT
NATIONAL WEATHER SERVICE CORPUS CHRISTI TX
341 AM CDT SAT APR 19 2014


...................................

...THE VICTORIA CLIMATE SUMMARY FOR APRIL 18 2014...

CLIMATE NORMAL PERIOD 1981 TO 2010
CLIMATE RECORD PERIOD 1893 TO 2014


WEATHER ITEM   OBSERVED TIME   RECORD YEAR NORMAL DEPARTURE LAST
                VALUE   (LST)  VALUE       VALUE  FROM      YEAR
                                                  NORMAL
..................................................................
TEMPERATURE (F)
 YESTERDAY
  MAXIMUM         82    348 PM  93    1920  81      1       75
  MINIMUM         59   1159 PM  42    1921  60     -1       55
  AVERAGE         71                        70      1       65

PRECIPITATION (IN)
  YESTERDAY        0.00          1.69 1976   0.09  -0.09     0.18
  MONTH TO DATE    0.38                      1.61  -1.23     0.41
  SINCE MAR 1      2.00                      4.38  -2.38     0.73
  SINCE JAN 1      3.66                      8.98  -5.32     4.82

SNOWFALL (IN)
  YESTERDAY        0.0
  MONTH TO DATE    0.0
  SINCE MAR 1      0.0
  SINCE JUL 1      T
  SNOW DEPTH       0

DEGREE DAYS
 HEATING
  YESTERDAY        0                         1     -1        0
  MONTH TO DATE   32                        25      7       28
  SINCE MAR 1    237                       150     87      178
  SINCE JUL 1   1490                      1243    247      993

 COOLING
  YESTERDAY        6                         6      0        0
  MONTH TO DATE   79                        88     -9       94
  SINCE MAR 1    131                       162    -31      167
  SINCE JAN 1    189                       200    -11      226
..................................................................


WIND (MPH)
  HIGHEST WIND SPEED    16   HIGHEST WIND DIRECTION    NE (40)
  HIGHEST GUST SPEED    23   HIGHEST GUST DIRECTION    NE (50)
  AVERAGE WIND SPEED     6.8


SKY COVER
  POSSIBLE SUNSHINE  MM
  AVERAGE SKY COVER 0.5


WEATHER CONDITIONS
 THE FOLLOWING WEATHER WAS RECORDED YESTERDAY.
  FOG


RELATIVE HUMIDITY (PERCENT)
 HIGHEST    97           300 AM
 LOWEST     42           300 PM
 AVERAGE    70

..........................................................


THE VICTORIA CLIMATE NORMALS FOR TODAY
                         NORMAL    RECORD    YEAR
 MAXIMUM TEMPERATURE (F)   81        93      2011
 MINIMUM TEMPERATURE (F)   60        44      1953
                                             1940


SUNRISE AND SUNSET
APRIL 19 2014.........SUNRISE   658 AM CDT   SUNSET   756 PM CDT
APRIL 20 2014.........SUNRISE   657 AM CDT   SUNSET   757 PM CDT


-  INDICATES NEGATIVE NUMBERS.
R  INDICATES RECORD WAS SET OR TIED.
MM INDICATES DATA IS MISSING.
T  INDICATES TRACE AMOUNT.




$$
