000
CDUS44 KCRP 230746
CLIVCT

CLIMATE REPORT
NATIONAL WEATHER SERVICE CORPUS CHRISTI TX
244 AM CDT SAT JUL 23 2016

...................................

...THE VICTORIA CLIMATE SUMMARY FOR JULY 22 2016...

CLIMATE NORMAL PERIOD 1981 TO 2010
CLIMATE RECORD PERIOD 1893 TO 2016

WEATHER ITEM   OBSERVED TIME   RECORD YEAR NORMAL DEPARTURE LAST
                VALUE   (LST)  VALUE       VALUE  FROM      YEAR
                                                  NORMAL
..................................................................
TEMPERATURE (F)
 YESTERDAY
  MAXIMUM        100    311 PM 102    2001  94      6       96
  MINIMUM         72    546 AM  70    1904  74     -2       77
  AVERAGE         86                        84      2       87

PRECIPITATION (IN)
  YESTERDAY        0.00          0.83 1987   0.12  -0.12     0.00
  MONTH TO DATE    0.04                      3.16  -3.12     0.18
  SINCE JUN 1      3.22                      7.62  -4.40     9.55
  SINCE JAN 1     23.44                     23.00   0.44    37.28

SNOWFALL (IN)
  YESTERDAY        0.0
  MONTH TO DATE    0.0
  SINCE JUN 1      0.0
  SINCE JUL 1      0.0
  SNOW DEPTH       0

DEGREE DAYS
 HEATING
  YESTERDAY        0                         0      0        0
  MONTH TO DATE    0                         0      0        0
  SINCE JUN 1      0                         0      0        0
  SINCE JUL 1      0                         0      0        0

 COOLING
  YESTERDAY       21                        19      2       22
  MONTH TO DATE  471                       413     58      423
  SINCE JUN 1   1001                       921     80      920
  SINCE JAN 1   1714                      1580    134     1620
..................................................................

WIND (MPH)
  HIGHEST WIND SPEED    18   HIGHEST WIND DIRECTION    SE (140)
  HIGHEST GUST SPEED    24   HIGHEST GUST DIRECTION     E (110)
  AVERAGE WIND SPEED     6.1

SKY COVER
  POSSIBLE SUNSHINE  MM
  AVERAGE SKY COVER 0.1

WEATHER CONDITIONS
 THE FOLLOWING WEATHER WAS RECORDED YESTERDAY.
  FOG

RELATIVE HUMIDITY (PERCENT)
 HIGHEST    94           100 AM
 LOWEST     35           300 PM
 AVERAGE    65

..........................................................

THE VICTORIA CLIMATE NORMALS FOR TODAY
                         NORMAL    RECORD    YEAR
 MAXIMUM TEMPERATURE (F)   94       102      1928
 MINIMUM TEMPERATURE (F)   74        65      1915

SUNRISE AND SUNSET
JULY 23 2016..........SUNRISE   644 AM CDT   SUNSET   824 PM CDT
JULY 24 2016..........SUNRISE   645 AM CDT   SUNSET   824 PM CDT

-  INDICATES NEGATIVE NUMBERS.
R  INDICATES RECORD WAS SET OR TIED.
MM INDICATES DATA IS MISSING.
T  INDICATES TRACE AMOUNT.

$$
