000
CDUS44 KCRP 270931
CLIVCT

CLIMATE REPORT
NATIONAL WEATHER SERVICE CORPUS CHRISTI TX
324 AM CST SAT DEC 27 2014


...................................

...THE VICTORIA CLIMATE SUMMARY FOR DECEMBER 26 2014...

CLIMATE NORMAL PERIOD 1981 TO 2010
CLIMATE RECORD PERIOD 1893 TO 2014


WEATHER ITEM   OBSERVED TIME   RECORD YEAR NORMAL DEPARTURE LAST
                VALUE   (LST)  VALUE       VALUE  FROM      YEAR
                                                  NORMAL
..................................................................
TEMPERATURE (F)
 YESTERDAY
  MAXIMUM         76    309 PM  83    1916  65     11       56
  MINIMUM         58   1236 AM  18    1983  43     15       49
  AVERAGE         67                        54     13       53

PRECIPITATION (IN)
  YESTERDAY        T             0.87 2000   0.08  -0.08     0.11
  MONTH TO DATE    1.62                      1.92  -0.30     0.38
  SINCE DEC 1      1.62                      1.92  -0.30     0.38
  SINCE JAN 1     29.60                     40.83 -11.23    25.49

SNOWFALL (IN)
  YESTERDAY        0.0
  MONTH TO DATE    0.0
  SINCE DEC 1      0.0
  SINCE JUL 1      0.0
  SNOW DEPTH       0

DEGREE DAYS
 HEATING
  YESTERDAY        0                        12    -12       12
  MONTH TO DATE  118                       272   -154      314
  SINCE DEC 1    118                       272   -154      314
  SINCE JUL 1    309                       435   -126      511

 COOLING
  YESTERDAY        2                         1      1        0
  MONTH TO DATE   26                        26      0       32
  SINCE DEC 1     26                        26      0       32
  SINCE JAN 1   3515                      3149    366     3434
..................................................................


WIND (MPH)
  HIGHEST WIND SPEED    25   HIGHEST WIND DIRECTION     S (170)
  HIGHEST GUST SPEED    32   HIGHEST GUST DIRECTION     S (160)
  AVERAGE WIND SPEED    10.8


SKY COVER
  POSSIBLE SUNSHINE  MM
  AVERAGE SKY COVER 1.0


WEATHER CONDITIONS
 THE FOLLOWING WEATHER WAS RECORDED YESTERDAY.
  LIGHT RAIN
  FOG


RELATIVE HUMIDITY (PERCENT)
 HIGHEST   100           800 PM
 LOWEST     74           300 PM
 AVERAGE    87

..........................................................


THE VICTORIA CLIMATE NORMALS FOR TODAY
                         NORMAL    RECORD    YEAR
 MAXIMUM TEMPERATURE (F)   65        83      2008
                                             1968
 MINIMUM TEMPERATURE (F)   43        30      2010


SUNRISE AND SUNSET
DECEMBER 27 2014......SUNRISE   719 AM CST   SUNSET   538 PM CST
DECEMBER 28 2014......SUNRISE   720 AM CST   SUNSET   539 PM CST


-  INDICATES NEGATIVE NUMBERS.
R  INDICATES RECORD WAS SET OR TIED.
MM INDICATES DATA IS MISSING.
T  INDICATES TRACE AMOUNT.

$$

CB
