633
CDUS44 KCRP 200110
CLIVCT

CLIMATE REPORT
NATIONAL WEATHER SERVICE CORPUS CHRISTI TX
709 PM CST MON FEB 19 2018


...................................

...THE VICTORIA CLIMATE SUMMARY FOR FEBRUARY 19 2018...
VALID TODAY AS OF 700 PM LOCAL TIME.

CLIMATE NORMAL PERIOD 1981 TO 2010
CLIMATE RECORD PERIOD 1893 TO 2018


WEATHER ITEM   OBSERVED TIME   RECORD YEAR NORMAL DEPARTURE LAST
                VALUE   (LST)  VALUE       VALUE  FROM      YEAR
                                                  NORMAL
..................................................................
TEMPERATURE (F)
 TODAY
  MAXIMUM         81   1232 PM  95    1986  69     12       77
  MINIMUM         70    751 AM  29    1978  47     23       71
                                      1927
  AVERAGE         76                        58     18       74

PRECIPITATION (IN)
  TODAY            0.00          0.44 1982   0.07  -0.07      T
  MONTH TO DATE    0.47                      1.40  -0.93     2.17
  SINCE DEC 1      3.03                      6.23  -3.20     8.94
  SINCE JAN 1      0.99                      3.92  -2.93     5.93

SNOWFALL (IN)
  TODAY            0.0
  MONTH TO DATE    0.0
  SINCE DEC 1      2.0
  SINCE JUL 1      2.0
  SNOW DEPTH       0

DEGREE DAYS
 HEATING
  TODAY            0                         8     -8        0
  MONTH TO DATE  139                       177    -38       42
  SINCE DEC 1    907                       866     41      470
  SINCE JUL 1   1025                      1029     -4      520

 COOLING
  TODAY           11                         1     10        9
  MONTH TO DATE   39                        19     20       97
  SINCE DEC 1     66                        60      6      225
  SINCE JAN 1     45                        33     12      168
..................................................................


WIND (MPH)
  HIGHEST WIND SPEED    33   HIGHEST WIND DIRECTION     S (170)
  HIGHEST GUST SPEED    42   HIGHEST GUST DIRECTION     S (170)


SKY COVER
  POSSIBLE SUNSHINE  MM
  AVERAGE SKY COVER 1.0


WEATHER CONDITIONS
 THE FOLLOWING WEATHER WAS RECORDED TODAY.
  FOG


RELATIVE HUMIDITY (PERCENT)
 HIGHEST    90          1200 AM
 LOWEST     62           100 PM
 AVERAGE    76

..........................................................


THE VICTORIA CLIMATE NORMALS FOR TOMORROW
                         NORMAL    RECORD    YEAR
 MAXIMUM TEMPERATURE (F)   69        88      1996
                                             1945
 MINIMUM TEMPERATURE (F)   47        27      1908


SUNRISE AND SUNSET
FEBRUARY 19 2018......SUNRISE   703 AM CST   SUNSET   621 PM CST
FEBRUARY 20 2018......SUNRISE   702 AM CST   SUNSET   621 PM CST


-  INDICATES NEGATIVE NUMBERS.
R  INDICATES RECORD WAS SET OR TIED.
MM INDICATES DATA IS MISSING.
T  INDICATES TRACE AMOUNT.




$$
