000
CDUS44 KCRP 040048 AAA
CLIVCT

CLIMATE REPORT...UPDATED
NATIONAL WEATHER SERVICE CORPUS CHRISTI TX
746 PM CDT TUE MAY 3 2016


...................................

...THE VICTORIA CLIMATE SUMMARY FOR MAY 3 2016...
VALID TODAY AS OF 0700 PM LOCAL TIME.

CLIMATE NORMAL PERIOD 1981 TO 2010
CLIMATE RECORD PERIOD 1893 TO 2016


WEATHER ITEM   OBSERVED TIME   RECORD YEAR NORMAL DEPARTURE LAST
                VALUE   (LST)  VALUE       VALUE  FROM      YEAR
                                                  NORMAL
..................................................................
TEMPERATURE (F)
 TODAY
  MAXIMUM         80    406 PM  99    1984  84     -4       84
  MINIMUM         58    615 AM  45    1929  64     -6       58
  AVERAGE         69                        74     -5       71

PRECIPITATION (IN)
  TODAY            0.00          2.69 1992   0.15  -0.15     0.00
  MONTH TO DATE    T                         0.45  -0.45     0.00
  SINCE MAR 1      8.91                      6.04   2.87    15.18
  SINCE JAN 1     13.85                     10.64   3.21    19.23

SNOWFALL (IN)
  TODAY            0.0
  MONTH TO DATE    0.0
  SINCE MAR 1      0.0
  SINCE JUL 1      0.0
  SNOW DEPTH       0

DEGREE DAYS
 HEATING
  TODAY            0                         0      0        0
  MONTH TO DATE    0                         0      0        0
  SINCE MAR 1     63                       155    -92      140
  SINCE JUL 1    913                      1248   -335     1220

 COOLING
  TODAY            4                         9     -5        6
  MONTH TO DATE   22                        27     -5       15
  SINCE MAR 1    338                       278     60      307
  SINCE JAN 1    373                       316     57      322
..................................................................


WIND (MPH)
  HIGHEST WIND SPEED    17   HIGHEST WIND DIRECTION     N (20)
  HIGHEST GUST SPEED    23   HIGHEST GUST DIRECTION    NE (40)


SKY COVER
  POSSIBLE SUNSHINE  MM
  AVERAGE SKY COVER 0.4


WEATHER CONDITIONS
 THE FOLLOWING WEATHER WAS RECORDED TODAY.
  NO SIGNIFICANT WEATHER WAS OBSERVED.


RELATIVE HUMIDITY (PERCENT)
 HIGHEST    80           600 AM
 LOWEST     35           200 PM
 AVERAGE    58

..........................................................


THE VICTORIA CLIMATE NORMALS FOR TOMORROW
                         NORMAL    RECORD    YEAR
 MAXIMUM TEMPERATURE (F)   84        95      1951
 MINIMUM TEMPERATURE (F)   65        45      1954


SUNRISE AND SUNSET
MAY  3 2016...........SUNRISE   644 AM CDT   SUNSET   805 PM CDT
MAY  4 2016...........SUNRISE   644 AM CDT   SUNSET   805 PM CDT


-  INDICATES NEGATIVE NUMBERS.
R  INDICATES RECORD WAS SET OR TIED.
MM INDICATES DATA IS MISSING.
T  INDICATES TRACE AMOUNT.

$$

GW
