000
CDUS44 KCRP 180817
CLIVCT

CLIMATE REPORT
NATIONAL WEATHER SERVICE CORPUS CHRISTI TX
312 AM CDT WED OCT 18 2017


...................................

...THE VICTORIA CLIMATE SUMMARY FOR OCTOBER 17 2017...

CLIMATE NORMAL PERIOD 1981 TO 2010
CLIMATE RECORD PERIOD 1893 TO 2017


WEATHER ITEM   OBSERVED TIME   RECORD YEAR NORMAL DEPARTURE LAST
                VALUE   (LST)  VALUE       VALUE  FROM      YEAR
                                                  NORMAL
..................................................................
TEMPERATURE (F)
 YESTERDAY
  MAXIMUM         81    312 PM 100    1926  83     -2       93
  MINIMUM         49    650 AM  45    2001  61    -12       71
  AVERAGE         65                        72     -7       82

PRECIPITATION (IN)
  YESTERDAY        0.00          4.18 1971   0.17  -0.17     0.00
  MONTH TO DATE    0.06                      2.55  -2.49     0.01
  SINCE SEP 1      3.18                      6.71  -3.53     2.56
  SINCE JAN 1     43.58                     33.58  10.00    32.14

SNOWFALL (IN)
  YESTERDAY        0.0
  MONTH TO DATE    0.0
  SINCE SEP 1      0.0
  SINCE JUL 1      0.0
  SNOW DEPTH       0

DEGREE DAYS
 HEATING
  YESTERDAY        0                         1     -1        0
  MONTH TO DATE    0                         2     -2        0
  SINCE SEP 1      0                         3     -3        0
  SINCE JUL 1      0                         3     -3        0

 COOLING
  YESTERDAY        0                         8     -8       17
  MONTH TO DATE  210                       158     52      196
  SINCE SEP 1    662                       603     59      697
  SINCE JAN 1   3495                      2956    539     3184
..................................................................


WIND (MPH)
  HIGHEST WIND SPEED    13   HIGHEST WIND DIRECTION    NE (40)
  HIGHEST GUST SPEED    15   HIGHEST GUST DIRECTION     N (360)
  AVERAGE WIND SPEED     6.2


SKY COVER
  POSSIBLE SUNSHINE  MM
  AVERAGE SKY COVER 0.0


WEATHER CONDITIONS
 THE FOLLOWING WEATHER WAS RECORDED YESTERDAY.
  NO SIGNIFICANT WEATHER WAS OBSERVED.


RELATIVE HUMIDITY (PERCENT)
 HIGHEST    89          1100 PM
 LOWEST     28           300 PM
 AVERAGE    59

..........................................................


THE VICTORIA CLIMATE NORMALS FOR TODAY
                         NORMAL    RECORD    YEAR
 MAXIMUM TEMPERATURE (F)   83       101      1926
 MINIMUM TEMPERATURE (F)   60        46      1903


SUNRISE AND SUNSET
OCTOBER 18 2017.......SUNRISE   731 AM CDT   SUNSET   654 PM CDT
OCTOBER 19 2017.......SUNRISE   731 AM CDT   SUNSET   653 PM CDT


-  INDICATES NEGATIVE NUMBERS.
R  INDICATES RECORD WAS SET OR TIED.
MM INDICATES DATA IS MISSING.
T  INDICATES TRACE AMOUNT.




$$
