000
CDUS44 KCRP 062327 RRA
CLIVCT

CLIMATE REPORT
NATIONAL WEATHER SERVICE CORPUS CHRISTI TX
627 PM CDT MON JUL 6 2015

...................................

...THE VICTORIA CLIMATE SUMMARY FOR JULY 6 2015...
VALID TODAY AS OF 627 PM LOCAL TIME.

CLIMATE NORMAL PERIOD 1981 TO 2010
CLIMATE RECORD PERIOD 1893 TO 2015


WEATHER ITEM   OBSERVED TIME   RECORD YEAR NORMAL DEPARTURE LAST
                VALUE   (LST)  VALUE       VALUE  FROM      YEAR
                                                  NORMAL
..................................................................
TEMPERATURE (F)
 TODAY
  MAXIMUM         91    244 PM 103    2005  93     -2       93
                                      1914
  MINIMUM         77    308 AM  67    1924  74      3       73
                                      1918
  AVERAGE         84                        84      0       83

PRECIPITATION (IN)
  TODAY            T             1.09 1981   0.15  -0.15     0.00
  MONTH TO DATE    0.17                      0.92  -0.75     2.32
  SINCE JUN 1      9.54                      5.38   4.16     6.43
  SINCE JAN 1     37.27                     20.76  16.51    17.71

SNOWFALL (IN)
  TODAY            0.0
  MONTH TO DATE    0.0
  SINCE JUN 1      0.0
  SINCE JUL 1      0.0
  SNOW DEPTH       0

DEGREE DAYS
 HEATING
  TODAY            0                         0      0        0
  MONTH TO DATE    0                         0      0        0
  SINCE JUN 1      0                         0      0        0
  SINCE JUL 1      0                         0      0        0

 COOLING
  TODAY           19                        19      0       18
  MONTH TO DATE  107                       109     -2      115
  SINCE JUN 1    604                       617    -13      673
  SINCE JAN 1   1304                      1276     28     1323
..................................................................


WIND (MPH)
  HIGHEST WIND SPEED    25   HIGHEST WIND DIRECTION    SE (150)
  HIGHEST GUST SPEED    33   HIGHEST GUST DIRECTION     S (160)


SKY COVER
  POSSIBLE SUNSHINE  MM
  AVERAGE SKY COVER 0.7


WEATHER CONDITIONS
 THE FOLLOWING WEATHER WAS RECORDED TODAY.
  LIGHT RAIN
  FOG
  HAZE


RELATIVE HUMIDITY (PERCENT)
 HIGHEST   100          1200 AM
 LOWEST     59          1100 AM
 AVERAGE    80

..........................................................


THE VICTORIA CLIMATE NORMALS FOR TOMORROW
                         NORMAL    RECORD    YEAR
 MAXIMUM TEMPERATURE (F)   93       105      1914
 MINIMUM TEMPERATURE (F)   74        66      1924


SUNRISE AND SUNSET
JULY  6 2015..........SUNRISE   635 AM CDT   SUNSET   830 PM CDT
JULY  7 2015..........SUNRISE   635 AM CDT   SUNSET   830 PM CDT


-  INDICATES NEGATIVE NUMBERS.
R  INDICATES RECORD WAS SET OR TIED.
MM INDICATES DATA IS MISSING.
T  INDICATES TRACE AMOUNT.




$$
