000
CDUS44 KCRP 261029 CCA
CLIVCT

CLIMATE REPORT...CORRECTION
NATIONAL WEATHER SERVICE CORPUS CHRISTI TX
428 AM CST SUN FEB 26 2017

...................................

...THE VICTORIA CLIMATE SUMMARY FOR FEBRUARY 25 2017...

CLIMATE NORMAL PERIOD 1981 TO 2010
CLIMATE RECORD PERIOD 1893 TO 2017


WEATHER ITEM   OBSERVED TIME   RECORD YEAR NORMAL DEPARTURE LAST
                VALUE   (LST)  VALUE       VALUE  FROM      YEAR
                                                  NORMAL
..................................................................
TEMPERATURE (F)
 YESTERDAY
  MAXIMUM         69    429 PM  93    1926  70     -1       74
                                      1918
  MINIMUM         47    719 AM  24    1960  49     -2       40
  AVERAGE         58                        59     -1       57

PRECIPITATION (IN)
  YESTERDAY        0.00          2.04 1982   0.07  -0.07     0.00
  MONTH TO DATE    4.83                      1.83   3.00     1.79
  SINCE DEC 1     11.60                      6.66   4.94     6.54
  SINCE JAN 1      8.59                      4.35   4.24     4.94

SNOWFALL (IN)
  YESTERDAY        0.0
  MONTH TO DATE    0.0
  SINCE DEC 1      0.0
  SINCE JUL 1      0.0
  SNOW DEPTH       0

DEGREE DAYS
 HEATING
  YESTERDAY        7                         7      0        8
  MONTH TO DATE   49                       221   -172      150
  SINCE DEC 1    477                       910   -433      730
  SINCE JUL 1    527                      1073   -546      828

 COOLING
  YESTERDAY        0                         1     -1        0
  MONTH TO DATE  112                        25     87       24
  SINCE DEC 1    240                        66    174       85
  SINCE JAN 1    183                        39    144       29
..................................................................


WIND (MPH)
  HIGHEST WIND SPEED    24   HIGHEST WIND DIRECTION    NE (30)
  HIGHEST GUST SPEED    29   HIGHEST GUST DIRECTION    NE (30)
  AVERAGE WIND SPEED     9.3


SKY COVER
  POSSIBLE SUNSHINE  MM
  AVERAGE SKY COVER 0.0


WEATHER CONDITIONS
 THE FOLLOWING WEATHER WAS RECORDED YESTERDAY.
  NO SIGNIFICANT WEATHER WAS OBSERVED.


RELATIVE HUMIDITY (PERCENT)
 HIGHEST    83          1100 PM
 LOWEST     30           300 PM
 AVERAGE    57

..........................................................


THE VICTORIA CLIMATE NORMALS FOR TODAY
                         NORMAL    RECORD    YEAR
 MAXIMUM TEMPERATURE (F)   70        89      1944
 MINIMUM TEMPERATURE (F)   49        27      2002


SUNRISE AND SUNSET
FEBRUARY 26 2017......SUNRISE   656 AM CST   SUNSET   626 PM CST
FEBRUARY 27 2017......SUNRISE   655 AM CST   SUNSET   626 PM CST


-  INDICATES NEGATIVE NUMBERS.
R  INDICATES RECORD WAS SET OR TIED.
MM INDICATES DATA IS MISSING.
T  INDICATES TRACE AMOUNT.




$$
