000
CDUS44 KCRP 130032
CLIVCT

CLIMATE REPORT
NATIONAL WEATHER SERVICE CORPUS CHRISTI TX
630 PM CST TUE DEC 12 2017


...................................

...THE VICTORIA CLIMATE SUMMARY FOR DECEMBER 12 2017...
VALID TODAY AS OF 600 PM LOCAL TIME.

CLIMATE NORMAL PERIOD 1981 TO 2010
CLIMATE RECORD PERIOD 1893 TO 2017


WEATHER ITEM   OBSERVED TIME   RECORD YEAR NORMAL DEPARTURE LAST
                VALUE   (LST)  VALUE       VALUE  FROM      YEAR
                                                  NORMAL
..................................................................
TEMPERATURE (F)
 TODAY
  MAXIMUM         68    205 PM  86    1939  67      1       66
  MINIMUM         40    610 AM  22    1957  45     -5       59
  AVERAGE         54                        56     -2       63

PRECIPITATION (IN)
  TODAY            0.00          1.32 1947   0.07  -0.07     0.00
  MONTH TO DATE    1.65                      0.93   0.72     2.64
  SINCE DEC 1      1.65                      0.93   0.72     2.64
  SINCE JAN 1     46.23                     39.84   6.39    38.88

SNOWFALL (IN)
  TODAY            0.0
  MONTH TO DATE    2.0
  SINCE DEC 1      2.0
  SINCE JUL 1      2.0
  SNOW DEPTH       0

DEGREE DAYS
 HEATING
  TODAY           11                        10      1        2
  MONTH TO DATE  121                       112      9      116
  SINCE DEC 1    121                       112      9      116
  SINCE JUL 1    239                       275    -36      166

 COOLING
  TODAY            0                         1     -1        0
  MONTH TO DATE   14                        12      2        2
  SINCE DEC 1     14                        12      2        2
  SINCE JAN 1   3695                      3135    560     3429
..................................................................


WIND (MPH)
  HIGHEST WIND SPEED    20   HIGHEST WIND DIRECTION    NE (30)
  HIGHEST GUST SPEED    25   HIGHEST GUST DIRECTION     N (10)


SKY COVER
  POSSIBLE SUNSHINE  MM
  AVERAGE SKY COVER 0.0


WEATHER CONDITIONS
 THE FOLLOWING WEATHER WAS RECORDED TODAY.
  NO SIGNIFICANT WEATHER WAS OBSERVED.


RELATIVE HUMIDITY (PERCENT)
 HIGHEST    86           500 AM
 LOWEST     20           400 PM
 AVERAGE    53

..........................................................


THE VICTORIA CLIMATE NORMALS FOR TOMORROW
                         NORMAL    RECORD    YEAR
 MAXIMUM TEMPERATURE (F)   66        85      1921
 MINIMUM TEMPERATURE (F)   44        25      1989


SUNRISE AND SUNSET
DECEMBER 12 2017......SUNRISE   712 AM CST   SUNSET   531 PM CST
DECEMBER 13 2017......SUNRISE   712 AM CST   SUNSET   532 PM CST


-  INDICATES NEGATIVE NUMBERS.
R  INDICATES RECORD WAS SET OR TIED.
MM INDICATES DATA IS MISSING.
T  INDICATES TRACE AMOUNT.




$$
