873
CDUS45 KGJT 250727
CLIVEL


CLIMATE REPORT
NATIONAL WEATHER SERVICE GRAND JUNCTION CO
126 AM MDT MON SEP 25 2017


...................................

...THE VERNAL UT CLIMATE SUMMARY FOR SEPTEMBER 24 2017...

CLIMATE NORMAL PERIOD 1981 TO 2010
CLIMATE RECORD PERIOD 9999 TO 9999


WEATHER ITEM   OBSERVED TIME   RECORD YEAR NORMAL DEPARTURE LAST
                VALUE   (LST)  VALUE       VALUE  FROM      YEAR
                                                  NORMAL
..................................................................
TEMPERATURE (F)
 YESTERDAY
  MAXIMUM         52   1113 AM  MM      MM  71    -19       59
  MINIMUM         38   1127 PM  MM      MM  43     -5       43
  AVERAGE         45                        57    -12       51

PRECIPITATION (IN)
  YESTERDAY        0.34         MM      MM   0.04   0.30     0.03
  MONTH TO DATE    1.24                      0.84   0.40     4.00
  SINCE SEP 1      1.24                      0.84   0.40     4.00
  SINCE JAN 1      6.80                      6.45   0.35    10.80

SNOWFALL (IN)
  YESTERDAY       MM            MM      MM    MM   MM       MM
  MONTH TO DATE   MM                          MM   MM       MM
  SINCE SEP 1     MM                          MM   MM       MM
  SINCE JUL 1     MM                          MM   MM       MM
  SNOW DEPTH      MM

DEGREE DAYS
 HEATING
  YESTERDAY       20                         8     12       14
  MONTH TO DATE   81                       108    -27       87
  SINCE SEP 1     81                       108    -27       87
  SINCE JUL 1     81                       124    -43       97

 COOLING
  YESTERDAY        0                         0      0        0
  MONTH TO DATE   92                        20     72       26
  SINCE SEP 1     92                        20     72       26
  SINCE JAN 1    891                       509    382      735
..................................................................


WIND (MPH)
  HIGHEST WIND SPEED    21   HIGHEST WIND DIRECTION     W (280)
  HIGHEST GUST SPEED    25   HIGHEST GUST DIRECTION    SW (240)
  AVERAGE WIND SPEED     5.0


SKY COVER
  POSSIBLE SUNSHINE  MM
  AVERAGE SKY COVER 0.7


WEATHER CONDITIONS
 THE FOLLOWING WEATHER WAS RECORDED YESTERDAY.
  THUNDERSTORM
  RAIN
  LIGHT RAIN
  FOG


RELATIVE HUMIDITY (PERCENT)
 HIGHEST    86           700 AM
 LOWEST     56          1200 PM
 AVERAGE    71

..........................................................


THE VERNAL UT CLIMATE NORMALS FOR TODAY
                         NORMAL    RECORD    YEAR
 MAXIMUM TEMPERATURE (F)   71        MM        MM
 MINIMUM TEMPERATURE (F)   42        MM        MM


SUNRISE AND SUNSET
SEPTEMBER 25 2017.....SUNRISE   709 AM MDT   SUNSET   710 PM MDT
SEPTEMBER 26 2017.....SUNRISE   710 AM MDT   SUNSET   708 PM MDT


-  INDICATES NEGATIVE NUMBERS.
R  INDICATES RECORD WAS SET OR TIED.
MM INDICATES DATA IS MISSING.
T  INDICATES TRACE AMOUNT.




$$
