000
CDUS45 KGJT 210805
CLIVEL


CLIMATE REPORT
NATIONAL WEATHER SERVICE GRAND JUNCTION CO
103 AM MST SUN DEC 21 2014


...................................

...THE VERNAL UT CLIMATE SUMMARY FOR DECEMBER 20 2014...

CLIMATE NORMAL PERIOD 1981 TO 2010
CLIMATE RECORD PERIOD 9999 TO 9999


WEATHER ITEM   OBSERVED TIME   RECORD YEAR NORMAL DEPARTURE LAST
                VALUE   (LST)  VALUE       VALUE  FROM      YEAR
                                                  NORMAL
..................................................................
TEMPERATURE (F)
 YESTERDAY
  MAXIMUM         32    124 PM  MM      MM  29      3       29
  MINIMUM         21    624 AM  MM      MM  12      9       13
  AVERAGE         27                        20      7       21

PRECIPITATION (IN)
  YESTERDAY        T            MM      MM   0.03  -0.03      T
  MONTH TO DATE    0.25                      0.40  -0.15     0.85
  SINCE DEC 1      0.25                      0.40  -0.15     0.85
  SINCE JAN 1     10.12                      9.07   1.05     9.47

SNOWFALL (IN)
  YESTERDAY       MM            MM      MM   0.3   MM       MM
  MONTH TO DATE   MM                         3.4   MM       MM
  SINCE DEC 1     MM                         3.4   MM       MM
  SINCE JUL 1     MM                         5.0   MM       MM
  SNOW DEPTH      MM

DEGREE DAYS
 HEATING
  YESTERDAY       38                        45     -7       44
  MONTH TO DATE  640                       841   -201     1158
  SINCE DEC 1    640                       841   -201     1158
  SINCE JUL 1   2123                      2472   -349     2829

 COOLING
  YESTERDAY        0                         0      0        0
  MONTH TO DATE    0                         0      0        0
  SINCE DEC 1      0                         0      0        0
  SINCE JAN 1    621                       511    110      787
..................................................................


WIND (MPH)
  HIGHEST WIND SPEED     8   HIGHEST WIND DIRECTION     E (90)
  HIGHEST GUST SPEED     9   HIGHEST GUST DIRECTION     E (90)
  AVERAGE WIND SPEED     1.4


SKY COVER
  POSSIBLE SUNSHINE  MM
  AVERAGE SKY COVER 0.9


WEATHER CONDITIONS
 THE FOLLOWING WEATHER WAS RECORDED YESTERDAY.
  LIGHT SNOW
  FOG


RELATIVE HUMIDITY (PERCENT)
 HIGHEST    92           600 AM
 LOWEST     66           100 PM
 AVERAGE    79

..........................................................


THE VERNAL UT CLIMATE NORMALS FOR TODAY
                         NORMAL    RECORD    YEAR
 MAXIMUM TEMPERATURE (F)   29        MM        MM
 MINIMUM TEMPERATURE (F)   12        MM        MM


SUNRISE AND SUNSET
DECEMBER 21 2014......SUNRISE   738 AM MST   SUNSET   455 PM MST
DECEMBER 22 2014......SUNRISE   738 AM MST   SUNSET   455 PM MST


-  INDICATES NEGATIVE NUMBERS.
R  INDICATES RECORD WAS SET OR TIED.
MM INDICATES DATA IS MISSING.
T  INDICATES TRACE AMOUNT.




$$
