000
CDUS45 KGJT 262329
CLIVEL


CLIMATE REPORT
NATIONAL WEATHER SERVICE GRAND JUNCTION CO
527 PM MDT THU MAR 26 2015


...................................

...THE VERNAL UT CLIMATE SUMMARY FOR MARCH 26 2015...
VALID TODAY AS OF 0500 PM LOCAL TIME.

CLIMATE NORMAL PERIOD 1981 TO 2010
CLIMATE RECORD PERIOD 9999 TO 9999


WEATHER ITEM   OBSERVED TIME   RECORD YEAR NORMAL DEPARTURE LAST
                VALUE   (LST)  VALUE       VALUE  FROM      YEAR
                                                  NORMAL
..................................................................
TEMPERATURE (F)
 TODAY
  MAXIMUM         61    359 PM  MM      MM  53      8       55
  MINIMUM         27    605 AM  MM      MM  29     -2       35
  AVERAGE         44                        41      3       45

PRECIPITATION (IN)
  TODAY            0.00         MM      MM   0.02  -0.02     0.03
  MONTH TO DATE    0.78                      0.56   0.22     0.54
  SINCE MAR 1      0.78                      0.56   0.22     0.54
  SINCE JAN 1      1.04                      1.58  -0.54     0.95

SNOWFALL (IN)
  TODAY           MM            MM      MM   0.1   MM       MM
  MONTH TO DATE   MM                         1.3   MM       MM
  SINCE MAR 1     MM                         1.3   MM       MM
  SINCE JUL 1     MM                        17.2   MM       MM
  SNOW DEPTH      MM

DEGREE DAYS
 HEATING
  TODAY           21                        24     -3       20
  MONTH TO DATE  572                       725   -153      634
  SINCE MAR 1    572                       725   -153      634
  SINCE JUL 1   5125                      6216  -1091     6441

 COOLING
  TODAY            0                         0      0        0
  MONTH TO DATE    0                         0      0        0
  SINCE MAR 1      0                         0      0        0
  SINCE JAN 1      0                         0      0        0
..................................................................


WIND (MPH)
  HIGHEST WIND SPEED    13   HIGHEST WIND DIRECTION    SE (150)
  HIGHEST GUST SPEED    16   HIGHEST GUST DIRECTION    SE (140)
  AVERAGE WIND SPEED     4.3


SKY COVER
  POSSIBLE SUNSHINE  MM
  AVERAGE SKY COVER 0.0


WEATHER CONDITIONS
 THE FOLLOWING WEATHER WAS RECORDED TODAY.
  NO SIGNIFICANT WEATHER WAS OBSERVED.


RELATIVE HUMIDITY (PERCENT)
 HIGHEST    63           600 AM
 LOWEST     19           300 PM
 AVERAGE    41

..........................................................


THE VERNAL UT CLIMATE NORMALS FOR TOMORROW
                         NORMAL    RECORD    YEAR
 MAXIMUM TEMPERATURE (F)   54        MM        MM
 MINIMUM TEMPERATURE (F)   29        MM        MM


SUNRISE AND SUNSET
MARCH 26 2015.........SUNRISE   712 AM MDT   SUNSET   736 PM MDT
MARCH 27 2015.........SUNRISE   710 AM MDT   SUNSET   737 PM MDT


-  INDICATES NEGATIVE NUMBERS.
R  INDICATES RECORD WAS SET OR TIED.
MM INDICATES DATA IS MISSING.
T  INDICATES TRACE AMOUNT.




$$
