000
CDUS43 KSGF 102325
CLIVIH


CLIMATE REPORT
NATIONAL WEATHER SERVICE SPRINGFIELD MO
525 PM CST SUN DEC 10 2017


...................................

...THE VICHY-ROLLA MO CLIMATE SUMMARY FOR DECEMBER 10 2017...
VALID TODAY AS OF 0500 PM LOCAL TIME.

CLIMATE NORMAL PERIOD 1981 TO 2010
CLIMATE RECORD PERIOD 1888 TO 2017


WEATHER ITEM   OBSERVED TIME   RECORD YEAR NORMAL DEPARTURE LAST
                VALUE   (LST)  VALUE       VALUE  FROM      YEAR
                                                  NORMAL
..................................................................
TEMPERATURE (F)
 TODAY
  MAXIMUM         53    322 PM  70    1996  44      9       35
  MINIMUM         19    141 AM  -1    1995  26     -7       22
  AVERAGE         36                        35      1       29

PRECIPITATION (IN)
  TODAY            0.00          1.55 1971   0.10  -0.10     0.00
  MONTH TO DATE    0.17                      1.01  -0.84     0.22
  SINCE DEC 1      0.17                      1.01  -0.84     0.22
  SINCE JAN 1     42.12                     41.98   0.14    40.28

DEGREE DAYS
 HEATING
  TODAY           29                        30     -1       36
  MONTH TO DATE  259                       286    -27      333
  SINCE DEC 1    259                       286    -27      333
  SINCE JUL 1   1011                      1233   -222      961

 COOLING
  TODAY            0                         0      0        0
  MONTH TO DATE    0                         0      0        0
  SINCE DEC 1      0                         0      0        0
  SINCE JAN 1   1247                      1246      1     1482
..................................................................


WIND (MPH)
  HIGHEST WIND SPEED    20   HIGHEST WIND DIRECTION     W (290)
  HIGHEST GUST SPEED    26   HIGHEST GUST DIRECTION    SW (230)


SKY COVER
  AVERAGE SKY COVER 0.0


WEATHER CONDITIONS
 THE FOLLOWING WEATHER WAS RECORDED TODAY.
  NO SIGNIFICANT WEATHER WAS OBSERVED.


RELATIVE HUMIDITY (PERCENT)
 HIGHEST    84          1200 AM
 LOWEST     32           200 PM
 AVERAGE    58

..........................................................


THE VICHY-ROLLA MO CLIMATE NORMALS FOR TOMORROW
                         NORMAL    RECORD    YEAR
 MAXIMUM TEMPERATURE (F)   44        75      1949
 MINIMUM TEMPERATURE (F)   25        -5      1962


SUNRISE AND SUNSET
DECEMBER 10 2017......SUNRISE   713 AM CST   SUNSET   447 PM CST
DECEMBER 11 2017......SUNRISE   714 AM CST   SUNSET   447 PM CST


-  INDICATES NEGATIVE NUMBERS.
R  INDICATES RECORD WAS SET OR TIED.
MM INDICATES DATA IS MISSING.
T  INDICATES TRACE AMOUNT.




$$
