000
CDUS43 KSGF 300636
CLIVIH


CLIMATE REPORT
NATIONAL WEATHER SERVICE SPRINGFIELD MO
136 AM CDT SUN AUG 30 2015


...................................

...THE VICHY-ROLLA MO CLIMATE SUMMARY FOR AUGUST 29 2015...

CLIMATE NORMAL PERIOD 1981 TO 2010
CLIMATE RECORD PERIOD 1888 TO 2015


WEATHER ITEM   OBSERVED TIME   RECORD YEAR NORMAL DEPARTURE LAST
                VALUE   (LST)  VALUE       VALUE  FROM      YEAR
                                                  NORMAL
..................................................................
TEMPERATURE (F)
 YESTERDAY
  MAXIMUM         83    317 PM 100    1901  85     -2       92
  MINIMUM         65    746 AM  49    1965  63      2       69
  AVERAGE         74                        74      0       81

PRECIPITATION (IN)
  YESTERDAY        0.15          1.57 1975   0.13   0.02     0.10
  MONTH TO DATE    2.39                      3.43  -1.04     3.19
  SINCE JUN 1     15.24                     12.50   2.74     6.61
  SINCE JAN 1     29.26                     29.31  -0.05    16.23

DEGREE DAYS
 HEATING
  YESTERDAY        0                         0      0        0
  MONTH TO DATE    2                         0      2        0
  SINCE JUN 1     17                        15      2        4
  SINCE JUL 1      2                         1      1        3

 COOLING
  YESTERDAY        9                         9      0       16
  MONTH TO DATE  229                       336   -107      367
  SINCE JUN 1    880                       953    -73      866
  SINCE JAN 1    987                      1060    -73     1013
..................................................................


WIND (MPH)
  HIGHEST WIND SPEED    15   HIGHEST WIND DIRECTION    SW (220)
  HIGHEST GUST SPEED    19   HIGHEST GUST DIRECTION     S (180)
  AVERAGE WIND SPEED     9.1


SKY COVER
  AVERAGE SKY COVER 0.7


WEATHER CONDITIONS
 THE FOLLOWING WEATHER WAS RECORDED YESTERDAY.
  THUNDERSTORM
  HEAVY RAIN
  LIGHT RAIN
  FOG


RELATIVE HUMIDITY (PERCENT)
 HIGHEST    93           800 AM
 LOWEST     62           500 PM
 AVERAGE    78

..........................................................


THE VICHY-ROLLA MO CLIMATE NORMALS FOR TODAY
                         NORMAL    RECORD    YEAR
 MAXIMUM TEMPERATURE (F)   85        99      2000
                                             1901
 MINIMUM TEMPERATURE (F)   63        50      2009


SUNRISE AND SUNSET
AUGUST 30 2015........SUNRISE   635 AM CDT   SUNSET   740 PM CDT
AUGUST 31 2015........SUNRISE   636 AM CDT   SUNSET   738 PM CDT


-  INDICATES NEGATIVE NUMBERS.
R  INDICATES RECORD WAS SET OR TIED.
MM INDICATES DATA IS MISSING.
T  INDICATES TRACE AMOUNT.




$$
