000
CDUS43 KSGF 250627
CLIVIH


CLIMATE REPORT
NATIONAL WEATHER SERVICE SPRINGFIELD MO
127 AM CDT FRI JUL 25 2014


...................................

...THE VICHY-ROLLA MO CLIMATE SUMMARY FOR JULY 24 2014...

CLIMATE NORMAL PERIOD 1981 TO 2010
CLIMATE RECORD PERIOD 1888 TO 2014


WEATHER ITEM   OBSERVED TIME   RECORD YEAR NORMAL DEPARTURE LAST
                VALUE   (LST)  VALUE       VALUE  FROM      YEAR
                                                  NORMAL
..................................................................
TEMPERATURE (F)
 YESTERDAY
  MAXIMUM         83    232 PM 103    2005  89     -6       81
  MINIMUM         60    513 AM  53    2003  67     -7       64
  AVERAGE         72                        78     -6       73

PRECIPITATION (IN)
  YESTERDAY        0.00          2.23 2004   0.15  -0.15     0.00
  MONTH TO DATE    0.11                      3.47  -3.36     2.80
  SINCE JUN 1      3.42                      8.10  -4.68     6.59
  SINCE JAN 1     13.04                     24.91 -11.87    27.89

DEGREE DAYS
 HEATING
  YESTERDAY        0                         0      0        0
  MONTH TO DATE    3                         0      3        0
  SINCE JUN 1      4                        14    -10       17
  SINCE JUL 1      3                         0      3        0

 COOLING
  YESTERDAY        7                        13     -6        8
  MONTH TO DATE  177                       293   -116      256
  SINCE JUN 1    435                       528    -93      473
  SINCE JAN 1    582                       635    -53      580
..................................................................


WIND (MPH)
  HIGHEST WIND SPEED    15   HIGHEST WIND DIRECTION    NE (30)
  HIGHEST GUST SPEED    20   HIGHEST GUST DIRECTION    NE (60)
  AVERAGE WIND SPEED     6.3


SKY COVER
  AVERAGE SKY COVER 0.0


WEATHER CONDITIONS
 THE FOLLOWING WEATHER WAS RECORDED YESTERDAY.
  NO SIGNIFICANT WEATHER WAS OBSERVED.


RELATIVE HUMIDITY (PERCENT)
 HIGHEST    90           200 AM
 LOWEST     33           400 PM
 AVERAGE    62

..........................................................


THE VICHY-ROLLA MO CLIMATE NORMALS FOR TODAY
                         NORMAL    RECORD    YEAR
 MAXIMUM TEMPERATURE (F)   89       104      1999
 MINIMUM TEMPERATURE (F)   67        50      1905


SUNRISE AND SUNSET
JULY 25 2014..........SUNRISE   604 AM CDT   SUNSET   823 PM CDT
JULY 26 2014..........SUNRISE   605 AM CDT   SUNSET   822 PM CDT


-  INDICATES NEGATIVE NUMBERS.
R  INDICATES RECORD WAS SET OR TIED.
MM INDICATES DATA IS MISSING.
T  INDICATES TRACE AMOUNT.




$$
